{"id":26138,"date":"2026-09-01T20:16:38","date_gmt":"2026-09-01T18:16:38","guid":{"rendered":"https:\/\/ospoljcane.si\/nova\/?post_type=tribe_events&#038;p=26138"},"modified":"2026-09-01T20:16:38","modified_gmt":"2026-09-01T18:16:38","slug":"roditeljski-sestanek-z-govorilno-uro-1-5-r","status":"publish","type":"tribe_events","link":"https:\/\/ospoljcane.si\/nova\/event\/roditeljski-sestanek-z-govorilno-uro-1-5-r\/","title":{"rendered":"Roditeljski sestanek z govorilno uro 1. &#8211; 5. r."},"content":{"rendered":"","protected":false},"excerpt":{"rendered":"","protected":false},"author":6,"featured_media":0,"template":"","meta":{"_tribe_events_status":"","_tribe_events_status_reason":"","footnotes":""},"tags":[],"tribe_events_cat":[],"class_list":["post-26138","tribe_events","type-tribe_events","status-publish","hentry","image-hover-transition-effect","latest_post"],"yoast_head":"<!-- This site is optimized with the Yoast SEO plugin v28.2 - https:\/\/yoast.com\/product\/yoast-seo-wordpress\/ -->\n<title>Roditeljski sestanek z govorilno uro 1. - 5. r. - Osnovna \u0161ola Kajetana Kovi\u010da Polj\u010dane<\/title>\n<meta name=\"robots\" content=\"index, follow, max-snippet:-1, max-image-preview:large, max-video-preview:-1\" \/>\n<link rel=\"canonical\" href=\"https:\/\/ospoljcane.si\/nova\/event\/roditeljski-sestanek-z-govorilno-uro-1-5-r\/\" \/>\n<meta property=\"og:locale\" content=\"sl_SI\" \/>\n<meta property=\"og:type\" content=\"article\" \/>\n<meta property=\"og:title\" content=\"Roditeljski sestanek z govorilno uro 1. - 5. r. - Osnovna \u0161ola Kajetana Kovi\u010da Polj\u010dane\" \/>\n<meta property=\"og:url\" content=\"https:\/\/ospoljcane.si\/nova\/event\/roditeljski-sestanek-z-govorilno-uro-1-5-r\/\" \/>\n<meta property=\"og:site_name\" content=\"Osnovna \u0161ola Kajetana Kovi\u010da Polj\u010dane\" \/>\n<meta name=\"twitter:card\" content=\"summary_large_image\" \/>\n<script type=\"application\/ld+json\" class=\"yoast-schema-graph\">{\"@context\":\"https:\\\/\\\/schema.org\",\"@graph\":[{\"@type\":\"WebPage\",\"@id\":\"https:\\\/\\\/ospoljcane.si\\\/nova\\\/event\\\/roditeljski-sestanek-z-govorilno-uro-1-5-r\\\/\",\"url\":\"https:\\\/\\\/ospoljcane.si\\\/nova\\\/event\\\/roditeljski-sestanek-z-govorilno-uro-1-5-r\\\/\",\"name\":\"Roditeljski sestanek z govorilno uro 1. - 5. r. - Osnovna \u0161ola Kajetana Kovi\u010da Polj\u010dane\",\"isPartOf\":{\"@id\":\"https:\\\/\\\/ospoljcane.si\\\/nova\\\/#website\"},\"datePublished\":\"2026-09-01T18:16:38+00:00\",\"breadcrumb\":{\"@id\":\"https:\\\/\\\/ospoljcane.si\\\/nova\\\/event\\\/roditeljski-sestanek-z-govorilno-uro-1-5-r\\\/#breadcrumb\"},\"inLanguage\":\"sl-SI\",\"potentialAction\":[{\"@type\":\"ReadAction\",\"target\":[\"https:\\\/\\\/ospoljcane.si\\\/nova\\\/event\\\/roditeljski-sestanek-z-govorilno-uro-1-5-r\\\/\"]}]},{\"@type\":\"BreadcrumbList\",\"@id\":\"https:\\\/\\\/ospoljcane.si\\\/nova\\\/event\\\/roditeljski-sestanek-z-govorilno-uro-1-5-r\\\/#breadcrumb\",\"itemListElement\":[{\"@type\":\"ListItem\",\"position\":1,\"name\":\"Domov\",\"item\":\"https:\\\/\\\/ospoljcane.si\\\/nova\\\/\"},{\"@type\":\"ListItem\",\"position\":2,\"name\":\"Dogodki\",\"item\":\"https:\\\/\\\/ospoljcane.si\\\/nova\\\/events\\\/\"},{\"@type\":\"ListItem\",\"position\":3,\"name\":\"Roditeljski sestanek z govorilno uro 1. &#8211; 5. r.\"}]},{\"@type\":\"WebSite\",\"@id\":\"https:\\\/\\\/ospoljcane.si\\\/nova\\\/#website\",\"url\":\"https:\\\/\\\/ospoljcane.si\\\/nova\\\/\",\"name\":\"Osnovna \u0161ola Kajetana Kovi\u010da Polj\u010dane\",\"description\":\"\",\"publisher\":{\"@id\":\"https:\\\/\\\/ospoljcane.si\\\/nova\\\/#organization\"},\"potentialAction\":[{\"@type\":\"SearchAction\",\"target\":{\"@type\":\"EntryPoint\",\"urlTemplate\":\"https:\\\/\\\/ospoljcane.si\\\/nova\\\/?s={search_term_string}\"},\"query-input\":{\"@type\":\"PropertyValueSpecification\",\"valueRequired\":true,\"valueName\":\"search_term_string\"}}],\"inLanguage\":\"sl-SI\"},{\"@type\":\"Organization\",\"@id\":\"https:\\\/\\\/ospoljcane.si\\\/nova\\\/#organization\",\"name\":\"Osnovna \u0161ola Kajetana Kovi\u010da Polj\u010dane\",\"url\":\"https:\\\/\\\/ospoljcane.si\\\/nova\\\/\",\"logo\":{\"@type\":\"ImageObject\",\"inLanguage\":\"sl-SI\",\"@id\":\"https:\\\/\\\/ospoljcane.si\\\/nova\\\/#\\\/schema\\\/logo\\\/image\\\/\",\"url\":\"https:\\\/\\\/ospoljcane.si\\\/nova\\\/wp-content\\\/uploads\\\/2020\\\/12\\\/cropped-cropped-Logotip-sole-2016_3G-1-1.png\",\"contentUrl\":\"https:\\\/\\\/ospoljcane.si\\\/nova\\\/wp-content\\\/uploads\\\/2020\\\/12\\\/cropped-cropped-Logotip-sole-2016_3G-1-1.png\",\"width\":512,\"height\":512,\"caption\":\"Osnovna \u0161ola Kajetana Kovi\u010da Polj\u010dane\"},\"image\":{\"@id\":\"https:\\\/\\\/ospoljcane.si\\\/nova\\\/#\\\/schema\\\/logo\\\/image\\\/\"}}]}<\/script>\n<!-- \/ Yoast SEO plugin. -->","yoast_head_json":{"title":"Roditeljski sestanek z govorilno uro 1. - 5. r. - Osnovna \u0161ola Kajetana Kovi\u010da Polj\u010dane","robots":{"index":"index","follow":"follow","max-snippet":"max-snippet:-1","max-image-preview":"max-image-preview:large","max-video-preview":"max-video-preview:-1"},"canonical":"https:\/\/ospoljcane.si\/nova\/event\/roditeljski-sestanek-z-govorilno-uro-1-5-r\/","og_locale":"sl_SI","og_type":"article","og_title":"Roditeljski sestanek z govorilno uro 1. - 5. r. - Osnovna \u0161ola Kajetana Kovi\u010da Polj\u010dane","og_url":"https:\/\/ospoljcane.si\/nova\/event\/roditeljski-sestanek-z-govorilno-uro-1-5-r\/","og_site_name":"Osnovna \u0161ola Kajetana Kovi\u010da Polj\u010dane","twitter_card":"summary_large_image","schema":{"@context":"https:\/\/schema.org","@graph":[{"@type":"WebPage","@id":"https:\/\/ospoljcane.si\/nova\/event\/roditeljski-sestanek-z-govorilno-uro-1-5-r\/","url":"https:\/\/ospoljcane.si\/nova\/event\/roditeljski-sestanek-z-govorilno-uro-1-5-r\/","name":"Roditeljski sestanek z govorilno uro 1. - 5. r. - Osnovna \u0161ola Kajetana Kovi\u010da Polj\u010dane","isPartOf":{"@id":"https:\/\/ospoljcane.si\/nova\/#website"},"datePublished":"2026-09-01T18:16:38+00:00","breadcrumb":{"@id":"https:\/\/ospoljcane.si\/nova\/event\/roditeljski-sestanek-z-govorilno-uro-1-5-r\/#breadcrumb"},"inLanguage":"sl-SI","potentialAction":[{"@type":"ReadAction","target":["https:\/\/ospoljcane.si\/nova\/event\/roditeljski-sestanek-z-govorilno-uro-1-5-r\/"]}]},{"@type":"BreadcrumbList","@id":"https:\/\/ospoljcane.si\/nova\/event\/roditeljski-sestanek-z-govorilno-uro-1-5-r\/#breadcrumb","itemListElement":[{"@type":"ListItem","position":1,"name":"Domov","item":"https:\/\/ospoljcane.si\/nova\/"},{"@type":"ListItem","position":2,"name":"Dogodki","item":"https:\/\/ospoljcane.si\/nova\/events\/"},{"@type":"ListItem","position":3,"name":"Roditeljski sestanek z govorilno uro 1. &#8211; 5. r."}]},{"@type":"WebSite","@id":"https:\/\/ospoljcane.si\/nova\/#website","url":"https:\/\/ospoljcane.si\/nova\/","name":"Osnovna \u0161ola Kajetana Kovi\u010da Polj\u010dane","description":"","publisher":{"@id":"https:\/\/ospoljcane.si\/nova\/#organization"},"potentialAction":[{"@type":"SearchAction","target":{"@type":"EntryPoint","urlTemplate":"https:\/\/ospoljcane.si\/nova\/?s={search_term_string}"},"query-input":{"@type":"PropertyValueSpecification","valueRequired":true,"valueName":"search_term_string"}}],"inLanguage":"sl-SI"},{"@type":"Organization","@id":"https:\/\/ospoljcane.si\/nova\/#organization","name":"Osnovna \u0161ola Kajetana Kovi\u010da Polj\u010dane","url":"https:\/\/ospoljcane.si\/nova\/","logo":{"@type":"ImageObject","inLanguage":"sl-SI","@id":"https:\/\/ospoljcane.si\/nova\/#\/schema\/logo\/image\/","url":"https:\/\/ospoljcane.si\/nova\/wp-content\/uploads\/2020\/12\/cropped-cropped-Logotip-sole-2016_3G-1-1.png","contentUrl":"https:\/\/ospoljcane.si\/nova\/wp-content\/uploads\/2020\/12\/cropped-cropped-Logotip-sole-2016_3G-1-1.png","width":512,"height":512,"caption":"Osnovna \u0161ola Kajetana Kovi\u010da Polj\u010dane"},"image":{"@id":"https:\/\/ospoljcane.si\/nova\/#\/schema\/logo\/image\/"}}]}},"_links":{"self":[{"href":"https:\/\/ospoljcane.si\/nova\/wp-json\/wp\/v2\/tribe_events\/26138","targetHints":{"allow":["GET"]}}],"collection":[{"href":"https:\/\/ospoljcane.si\/nova\/wp-json\/wp\/v2\/tribe_events"}],"about":[{"href":"https:\/\/ospoljcane.si\/nova\/wp-json\/wp\/v2\/types\/tribe_events"}],"author":[{"embeddable":true,"href":"https:\/\/ospoljcane.si\/nova\/wp-json\/wp\/v2\/users\/6"}],"version-history":[{"count":1,"href":"https:\/\/ospoljcane.si\/nova\/wp-json\/wp\/v2\/tribe_events\/26138\/revisions"}],"predecessor-version":[{"id":26139,"href":"https:\/\/ospoljcane.si\/nova\/wp-json\/wp\/v2\/tribe_events\/26138\/revisions\/26139"}],"wp:attachment":[{"href":"https:\/\/ospoljcane.si\/nova\/wp-json\/wp\/v2\/media?parent=26138"}],"wp:term":[{"taxonomy":"post_tag","embeddable":true,"href":"https:\/\/ospoljcane.si\/nova\/wp-json\/wp\/v2\/tags?post=26138"},{"taxonomy":"tribe_events_cat","embeddable":true,"href":"https:\/\/ospoljcane.si\/nova\/wp-json\/wp\/v2\/tribe_events_cat?post=26138"}],"curies":[{"name":"wp","href":"https:\/\/api.w.org\/{rel}","templated":true}]}}

<!-- This site is optimized with the Yoast SEO plugin v28.2 - https://yoast.com/product/yoast-seo-wordpress/ -->
<title>Roditeljski sestanek z govorilno uro 1. - 5. r. - Osnovna šola Kajetana Koviča Poljčane</title>
<meta name="robots" content="index, follow, max-snippet:-1, max-image-preview:large, max-video-preview:-1" />
<link rel="canonical" href="https://ospoljcane.si/nova/event/roditeljski-sestanek-z-govorilno-uro-1-5-r/" />
<meta property="og:locale" content="sl_SI" />
<meta property="og:type" content="article" />
<meta property="og:title" content="Roditeljski sestanek z govorilno uro 1. - 5. r. - Osnovna šola Kajetana Koviča Poljčane" />
<meta property="og:url" content="https://ospoljcane.si/nova/event/roditeljski-sestanek-z-govorilno-uro-1-5-r/" />
<meta property="og:site_name" content="Osnovna šola Kajetana Koviča Poljčane" />
<meta name="twitter:card" content="summary_large_image" />
<script type="application/ld+json" class="yoast-schema-graph">{"@context":"https:\/\/schema.org","@graph":[{"@type":"WebPage","@id":"https:\/\/ospoljcane.si\/nova\/event\/roditeljski-sestanek-z-govorilno-uro-1-5-r\/","url":"https:\/\/ospoljcane.si\/nova\/event\/roditeljski-sestanek-z-govorilno-uro-1-5-r\/","name":"Roditeljski sestanek z govorilno uro 1. - 5. r. - Osnovna šola Kajetana Koviča Poljčane","isPartOf":{"@id":"https:\/\/ospoljcane.si\/nova\/#website"},"datePublished":"2026-09-01T18:16:38+00:00","breadcrumb":{"@id":"https:\/\/ospoljcane.si\/nova\/event\/roditeljski-sestanek-z-govorilno-uro-1-5-r\/#breadcrumb"},"inLanguage":"sl-SI","potentialAction":[{"@type":"ReadAction","target":["https:\/\/ospoljcane.si\/nova\/event\/roditeljski-sestanek-z-govorilno-uro-1-5-r\/"]}]},{"@type":"BreadcrumbList","@id":"https:\/\/ospoljcane.si\/nova\/event\/roditeljski-sestanek-z-govorilno-uro-1-5-r\/#breadcrumb","itemListElement":[{"@type":"ListItem","position":1,"name":"Domov","item":"https:\/\/ospoljcane.si\/nova\/"},{"@type":"ListItem","position":2,"name":"Dogodki","item":"https:\/\/ospoljcane.si\/nova\/events\/"},{"@type":"ListItem","position":3,"name":"Roditeljski sestanek z govorilno uro 1. &#8211; 5. r."}]},{"@type":"WebSite","@id":"https:\/\/ospoljcane.si\/nova\/#website","url":"https:\/\/ospoljcane.si\/nova\/","name":"Osnovna šola Kajetana Koviča Poljčane","description":"","publisher":{"@id":"https:\/\/ospoljcane.si\/nova\/#organization"},"potentialAction":[{"@type":"SearchAction","target":{"@type":"EntryPoint","urlTemplate":"https:\/\/ospoljcane.si\/nova\/?s={search_term_string}"},"query-input":{"@type":"PropertyValueSpecification","valueRequired":true,"valueName":"search_term_string"}}],"inLanguage":"sl-SI"},{"@type":"Organization","@id":"https:\/\/ospoljcane.si\/nova\/#organization","name":"Osnovna šola Kajetana Koviča Poljčane","url":"https:\/\/ospoljcane.si\/nova\/","logo":{"@type":"ImageObject","inLanguage":"sl-SI","@id":"https:\/\/ospoljcane.si\/nova\/#\/schema\/logo\/image\/","url":"https:\/\/ospoljcane.si\/nova\/wp-content\/uploads\/2020\/12\/cropped-cropped-Logotip-sole-2016_3G-1-1.png","contentUrl":"https:\/\/ospoljcane.si\/nova\/wp-content\/uploads\/2020\/12\/cropped-cropped-Logotip-sole-2016_3G-1-1.png","width":512,"height":512,"caption":"Osnovna šola Kajetana Koviča Poljčane"},"image":{"@id":"https:\/\/ospoljcane.si\/nova\/#\/schema\/logo\/image\/"}}]}</script>
<!-- / Yoast SEO plugin. -->

Roditeljski sestanek z govorilno uro 1. - 5. r. - Osnovna šola Kajetana Koviča Poljčane

Osnovna šola Kajetana Koviča Poljčane
