{"id":4935,"date":"2021-04-13T10:50:37","date_gmt":"2021-04-13T08:50:37","guid":{"rendered":"http:\/\/ospoljcane.si\/nova\/?page_id=4935"},"modified":"2021-05-04T09:05:01","modified_gmt":"2021-05-04T07:05:01","slug":"izjava-o-dostopnosti-spletne-strani","status":"publish","type":"page","link":"https:\/\/ospoljcane.si\/nova\/izjava-o-dostopnosti-spletne-strani\/","title":{"rendered":"Izjava o dostopnosti spletne strani"},"content":{"rendered":"<h2><strong><b>Stopnja dostopnosti<\/b><\/strong><\/h2>\n<p>Spletna stran \u00a0<a href=\"http:\/\/ospoljcane.si\"><u>http:\/\/ospoljcane.si<\/u><\/a> je zasnovano skladno z zahtevami spleta. Delovanje spletne\u00a0 strani \u00a0je preverjeno v vseh sodobnih spletnih brskalnikih in na razli\u010dnih napravah s katerimi dostopamo do spleta.<\/p>\n<p>Spletno mesto je zasnovano tako, da bi bilo dostopno in prijazno vsem \u00a0obiskovalcem \u00a0spletne strani.\u00a0Izdelano je z upo\u0161tevanjem smernic po standardu WCAG 2.0. (angl. Web Content Accessibility Guidelines (WCAG) 2.0). Spletne strani tako osebam z omejitvami dodatno izbolj\u0161ajo uporabni\u0161ko izku\u0161njo.<\/p>\n<h2><strong><b>Funkcije dostopnosti<\/b><\/strong><\/h2>\n<p style=\"text-align: left;\">Na spletnem mestu je\u00a0na voljo \u00a0posebno orodje, ki omogo\u010da dodatne funkcije\u00a0za izbolj\u0161anje\u00a0dostopnosti\u00a0spletne strani.\u00a0Bli\u017enjica do orodja se nahaja na spodnji desni strani. Ob kliku na ikono lahko uporabnik izbira med razli\u010dnimi nastavitvami, ki so na\u0161tete spodaj.<\/p>\n<ul>\n<li>navigacija s tipkami na tipkovnici z obrobo izbranega obmo\u010dja (\u010drna obroba),<\/li>\n<li>pomanj\u0161anje in pove\u010danje velikosti pisave ,<\/li>\n<li>prikaz barv v inverznih in sivih barvnih tonih,<\/li>\n<li>pove\u010danje in pomanj\u0161anje celotne spletne strani<\/li>\n<li>Poudarjene povezave na spletni strani<\/li>\n<\/ul>\n<p>&nbsp;<\/p>\n<p><strong><b>Obiskovalec lahko za navigiranje po spletni strani uporablja tudi dolo\u010dene tipke na tipkovnici.<\/b><\/strong><\/p>\n<ul>\n<li>premikanje po elementih (Tab),<\/li>\n<li>premikanje nazaj po elementih (Shift + Tab),<\/li>\n<li>Odpiranje izbranega (ozna\u010denega)elementa (Enter),<\/li>\n<li>Premikanje po strani navzdol \u00a0(Page Down),<\/li>\n<li>Premikanjepo strani navzgor (Page Up),<\/li>\n<\/ul>\n<p>&nbsp;<\/p>\n<p><em>Za nemoteno uporabo spletne strani\u00a0 priporo\u010damo uporabo sodobnih spletnih\u00a0<\/em><i>brskalnikov<\/i><\/p>\n<p>Mnoge smernice WCAG \u00a0za izbolj\u0161anje dostopnosti spleti\u0161\u010da si je mogo\u010de razlagati subjektivno. Prav tako se lahko interpretacije s \u010dasom spreminja.<\/p>\n<p>Vse slike in grafi\u010dni elementi ne vsebujejo nadomestnih besedil.<\/p>\n<p>V kolikor imate te\u017eave pri uporabi spletne strani, nas prosimo kontaktirajte na elektronski naslov:\u00a0<a href=\"o-poljcane.mb@guest.arnes.si\">o-poljcane.mb@guest.arnes.si<\/a><\/p>\n<p>&nbsp;<\/p>\n<p>&nbsp;<\/p>\n<p>Zadnja sprememba 13. 4. 2021.<\/p>\n<p>Ta izjava je bila pripravljena 13. 4. 2021<\/p>\n<p>&nbsp;<\/p>\n<p>&nbsp;<\/p>\n","protected":false},"excerpt":{"rendered":"<p>Stopnja dostopnosti Spletna stran \u00a0http:\/\/ospoljcane.si je zasnovano skladno z zahtevami spleta. Delovanje spletne\u00a0 strani \u00a0je preverjeno v vseh sodobnih spletnih brskalnikih in na razli\u010dnih napravah &hellip; <\/p>\n","protected":false},"author":1,"featured_media":0,"parent":0,"menu_order":0,"comment_status":"closed","ping_status":"closed","template":"","meta":{"footnotes":""},"class_list":["post-4935","page","type-page","status-publish","hentry","image-hover-transition-effect","latest_post"],"yoast_head":"<!-- This site is optimized with the Yoast SEO plugin v27.4 - https:\/\/yoast.com\/product\/yoast-seo-wordpress\/ -->\n<title>Izjava o dostopnosti spletne strani - Osnovna \u0161ola Kajetana Kovi\u010da Polj\u010dane<\/title>\n<meta name=\"robots\" content=\"noindex, nofollow\" \/>\n<meta property=\"og:locale\" content=\"sl_SI\" \/>\n<meta property=\"og:type\" content=\"article\" \/>\n<meta property=\"og:title\" content=\"Izjava o dostopnosti spletne strani - Osnovna \u0161ola Kajetana Kovi\u010da Polj\u010dane\" \/>\n<meta property=\"og:description\" content=\"Stopnja dostopnosti Spletna stran \u00a0http:\/\/ospoljcane.si je zasnovano skladno z zahtevami spleta. Delovanje spletne\u00a0 strani \u00a0je preverjeno v vseh sodobnih spletnih brskalnikih in na razli\u010dnih napravah &hellip;\" \/>\n<meta property=\"og:url\" content=\"https:\/\/ospoljcane.si\/nova\/izjava-o-dostopnosti-spletne-strani\/\" \/>\n<meta property=\"og:site_name\" content=\"Osnovna \u0161ola Kajetana Kovi\u010da Polj\u010dane\" \/>\n<meta property=\"article:modified_time\" content=\"2021-05-04T07:05:01+00:00\" \/>\n<meta name=\"twitter:card\" content=\"summary_large_image\" \/>\n<meta name=\"twitter:label1\" content=\"Est. reading time\" \/>\n\t<meta name=\"twitter:data1\" content=\"2 minuti\" \/>\n<script type=\"application\/ld+json\" class=\"yoast-schema-graph\">{\"@context\":\"https:\\\/\\\/schema.org\",\"@graph\":[{\"@type\":\"WebPage\",\"@id\":\"https:\\\/\\\/ospoljcane.si\\\/nova\\\/izjava-o-dostopnosti-spletne-strani\\\/\",\"url\":\"https:\\\/\\\/ospoljcane.si\\\/nova\\\/izjava-o-dostopnosti-spletne-strani\\\/\",\"name\":\"Izjava o dostopnosti spletne strani - Osnovna \u0161ola Kajetana Kovi\u010da Polj\u010dane\",\"isPartOf\":{\"@id\":\"https:\\\/\\\/ospoljcane.si\\\/nova\\\/#website\"},\"datePublished\":\"2021-04-13T08:50:37+00:00\",\"dateModified\":\"2021-05-04T07:05:01+00:00\",\"breadcrumb\":{\"@id\":\"https:\\\/\\\/ospoljcane.si\\\/nova\\\/izjava-o-dostopnosti-spletne-strani\\\/#breadcrumb\"},\"inLanguage\":\"sl-SI\",\"potentialAction\":[{\"@type\":\"ReadAction\",\"target\":[\"https:\\\/\\\/ospoljcane.si\\\/nova\\\/izjava-o-dostopnosti-spletne-strani\\\/\"]}]},{\"@type\":\"BreadcrumbList\",\"@id\":\"https:\\\/\\\/ospoljcane.si\\\/nova\\\/izjava-o-dostopnosti-spletne-strani\\\/#breadcrumb\",\"itemListElement\":[{\"@type\":\"ListItem\",\"position\":1,\"name\":\"Domov\",\"item\":\"https:\\\/\\\/ospoljcane.si\\\/nova\\\/\"},{\"@type\":\"ListItem\",\"position\":2,\"name\":\"Izjava o dostopnosti spletne strani\"}]},{\"@type\":\"WebSite\",\"@id\":\"https:\\\/\\\/ospoljcane.si\\\/nova\\\/#website\",\"url\":\"https:\\\/\\\/ospoljcane.si\\\/nova\\\/\",\"name\":\"Osnovna \u0161ola Kajetana Kovi\u010da Polj\u010dane\",\"description\":\"\",\"publisher\":{\"@id\":\"https:\\\/\\\/ospoljcane.si\\\/nova\\\/#organization\"},\"potentialAction\":[{\"@type\":\"SearchAction\",\"target\":{\"@type\":\"EntryPoint\",\"urlTemplate\":\"https:\\\/\\\/ospoljcane.si\\\/nova\\\/?s={search_term_string}\"},\"query-input\":{\"@type\":\"PropertyValueSpecification\",\"valueRequired\":true,\"valueName\":\"search_term_string\"}}],\"inLanguage\":\"sl-SI\"},{\"@type\":\"Organization\",\"@id\":\"https:\\\/\\\/ospoljcane.si\\\/nova\\\/#organization\",\"name\":\"Osnovna \u0161ola Kajetana Kovi\u010da Polj\u010dane\",\"url\":\"https:\\\/\\\/ospoljcane.si\\\/nova\\\/\",\"logo\":{\"@type\":\"ImageObject\",\"inLanguage\":\"sl-SI\",\"@id\":\"https:\\\/\\\/ospoljcane.si\\\/nova\\\/#\\\/schema\\\/logo\\\/image\\\/\",\"url\":\"https:\\\/\\\/ospoljcane.si\\\/nova\\\/wp-content\\\/uploads\\\/2020\\\/12\\\/cropped-cropped-Logotip-sole-2016_3G-1-1.png\",\"contentUrl\":\"https:\\\/\\\/ospoljcane.si\\\/nova\\\/wp-content\\\/uploads\\\/2020\\\/12\\\/cropped-cropped-Logotip-sole-2016_3G-1-1.png\",\"width\":512,\"height\":512,\"caption\":\"Osnovna \u0161ola Kajetana Kovi\u010da Polj\u010dane\"},\"image\":{\"@id\":\"https:\\\/\\\/ospoljcane.si\\\/nova\\\/#\\\/schema\\\/logo\\\/image\\\/\"}}]}<\/script>\n<!-- \/ Yoast SEO plugin. -->","yoast_head_json":{"title":"Izjava o dostopnosti spletne strani - Osnovna \u0161ola Kajetana Kovi\u010da Polj\u010dane","robots":{"index":"noindex","follow":"nofollow"},"og_locale":"sl_SI","og_type":"article","og_title":"Izjava o dostopnosti spletne strani - Osnovna \u0161ola Kajetana Kovi\u010da Polj\u010dane","og_description":"Stopnja dostopnosti Spletna stran \u00a0http:\/\/ospoljcane.si je zasnovano skladno z zahtevami spleta. Delovanje spletne\u00a0 strani \u00a0je preverjeno v vseh sodobnih spletnih brskalnikih in na razli\u010dnih napravah &hellip;","og_url":"https:\/\/ospoljcane.si\/nova\/izjava-o-dostopnosti-spletne-strani\/","og_site_name":"Osnovna \u0161ola Kajetana Kovi\u010da Polj\u010dane","article_modified_time":"2021-05-04T07:05:01+00:00","twitter_card":"summary_large_image","twitter_misc":{"Est. reading time":"2 minuti"},"schema":{"@context":"https:\/\/schema.org","@graph":[{"@type":"WebPage","@id":"https:\/\/ospoljcane.si\/nova\/izjava-o-dostopnosti-spletne-strani\/","url":"https:\/\/ospoljcane.si\/nova\/izjava-o-dostopnosti-spletne-strani\/","name":"Izjava o dostopnosti spletne strani - Osnovna \u0161ola Kajetana Kovi\u010da Polj\u010dane","isPartOf":{"@id":"https:\/\/ospoljcane.si\/nova\/#website"},"datePublished":"2021-04-13T08:50:37+00:00","dateModified":"2021-05-04T07:05:01+00:00","breadcrumb":{"@id":"https:\/\/ospoljcane.si\/nova\/izjava-o-dostopnosti-spletne-strani\/#breadcrumb"},"inLanguage":"sl-SI","potentialAction":[{"@type":"ReadAction","target":["https:\/\/ospoljcane.si\/nova\/izjava-o-dostopnosti-spletne-strani\/"]}]},{"@type":"BreadcrumbList","@id":"https:\/\/ospoljcane.si\/nova\/izjava-o-dostopnosti-spletne-strani\/#breadcrumb","itemListElement":[{"@type":"ListItem","position":1,"name":"Domov","item":"https:\/\/ospoljcane.si\/nova\/"},{"@type":"ListItem","position":2,"name":"Izjava o dostopnosti spletne strani"}]},{"@type":"WebSite","@id":"https:\/\/ospoljcane.si\/nova\/#website","url":"https:\/\/ospoljcane.si\/nova\/","name":"Osnovna \u0161ola Kajetana Kovi\u010da Polj\u010dane","description":"","publisher":{"@id":"https:\/\/ospoljcane.si\/nova\/#organization"},"potentialAction":[{"@type":"SearchAction","target":{"@type":"EntryPoint","urlTemplate":"https:\/\/ospoljcane.si\/nova\/?s={search_term_string}"},"query-input":{"@type":"PropertyValueSpecification","valueRequired":true,"valueName":"search_term_string"}}],"inLanguage":"sl-SI"},{"@type":"Organization","@id":"https:\/\/ospoljcane.si\/nova\/#organization","name":"Osnovna \u0161ola Kajetana Kovi\u010da Polj\u010dane","url":"https:\/\/ospoljcane.si\/nova\/","logo":{"@type":"ImageObject","inLanguage":"sl-SI","@id":"https:\/\/ospoljcane.si\/nova\/#\/schema\/logo\/image\/","url":"https:\/\/ospoljcane.si\/nova\/wp-content\/uploads\/2020\/12\/cropped-cropped-Logotip-sole-2016_3G-1-1.png","contentUrl":"https:\/\/ospoljcane.si\/nova\/wp-content\/uploads\/2020\/12\/cropped-cropped-Logotip-sole-2016_3G-1-1.png","width":512,"height":512,"caption":"Osnovna \u0161ola Kajetana Kovi\u010da Polj\u010dane"},"image":{"@id":"https:\/\/ospoljcane.si\/nova\/#\/schema\/logo\/image\/"}}]}},"_links":{"self":[{"href":"https:\/\/ospoljcane.si\/nova\/wp-json\/wp\/v2\/pages\/4935","targetHints":{"allow":["GET"]}}],"collection":[{"href":"https:\/\/ospoljcane.si\/nova\/wp-json\/wp\/v2\/pages"}],"about":[{"href":"https:\/\/ospoljcane.si\/nova\/wp-json\/wp\/v2\/types\/page"}],"author":[{"embeddable":true,"href":"https:\/\/ospoljcane.si\/nova\/wp-json\/wp\/v2\/users\/1"}],"replies":[{"embeddable":true,"href":"https:\/\/ospoljcane.si\/nova\/wp-json\/wp\/v2\/comments?post=4935"}],"version-history":[{"count":6,"href":"https:\/\/ospoljcane.si\/nova\/wp-json\/wp\/v2\/pages\/4935\/revisions"}],"predecessor-version":[{"id":4937,"href":"https:\/\/ospoljcane.si\/nova\/wp-json\/wp\/v2\/pages\/4935\/revisions\/4937"}],"wp:attachment":[{"href":"https:\/\/ospoljcane.si\/nova\/wp-json\/wp\/v2\/media?parent=4935"}],"curies":[{"name":"wp","href":"https:\/\/api.w.org\/{rel}","templated":true}]}}