{"id":4562,"date":"2021-03-02T11:13:25","date_gmt":"2021-03-02T10:13:25","guid":{"rendered":"http:\/\/ospoljcane.si\/nova\/?page_id=4562"},"modified":"2026-03-31T18:18:00","modified_gmt":"2026-03-31T16:18:00","slug":"aktualne-objave","status":"publish","type":"page","link":"https:\/\/ospoljcane.si\/nova\/aktualne-objave\/","title":{"rendered":"Aktualne objave"},"content":{"rendered":"<h3><strong><span style=\"color: #993366;\">OB\u010cNI ZBOR<\/span><\/strong><\/h3>\n<p><a href=\"https:\/\/ospoljcane.si\/nova\/wp-content\/uploads\/2026\/02\/Vabilo-na-obcni-zbor-28.3.2026-1.pdf\" target=\"_blank\" rel=\"noopener\">Ob\u010dni zbor dru\u0161tva, 27. 2. 2026<\/a><\/p>\n<p>&nbsp;<\/p>\n<h3><span style=\"color: #993366;\">IZLETI, TABORI, DOGODIV\u0160\u010cINE &#8230;<\/span><\/h3>\n<p><a href=\"https:\/\/ospoljcane.si\/nova\/wp-content\/uploads\/2026\/03\/2026-04-18-V-neznano.pdf\" target=\"_blank\" rel=\"noopener\">V neznano, 18. 4. 2026<\/a><\/p>\n<p><a href=\"https:\/\/ospoljcane.si\/nova\/wp-content\/uploads\/2026\/03\/2026-04-12_Kurescek.pdf\" target=\"_blank\" rel=\"noopener\">Smrjene\u2013Kure\u0161\u010dek (827 m)\u2013Grad Turjak, 12. 4. 2026<\/a><\/p>\n<p><a href=\"https:\/\/ospoljcane.si\/nova\/wp-content\/uploads\/2026\/02\/2026-02-21-Vabilo-Kriska-gora-Tolsti-vrh-1.pdf\" target=\"_blank\" rel=\"noopener\">Kri\u0161ka gora (1471)\u2013Tolsti vrh (1715), 21. 2. 2026<\/a><\/p>\n<p><a href=\"https:\/\/ospoljcane.si\/nova\/wp-content\/uploads\/2026\/02\/2026-02-08-Pohod-na-Jeruzalem.pdf\" target=\"_blank\" rel=\"noopener\">Zimski pohod na Jeruzalem, 8. 2. 2026<\/a><\/p>\n<p><a href=\"https:\/\/ospoljcane.si\/nova\/wp-content\/uploads\/2026\/02\/2026-02-07-25.-makolski-zimski-pohod.pdf\" target=\"_blank\" rel=\"noopener\">25. tradicionalni makolski zimski pohod, 7. 2. 2026<\/a><\/p>\n<p><a href=\"https:\/\/ospoljcane.si\/nova\/wp-content\/uploads\/2026\/01\/2026-01-31-Vabilo-zimski-pohod-k-stolpu-na-Bocu-1.pdf\" target=\"_blank\" rel=\"noopener\"><span style=\"font-size: 16px;\">34. tradicionalni zimski pohod k stolpu na Bo\u010du (979 m), 31. 1. 2026<\/span><\/a><\/p>\n<p><a href=\"https:\/\/ospoljcane.si\/nova\/wp-content\/uploads\/2026\/01\/2026-01-10-Vabilo-Urslja-gora.pdf\" target=\"_blank\" rel=\"noopener\">Ur\u0161lja gora, 10. 1. 2026<\/a><\/p>\n<p><a href=\"https:\/\/ospoljcane.si\/nova\/wp-content\/uploads\/2025\/12\/2025-12-27-Bozickov-pohod-do-Doma-na-Smohorju.pdf\" target=\"_blank\" rel=\"noopener\">Bo\u017ei\u010dkov pohod \u00a0do Doma na \u0160mohorju (784 m), 27. 12. 2025<\/a><\/p>\n<p><a href=\"https:\/\/ospoljcane.si\/nova\/wp-content\/uploads\/2025\/12\/2025-12-13-Ivanjscica-1.pdf\" target=\"_blank\" rel=\"noopener\">Ivan\u0161\u010dica (1061 m), 13. 12. 2025<\/a><\/p>\n<p><a href=\"https:\/\/ospoljcane.si\/nova\/wp-content\/uploads\/2025\/11\/2025-11-29-Vabilo-Zrece-Golek-Ljubnica_Bork-Zrece.pdf\" target=\"_blank\" rel=\"noopener\">Zre\u010de-Golek (769 m)-Ljubnica-kmetija Bork-Zre\u010de, 29. 11. 2025<\/a><\/p>\n<p><a href=\"https:\/\/ospoljcane.si\/nova\/wp-content\/uploads\/2025\/11\/2025-11-22-Straznik-648m.pdf\" target=\"_blank\" rel=\"noopener\">Stra\u017enik, 22. 11. 2025<\/a><\/p>\n<p>&nbsp;<\/p>\n<p>&nbsp;<\/p>\n<p>&nbsp;<\/p>\n<p>&nbsp;<\/p>\n<p>&nbsp;<\/p>\n<p>&nbsp;<\/p>\n<p>&nbsp;<\/p>\n","protected":false},"excerpt":{"rendered":"<p>OB\u010cNI ZBOR Ob\u010dni zbor dru\u0161tva, 27. 2. 2026 &nbsp; IZLETI, TABORI, DOGODIV\u0160\u010cINE &#8230; V neznano, 18. 4. 2026 Smrjene\u2013Kure\u0161\u010dek (827 m)\u2013Grad Turjak, 12. 4. 2026 &hellip; <\/p>\n","protected":false},"author":1,"featured_media":0,"parent":0,"menu_order":0,"comment_status":"closed","ping_status":"closed","template":"","meta":{"footnotes":""},"class_list":["post-4562","page","type-page","status-publish","hentry","image-hover-transition-effect","latest_post"],"yoast_head":"<!-- This site is optimized with the Yoast SEO plugin v27.4 - https:\/\/yoast.com\/product\/yoast-seo-wordpress\/ -->\n<title>Aktualne objave - Osnovna \u0161ola Kajetana Kovi\u010da Polj\u010dane<\/title>\n<meta name=\"robots\" content=\"index, follow, max-snippet:-1, max-image-preview:large, max-video-preview:-1\" \/>\n<link rel=\"canonical\" href=\"https:\/\/ospoljcane.si\/nova\/aktualne-objave\/\" \/>\n<meta property=\"og:locale\" content=\"sl_SI\" \/>\n<meta property=\"og:type\" content=\"article\" \/>\n<meta property=\"og:title\" content=\"Aktualne objave - Osnovna \u0161ola Kajetana Kovi\u010da Polj\u010dane\" \/>\n<meta property=\"og:description\" content=\"OB\u010cNI ZBOR Ob\u010dni zbor dru\u0161tva, 27. 2. 2026 &nbsp; IZLETI, TABORI, DOGODIV\u0160\u010cINE &#8230; V neznano, 18. 4. 2026 Smrjene\u2013Kure\u0161\u010dek (827 m)\u2013Grad Turjak, 12. 4. 2026 &hellip;\" \/>\n<meta property=\"og:url\" content=\"https:\/\/ospoljcane.si\/nova\/aktualne-objave\/\" \/>\n<meta property=\"og:site_name\" content=\"Osnovna \u0161ola Kajetana Kovi\u010da Polj\u010dane\" \/>\n<meta property=\"article:modified_time\" content=\"2026-03-31T16:18:00+00:00\" \/>\n<meta name=\"twitter:card\" content=\"summary_large_image\" \/>\n<meta name=\"twitter:label1\" content=\"Est. reading time\" \/>\n\t<meta name=\"twitter:data1\" content=\"1 minuta\" \/>\n<script type=\"application\/ld+json\" class=\"yoast-schema-graph\">{\"@context\":\"https:\\\/\\\/schema.org\",\"@graph\":[{\"@type\":\"WebPage\",\"@id\":\"https:\\\/\\\/ospoljcane.si\\\/nova\\\/aktualne-objave\\\/\",\"url\":\"https:\\\/\\\/ospoljcane.si\\\/nova\\\/aktualne-objave\\\/\",\"name\":\"Aktualne objave - Osnovna \u0161ola Kajetana Kovi\u010da Polj\u010dane\",\"isPartOf\":{\"@id\":\"https:\\\/\\\/ospoljcane.si\\\/nova\\\/#website\"},\"datePublished\":\"2021-03-02T10:13:25+00:00\",\"dateModified\":\"2026-03-31T16:18:00+00:00\",\"breadcrumb\":{\"@id\":\"https:\\\/\\\/ospoljcane.si\\\/nova\\\/aktualne-objave\\\/#breadcrumb\"},\"inLanguage\":\"sl-SI\",\"potentialAction\":[{\"@type\":\"ReadAction\",\"target\":[\"https:\\\/\\\/ospoljcane.si\\\/nova\\\/aktualne-objave\\\/\"]}]},{\"@type\":\"BreadcrumbList\",\"@id\":\"https:\\\/\\\/ospoljcane.si\\\/nova\\\/aktualne-objave\\\/#breadcrumb\",\"itemListElement\":[{\"@type\":\"ListItem\",\"position\":1,\"name\":\"Domov\",\"item\":\"https:\\\/\\\/ospoljcane.si\\\/nova\\\/\"},{\"@type\":\"ListItem\",\"position\":2,\"name\":\"Aktualne objave\"}]},{\"@type\":\"WebSite\",\"@id\":\"https:\\\/\\\/ospoljcane.si\\\/nova\\\/#website\",\"url\":\"https:\\\/\\\/ospoljcane.si\\\/nova\\\/\",\"name\":\"Osnovna \u0161ola Kajetana Kovi\u010da Polj\u010dane\",\"description\":\"\",\"publisher\":{\"@id\":\"https:\\\/\\\/ospoljcane.si\\\/nova\\\/#organization\"},\"potentialAction\":[{\"@type\":\"SearchAction\",\"target\":{\"@type\":\"EntryPoint\",\"urlTemplate\":\"https:\\\/\\\/ospoljcane.si\\\/nova\\\/?s={search_term_string}\"},\"query-input\":{\"@type\":\"PropertyValueSpecification\",\"valueRequired\":true,\"valueName\":\"search_term_string\"}}],\"inLanguage\":\"sl-SI\"},{\"@type\":\"Organization\",\"@id\":\"https:\\\/\\\/ospoljcane.si\\\/nova\\\/#organization\",\"name\":\"Osnovna \u0161ola Kajetana Kovi\u010da Polj\u010dane\",\"url\":\"https:\\\/\\\/ospoljcane.si\\\/nova\\\/\",\"logo\":{\"@type\":\"ImageObject\",\"inLanguage\":\"sl-SI\",\"@id\":\"https:\\\/\\\/ospoljcane.si\\\/nova\\\/#\\\/schema\\\/logo\\\/image\\\/\",\"url\":\"https:\\\/\\\/ospoljcane.si\\\/nova\\\/wp-content\\\/uploads\\\/2020\\\/12\\\/cropped-cropped-Logotip-sole-2016_3G-1-1.png\",\"contentUrl\":\"https:\\\/\\\/ospoljcane.si\\\/nova\\\/wp-content\\\/uploads\\\/2020\\\/12\\\/cropped-cropped-Logotip-sole-2016_3G-1-1.png\",\"width\":512,\"height\":512,\"caption\":\"Osnovna \u0161ola Kajetana Kovi\u010da Polj\u010dane\"},\"image\":{\"@id\":\"https:\\\/\\\/ospoljcane.si\\\/nova\\\/#\\\/schema\\\/logo\\\/image\\\/\"}}]}<\/script>\n<!-- \/ Yoast SEO plugin. -->","yoast_head_json":{"title":"Aktualne objave - Osnovna \u0161ola Kajetana Kovi\u010da Polj\u010dane","robots":{"index":"index","follow":"follow","max-snippet":"max-snippet:-1","max-image-preview":"max-image-preview:large","max-video-preview":"max-video-preview:-1"},"canonical":"https:\/\/ospoljcane.si\/nova\/aktualne-objave\/","og_locale":"sl_SI","og_type":"article","og_title":"Aktualne objave - Osnovna \u0161ola Kajetana Kovi\u010da Polj\u010dane","og_description":"OB\u010cNI ZBOR Ob\u010dni zbor dru\u0161tva, 27. 2. 2026 &nbsp; IZLETI, TABORI, DOGODIV\u0160\u010cINE &#8230; V neznano, 18. 4. 2026 Smrjene\u2013Kure\u0161\u010dek (827 m)\u2013Grad Turjak, 12. 4. 2026 &hellip;","og_url":"https:\/\/ospoljcane.si\/nova\/aktualne-objave\/","og_site_name":"Osnovna \u0161ola Kajetana Kovi\u010da Polj\u010dane","article_modified_time":"2026-03-31T16:18:00+00:00","twitter_card":"summary_large_image","twitter_misc":{"Est. reading time":"1 minuta"},"schema":{"@context":"https:\/\/schema.org","@graph":[{"@type":"WebPage","@id":"https:\/\/ospoljcane.si\/nova\/aktualne-objave\/","url":"https:\/\/ospoljcane.si\/nova\/aktualne-objave\/","name":"Aktualne objave - Osnovna \u0161ola Kajetana Kovi\u010da Polj\u010dane","isPartOf":{"@id":"https:\/\/ospoljcane.si\/nova\/#website"},"datePublished":"2021-03-02T10:13:25+00:00","dateModified":"2026-03-31T16:18:00+00:00","breadcrumb":{"@id":"https:\/\/ospoljcane.si\/nova\/aktualne-objave\/#breadcrumb"},"inLanguage":"sl-SI","potentialAction":[{"@type":"ReadAction","target":["https:\/\/ospoljcane.si\/nova\/aktualne-objave\/"]}]},{"@type":"BreadcrumbList","@id":"https:\/\/ospoljcane.si\/nova\/aktualne-objave\/#breadcrumb","itemListElement":[{"@type":"ListItem","position":1,"name":"Domov","item":"https:\/\/ospoljcane.si\/nova\/"},{"@type":"ListItem","position":2,"name":"Aktualne objave"}]},{"@type":"WebSite","@id":"https:\/\/ospoljcane.si\/nova\/#website","url":"https:\/\/ospoljcane.si\/nova\/","name":"Osnovna \u0161ola Kajetana Kovi\u010da Polj\u010dane","description":"","publisher":{"@id":"https:\/\/ospoljcane.si\/nova\/#organization"},"potentialAction":[{"@type":"SearchAction","target":{"@type":"EntryPoint","urlTemplate":"https:\/\/ospoljcane.si\/nova\/?s={search_term_string}"},"query-input":{"@type":"PropertyValueSpecification","valueRequired":true,"valueName":"search_term_string"}}],"inLanguage":"sl-SI"},{"@type":"Organization","@id":"https:\/\/ospoljcane.si\/nova\/#organization","name":"Osnovna \u0161ola Kajetana Kovi\u010da Polj\u010dane","url":"https:\/\/ospoljcane.si\/nova\/","logo":{"@type":"ImageObject","inLanguage":"sl-SI","@id":"https:\/\/ospoljcane.si\/nova\/#\/schema\/logo\/image\/","url":"https:\/\/ospoljcane.si\/nova\/wp-content\/uploads\/2020\/12\/cropped-cropped-Logotip-sole-2016_3G-1-1.png","contentUrl":"https:\/\/ospoljcane.si\/nova\/wp-content\/uploads\/2020\/12\/cropped-cropped-Logotip-sole-2016_3G-1-1.png","width":512,"height":512,"caption":"Osnovna \u0161ola Kajetana Kovi\u010da Polj\u010dane"},"image":{"@id":"https:\/\/ospoljcane.si\/nova\/#\/schema\/logo\/image\/"}}]}},"_links":{"self":[{"href":"https:\/\/ospoljcane.si\/nova\/wp-json\/wp\/v2\/pages\/4562","targetHints":{"allow":["GET"]}}],"collection":[{"href":"https:\/\/ospoljcane.si\/nova\/wp-json\/wp\/v2\/pages"}],"about":[{"href":"https:\/\/ospoljcane.si\/nova\/wp-json\/wp\/v2\/types\/page"}],"author":[{"embeddable":true,"href":"https:\/\/ospoljcane.si\/nova\/wp-json\/wp\/v2\/users\/1"}],"replies":[{"embeddable":true,"href":"https:\/\/ospoljcane.si\/nova\/wp-json\/wp\/v2\/comments?post=4562"}],"version-history":[{"count":381,"href":"https:\/\/ospoljcane.si\/nova\/wp-json\/wp\/v2\/pages\/4562\/revisions"}],"predecessor-version":[{"id":24696,"href":"https:\/\/ospoljcane.si\/nova\/wp-json\/wp\/v2\/pages\/4562\/revisions\/24696"}],"wp:attachment":[{"href":"https:\/\/ospoljcane.si\/nova\/wp-json\/wp\/v2\/media?parent=4562"}],"curies":[{"name":"wp","href":"https:\/\/api.w.org\/{rel}","templated":true}]}}