{"id":3677,"date":"2021-02-16T08:00:21","date_gmt":"2021-02-16T07:00:21","guid":{"rendered":"http:\/\/ospoljcane.si\/nova\/?page_id=3677"},"modified":"2021-02-16T09:26:00","modified_gmt":"2021-02-16T08:26:00","slug":"navodila","status":"publish","type":"page","link":"https:\/\/ospoljcane.si\/nova\/navodila\/","title":{"rendered":"Navodila"},"content":{"rendered":"\t\t<div data-elementor-type=\"wp-page\" data-elementor-id=\"3677\" class=\"elementor elementor-3677\" data-elementor-post-type=\"page\">\n\t\t\t\t\t\t<section class=\"elementor-section elementor-top-section elementor-element elementor-element-f71dfdd elementor-section-boxed elementor-section-height-default elementor-section-height-default\" data-id=\"f71dfdd\" data-element_type=\"section\" data-e-type=\"section\">\n\t\t\t\t\t\t<div class=\"elementor-container elementor-column-gap-default\">\n\t\t\t\t\t<div class=\"elementor-column elementor-col-100 elementor-top-column elementor-element elementor-element-a45ef80\" data-id=\"a45ef80\" data-element_type=\"column\" data-e-type=\"column\">\n\t\t\t<div class=\"elementor-widget-wrap elementor-element-populated\">\n\t\t\t\t\t\t<div class=\"elementor-element elementor-element-964a0a9 elementor-nav-menu--dropdown-tablet elementor-nav-menu__text-align-aside elementor-nav-menu--toggle elementor-nav-menu--burger elementor-widget elementor-widget-nav-menu\" data-id=\"964a0a9\" data-element_type=\"widget\" data-e-type=\"widget\" data-settings=\"{&quot;layout&quot;:&quot;horizontal&quot;,&quot;submenu_icon&quot;:{&quot;value&quot;:&quot;&lt;i class=\\&quot;fas fa-caret-down\\&quot; aria-hidden=\\&quot;true\\&quot;&gt;&lt;\\\/i&gt;&quot;,&quot;library&quot;:&quot;fa-solid&quot;},&quot;toggle&quot;:&quot;burger&quot;}\" data-widget_type=\"nav-menu.default\">\n\t\t\t\t<div class=\"elementor-widget-container\">\n\t\t\t\t\t\t\t\t<nav aria-label=\"Menu\" class=\"elementor-nav-menu--main elementor-nav-menu__container elementor-nav-menu--layout-horizontal e--pointer-underline e--animation-fade\">\n\t\t\t\t<ul id=\"menu-1-964a0a9\" class=\"elementor-nav-menu accessibility_menu\"><li class=\"menu-item menu-item-type-post_type menu-item-object-page menu-item-3244\"><a href=\"https:\/\/ospoljcane.si\/nova\/telovadnica\/\" class=\"elementor-item\">Telovadnica<\/a><\/li>\n<li class=\"menu-item menu-item-type-post_type menu-item-object-page menu-item-3243\"><a href=\"https:\/\/ospoljcane.si\/nova\/hisni-red-v-telovadnici\/\" class=\"elementor-item\">Hi\u0161ni red v telovadnici<\/a><\/li>\n<li class=\"menu-item menu-item-type-post_type menu-item-object-page menu-item-3664\"><a href=\"https:\/\/ospoljcane.si\/nova\/urnik-telovadnice\/\" class=\"elementor-item\">Urnik telovadnice<\/a><\/li>\n<li class=\"menu-item menu-item-type-post_type menu-item-object-page menu-item-3754\"><a href=\"https:\/\/ospoljcane.si\/nova\/navodila\/\" class=\"elementor-item\">Navodila<\/a><\/li>\n<\/ul>\t\t\t<\/nav>\n\t\t\t\t\t<div class=\"elementor-menu-toggle\" role=\"button\" tabindex=\"0\" aria-label=\"Menu Toggle\" aria-expanded=\"false\">\n\t\t\t<i aria-hidden=\"true\" role=\"presentation\" class=\"elementor-menu-toggle__icon--open eicon-menu-bar\"><\/i><i aria-hidden=\"true\" role=\"presentation\" class=\"elementor-menu-toggle__icon--close eicon-close\"><\/i>\t\t<\/div>\n\t\t\t\t\t<nav class=\"elementor-nav-menu--dropdown elementor-nav-menu__container\" aria-hidden=\"true\">\n\t\t\t\t<ul id=\"menu-2-964a0a9\" class=\"elementor-nav-menu accessibility_menu\"><li class=\"menu-item menu-item-type-post_type menu-item-object-page menu-item-3244\"><a href=\"https:\/\/ospoljcane.si\/nova\/telovadnica\/\" class=\"elementor-item\" tabindex=\"-1\">Telovadnica<\/a><\/li>\n<li class=\"menu-item menu-item-type-post_type menu-item-object-page menu-item-3243\"><a href=\"https:\/\/ospoljcane.si\/nova\/hisni-red-v-telovadnici\/\" class=\"elementor-item\" tabindex=\"-1\">Hi\u0161ni red v telovadnici<\/a><\/li>\n<li class=\"menu-item menu-item-type-post_type menu-item-object-page menu-item-3664\"><a href=\"https:\/\/ospoljcane.si\/nova\/urnik-telovadnice\/\" class=\"elementor-item\" tabindex=\"-1\">Urnik telovadnice<\/a><\/li>\n<li class=\"menu-item menu-item-type-post_type menu-item-object-page menu-item-3754\"><a href=\"https:\/\/ospoljcane.si\/nova\/navodila\/\" class=\"elementor-item\" tabindex=\"-1\">Navodila<\/a><\/li>\n<\/ul>\t\t\t<\/nav>\n\t\t\t\t\t\t<\/div>\n\t\t\t\t<\/div>\n\t\t\t\t\t<\/div>\n\t\t<\/div>\n\t\t\t\t\t<\/div>\n\t\t<\/section>\n\t\t\t\t<section class=\"elementor-section elementor-top-section elementor-element elementor-element-6b223b6 elementor-section-boxed elementor-section-height-default elementor-section-height-default\" data-id=\"6b223b6\" data-element_type=\"section\" data-e-type=\"section\">\n\t\t\t\t\t\t<div class=\"elementor-container elementor-column-gap-default\">\n\t\t\t\t\t<div class=\"elementor-column elementor-col-100 elementor-top-column elementor-element elementor-element-d72bdec\" data-id=\"d72bdec\" data-element_type=\"column\" data-e-type=\"column\">\n\t\t\t<div class=\"elementor-widget-wrap elementor-element-populated\">\n\t\t\t\t\t\t<div class=\"elementor-element elementor-element-3df871f elementor-widget elementor-widget-text-editor\" data-id=\"3df871f\" data-element_type=\"widget\" data-e-type=\"widget\" data-widget_type=\"text-editor.default\">\n\t\t\t\t<div class=\"elementor-widget-container\">\n\t\t\t\t\t\t\t\t\t<p>Navodila za uporabo \u0161olskih rekvizitov, ki so na voljo v telovadnici.<\/p><ul><li><a href=\"https:\/\/ospoljcane.si\/nova\/wp-content\/uploads\/2021\/02\/BLAZINE-MEHKE-E22200.pdf\" target=\"_blank\" rel=\"noopener\">Mehke blazine<\/a><\/li><li><a href=\"https:\/\/ospoljcane.si\/nova\/wp-content\/uploads\/2021\/02\/BLAZINE-OSNOVNE-E22000.pdf\">Blazine osnovne<\/a><\/li><li><a href=\"https:\/\/ospoljcane.si\/nova\/wp-content\/uploads\/2021\/02\/BLAZINE-POLIVALENTNE-E22284.pdf\" target=\"_blank\" rel=\"noopener\">Blazine polivalentne<\/a><\/li><li><a href=\"https:\/\/ospoljcane.si\/nova\/wp-content\/uploads\/2021\/02\/BLAZINE.pdf\" target=\"_blank\" rel=\"noopener\">Blazine<\/a><\/li><li><a href=\"https:\/\/ospoljcane.si\/nova\/navodila\/\" target=\"_blank\" rel=\"noopener\">Blazinske prevleke<\/a><\/li><li><a href=\"https:\/\/ospoljcane.si\/nova\/wp-content\/uploads\/2021\/02\/DVIZNA-PREGRADNA-DVOPLASTNA-tip-DS.pdf\" target=\"_blank\" rel=\"noopener\">Dvi\u017ena dvoplastna pregrada<\/a><\/li><li><a href=\"https:\/\/ospoljcane.si\/nova\/wp-content\/uploads\/2021\/02\/E12600-KROGI-NA-VRVEH-stenski-EN-10-2008.pdf\" target=\"_blank\" rel=\"noopener\">E12600 krogi na vrveh<\/a><\/li><li><a href=\"https:\/\/ospoljcane.si\/nova\/wp-content\/uploads\/2021\/02\/GRED-NIZKA-E21385_0.pdf\" target=\"_blank\" rel=\"noopener\">Nizka gred<\/a><\/li><li><a href=\"https:\/\/ospoljcane.si\/nova\/urnik-telovadnice\/\" target=\"_blank\" rel=\"noopener\">Ko\u0161arkarski obro\u010di<\/a><\/li><li><a href=\"https:\/\/ospoljcane.si\/nova\/wp-content\/uploads\/2021\/02\/KLOP-35-m-E21381.pdf\" target=\"_blank\" rel=\"noopener\">Klop 3,5 m<\/a><\/li><li><a href=\"https:\/\/ospoljcane.si\/nova\/2021\/02\/10\/uresnicujemo-z-energijo-varcujemo\/\" target=\"_blank\" rel=\"noopener\">Ko\u0161arka stenska odmi\u010dna<\/a><\/li><li><a href=\"https:\/\/ospoljcane.si\/nova\/urnik-telovadnice\/\" target=\"_blank\" rel=\"noopener\">Ko\u0161arka stensko balkonska<\/a><\/li><li><a href=\"https:\/\/ospoljcane.si\/nova\/urnik-telovadnice\/\" target=\"_blank\" rel=\"noopener\">Ko\u0161arka stropno dvi\u017ena<\/a><\/li><li><a href=\"https:\/\/ospoljcane.si\/nova\/wp-content\/uploads\/2021\/02\/KOSARKA-REGULACIJA-260-305.pdf\" target=\"_blank\" rel=\"noopener\">Ko\u0161arka regulacija<\/a><\/li><li><a href=\"https:\/\/ospoljcane.si\/nova\/wp-content\/uploads\/2021\/02\/KOSARKARSKE-PLOSCE.pdf\" target=\"_blank\" rel=\"noopener\">Ko\u0161arka\u0161ka plo\u0161\u010da<\/a><\/li><li><a href=\"https:\/\/ospoljcane.si\/nova\/wp-content\/uploads\/2021\/02\/KOZE.pdf\" target=\"_blank\" rel=\"noopener\">Koze<\/a><\/li><li><a href=\"https:\/\/ospoljcane.si\/nova\/2021\/02\/15\/pustni-cas-cas-koledovanja\/\" target=\"_blank\" rel=\"noopener\">Krogi na vrveh<\/a><\/li><li><a href=\"https:\/\/ospoljcane.si\/nova\/wp-content\/uploads\/2021\/02\/letvenik.pdf\" target=\"_blank\" rel=\"noopener\">Letvenik<\/a><\/li><li><a href=\"https:\/\/ospoljcane.si\/nova\/wp-content\/uploads\/2021\/02\/navodila-za-uporabo_kosarka-elektro-pogon_0.pdf\" target=\"_blank\" rel=\"noopener\">Ko\u0161arka elektro pogon<\/a><\/li><li><a href=\"https:\/\/ospoljcane.si\/nova\/wp-content\/uploads\/2021\/02\/navodila-za-uporabo_kosarka-rocni-pogon.pdf\" target=\"_blank\" rel=\"noopener\">Ko\u0161arka ro\u010dni pogon<\/a><\/li><li><a href=\"https:\/\/ospoljcane.si\/nova\/wp-content\/uploads\/2021\/02\/navodila-za-uporabo_telesk-tribune.pdf\" target=\"_blank\" rel=\"noopener\">Teleskopske tribune<\/a><\/li><li><a href=\"https:\/\/ospoljcane.si\/nova\/wp-content\/uploads\/2021\/02\/navodila-za-uporabo_zavese.pdf\" target=\"_blank\" rel=\"noopener\">Uporaba zavese<\/a><\/li><li><a href=\"https:\/\/ospoljcane.si\/nova\/wp-content\/uploads\/2021\/02\/NOSILEC-ZA-SEMAFOR-24.pdf\" target=\"_blank\" rel=\"noopener\">Nosilec za semafor<\/a><\/li><li><a href=\"https:\/\/ospoljcane.si\/nova\/wp-content\/uploads\/2021\/02\/odbojka.pdf\" target=\"_blank\" rel=\"noopener\">Stojalo za odbojko<\/a><\/li><li><a href=\"https:\/\/ospoljcane.si\/nova\/wp-content\/uploads\/2021\/02\/ODRIVNE-DESKE-E21363-2012.pdf\" target=\"_blank\" rel=\"noopener\">Odrivne deske<\/a><\/li><li><a href=\"https:\/\/ospoljcane.si\/nova\/wp-content\/uploads\/2021\/02\/OGRAJE-TRIBUN.pdf\" target=\"_blank\" rel=\"noopener\">Ograja za tribune<\/a><\/li><li><a href=\"https:\/\/ospoljcane.si\/nova\/wp-content\/uploads\/2021\/02\/plezalna-garnitura.pdf\" target=\"_blank\" rel=\"noopener\">Plezalna garnitura<\/a><\/li><li><a href=\"https:\/\/ospoljcane.si\/nova\/wp-content\/uploads\/2021\/02\/ROKOMETNI-GOL-2008.pdf\" target=\"_blank\" rel=\"noopener\">Rokometni gol<\/a><\/li><li><strong><a href=\"https:\/\/ospoljcane.si\/nova\/wp-content\/uploads\/2021\/02\/SEKURIT-PLOSCA-Z-REG.pdf\" target=\"_blank\" rel=\"noopener\">Sekurit plo\u0161\u010da<\/a><\/strong><\/li><li><a href=\"https:\/\/ospoljcane.si\/nova\/wp-content\/uploads\/2021\/02\/TELOVADNE-SKRINJE-E21300-10-2008.pdf\" target=\"_blank\" rel=\"noopener\">Telovadne skrinje<\/a><\/li><li><a href=\"https:\/\/ospoljcane.si\/nova\/wp-content\/uploads\/2021\/02\/TRAMPOLIN-T21365-06-2010.pdf\" target=\"_blank\" rel=\"noopener\">Trampolin<\/a><\/li><li><a href=\"https:\/\/ospoljcane.si\/nova\/wp-content\/uploads\/2021\/02\/VOZICEK-ZA-BLAZINE-E22265.pdf\" target=\"_blank\" rel=\"noopener\">Vozi\u010dek za blazine<\/a><\/li><li><a href=\"https:\/\/ospoljcane.si\/nova\/wp-content\/uploads\/2021\/02\/VTICNI-DROG-DVOJNI-E12570.pdf\" target=\"_blank\" rel=\"noopener\">Vti\u010dni drog<\/a><\/li><li><a href=\"https:\/\/ospoljcane.si\/nova\/wp-content\/uploads\/2021\/02\/ZASCITNA-MREZA-OKEN-E14521.pdf\" target=\"_blank\" rel=\"noopener\">Za\u0161\u010ditna mre\u017ea oken<\/a><\/li><li><a href=\"https:\/\/ospoljcane.si\/nova\/wp-content\/uploads\/2021\/02\/ZASCITNA-MREZA-ZA-GOLOM-E14511.pdf\" target=\"_blank\" rel=\"noopener\">Za\u0161\u010ditna mre\u017ea za golom<\/a><\/li><\/ul>\t\t\t\t\t\t\t\t<\/div>\n\t\t\t\t<\/div>\n\t\t\t\t\t<\/div>\n\t\t<\/div>\n\t\t\t\t\t<\/div>\n\t\t<\/section>\n\t\t\t\t<\/div>\n\t\t","protected":false},"excerpt":{"rendered":"<p>Navodila za uporabo \u0161olskih rekvizitov, ki so na voljo v telovadnici. Mehke blazine Blazine osnovne Blazine polivalentne Blazine Blazinske prevleke Dvi\u017ena dvoplastna pregrada E12600 krogi &hellip; <\/p>\n","protected":false},"author":1,"featured_media":0,"parent":0,"menu_order":0,"comment_status":"closed","ping_status":"closed","template":"","meta":{"footnotes":""},"class_list":["post-3677","page","type-page","status-publish","hentry","image-hover-transition-effect","latest_post"],"yoast_head":"<!-- This site is optimized with the Yoast SEO plugin v27.4 - https:\/\/yoast.com\/product\/yoast-seo-wordpress\/ -->\n<title>Navodila - Osnovna \u0161ola Kajetana Kovi\u010da Polj\u010dane<\/title>\n<meta name=\"robots\" content=\"index, follow, max-snippet:-1, max-image-preview:large, max-video-preview:-1\" \/>\n<link rel=\"canonical\" href=\"https:\/\/ospoljcane.si\/nova\/navodila\/\" \/>\n<meta property=\"og:locale\" content=\"sl_SI\" \/>\n<meta property=\"og:type\" content=\"article\" \/>\n<meta property=\"og:title\" content=\"Navodila - Osnovna \u0161ola Kajetana Kovi\u010da Polj\u010dane\" \/>\n<meta property=\"og:description\" content=\"Navodila za uporabo \u0161olskih rekvizitov, ki so na voljo v telovadnici. Mehke blazine Blazine osnovne Blazine polivalentne Blazine Blazinske prevleke Dvi\u017ena dvoplastna pregrada E12600 krogi &hellip;\" \/>\n<meta property=\"og:url\" content=\"https:\/\/ospoljcane.si\/nova\/navodila\/\" \/>\n<meta property=\"og:site_name\" content=\"Osnovna \u0161ola Kajetana Kovi\u010da Polj\u010dane\" \/>\n<meta property=\"article:modified_time\" content=\"2021-02-16T08:26:00+00:00\" \/>\n<meta name=\"twitter:card\" content=\"summary_large_image\" \/>\n<script type=\"application\/ld+json\" class=\"yoast-schema-graph\">{\"@context\":\"https:\\\/\\\/schema.org\",\"@graph\":[{\"@type\":\"WebPage\",\"@id\":\"https:\\\/\\\/ospoljcane.si\\\/nova\\\/navodila\\\/\",\"url\":\"https:\\\/\\\/ospoljcane.si\\\/nova\\\/navodila\\\/\",\"name\":\"Navodila - Osnovna \u0161ola Kajetana Kovi\u010da Polj\u010dane\",\"isPartOf\":{\"@id\":\"https:\\\/\\\/ospoljcane.si\\\/nova\\\/#website\"},\"datePublished\":\"2021-02-16T07:00:21+00:00\",\"dateModified\":\"2021-02-16T08:26:00+00:00\",\"breadcrumb\":{\"@id\":\"https:\\\/\\\/ospoljcane.si\\\/nova\\\/navodila\\\/#breadcrumb\"},\"inLanguage\":\"sl-SI\",\"potentialAction\":[{\"@type\":\"ReadAction\",\"target\":[\"https:\\\/\\\/ospoljcane.si\\\/nova\\\/navodila\\\/\"]}]},{\"@type\":\"BreadcrumbList\",\"@id\":\"https:\\\/\\\/ospoljcane.si\\\/nova\\\/navodila\\\/#breadcrumb\",\"itemListElement\":[{\"@type\":\"ListItem\",\"position\":1,\"name\":\"Domov\",\"item\":\"https:\\\/\\\/ospoljcane.si\\\/nova\\\/\"},{\"@type\":\"ListItem\",\"position\":2,\"name\":\"Navodila\"}]},{\"@type\":\"WebSite\",\"@id\":\"https:\\\/\\\/ospoljcane.si\\\/nova\\\/#website\",\"url\":\"https:\\\/\\\/ospoljcane.si\\\/nova\\\/\",\"name\":\"Osnovna \u0161ola Kajetana Kovi\u010da Polj\u010dane\",\"description\":\"\",\"publisher\":{\"@id\":\"https:\\\/\\\/ospoljcane.si\\\/nova\\\/#organization\"},\"potentialAction\":[{\"@type\":\"SearchAction\",\"target\":{\"@type\":\"EntryPoint\",\"urlTemplate\":\"https:\\\/\\\/ospoljcane.si\\\/nova\\\/?s={search_term_string}\"},\"query-input\":{\"@type\":\"PropertyValueSpecification\",\"valueRequired\":true,\"valueName\":\"search_term_string\"}}],\"inLanguage\":\"sl-SI\"},{\"@type\":\"Organization\",\"@id\":\"https:\\\/\\\/ospoljcane.si\\\/nova\\\/#organization\",\"name\":\"Osnovna \u0161ola Kajetana Kovi\u010da Polj\u010dane\",\"url\":\"https:\\\/\\\/ospoljcane.si\\\/nova\\\/\",\"logo\":{\"@type\":\"ImageObject\",\"inLanguage\":\"sl-SI\",\"@id\":\"https:\\\/\\\/ospoljcane.si\\\/nova\\\/#\\\/schema\\\/logo\\\/image\\\/\",\"url\":\"https:\\\/\\\/ospoljcane.si\\\/nova\\\/wp-content\\\/uploads\\\/2020\\\/12\\\/cropped-cropped-Logotip-sole-2016_3G-1-1.png\",\"contentUrl\":\"https:\\\/\\\/ospoljcane.si\\\/nova\\\/wp-content\\\/uploads\\\/2020\\\/12\\\/cropped-cropped-Logotip-sole-2016_3G-1-1.png\",\"width\":512,\"height\":512,\"caption\":\"Osnovna \u0161ola Kajetana Kovi\u010da Polj\u010dane\"},\"image\":{\"@id\":\"https:\\\/\\\/ospoljcane.si\\\/nova\\\/#\\\/schema\\\/logo\\\/image\\\/\"}}]}<\/script>\n<!-- \/ Yoast SEO plugin. -->","yoast_head_json":{"title":"Navodila - Osnovna \u0161ola Kajetana Kovi\u010da Polj\u010dane","robots":{"index":"index","follow":"follow","max-snippet":"max-snippet:-1","max-image-preview":"max-image-preview:large","max-video-preview":"max-video-preview:-1"},"canonical":"https:\/\/ospoljcane.si\/nova\/navodila\/","og_locale":"sl_SI","og_type":"article","og_title":"Navodila - Osnovna \u0161ola Kajetana Kovi\u010da Polj\u010dane","og_description":"Navodila za uporabo \u0161olskih rekvizitov, ki so na voljo v telovadnici. Mehke blazine Blazine osnovne Blazine polivalentne Blazine Blazinske prevleke Dvi\u017ena dvoplastna pregrada E12600 krogi &hellip;","og_url":"https:\/\/ospoljcane.si\/nova\/navodila\/","og_site_name":"Osnovna \u0161ola Kajetana Kovi\u010da Polj\u010dane","article_modified_time":"2021-02-16T08:26:00+00:00","twitter_card":"summary_large_image","schema":{"@context":"https:\/\/schema.org","@graph":[{"@type":"WebPage","@id":"https:\/\/ospoljcane.si\/nova\/navodila\/","url":"https:\/\/ospoljcane.si\/nova\/navodila\/","name":"Navodila - Osnovna \u0161ola Kajetana Kovi\u010da Polj\u010dane","isPartOf":{"@id":"https:\/\/ospoljcane.si\/nova\/#website"},"datePublished":"2021-02-16T07:00:21+00:00","dateModified":"2021-02-16T08:26:00+00:00","breadcrumb":{"@id":"https:\/\/ospoljcane.si\/nova\/navodila\/#breadcrumb"},"inLanguage":"sl-SI","potentialAction":[{"@type":"ReadAction","target":["https:\/\/ospoljcane.si\/nova\/navodila\/"]}]},{"@type":"BreadcrumbList","@id":"https:\/\/ospoljcane.si\/nova\/navodila\/#breadcrumb","itemListElement":[{"@type":"ListItem","position":1,"name":"Domov","item":"https:\/\/ospoljcane.si\/nova\/"},{"@type":"ListItem","position":2,"name":"Navodila"}]},{"@type":"WebSite","@id":"https:\/\/ospoljcane.si\/nova\/#website","url":"https:\/\/ospoljcane.si\/nova\/","name":"Osnovna \u0161ola Kajetana Kovi\u010da Polj\u010dane","description":"","publisher":{"@id":"https:\/\/ospoljcane.si\/nova\/#organization"},"potentialAction":[{"@type":"SearchAction","target":{"@type":"EntryPoint","urlTemplate":"https:\/\/ospoljcane.si\/nova\/?s={search_term_string}"},"query-input":{"@type":"PropertyValueSpecification","valueRequired":true,"valueName":"search_term_string"}}],"inLanguage":"sl-SI"},{"@type":"Organization","@id":"https:\/\/ospoljcane.si\/nova\/#organization","name":"Osnovna \u0161ola Kajetana Kovi\u010da Polj\u010dane","url":"https:\/\/ospoljcane.si\/nova\/","logo":{"@type":"ImageObject","inLanguage":"sl-SI","@id":"https:\/\/ospoljcane.si\/nova\/#\/schema\/logo\/image\/","url":"https:\/\/ospoljcane.si\/nova\/wp-content\/uploads\/2020\/12\/cropped-cropped-Logotip-sole-2016_3G-1-1.png","contentUrl":"https:\/\/ospoljcane.si\/nova\/wp-content\/uploads\/2020\/12\/cropped-cropped-Logotip-sole-2016_3G-1-1.png","width":512,"height":512,"caption":"Osnovna \u0161ola Kajetana Kovi\u010da Polj\u010dane"},"image":{"@id":"https:\/\/ospoljcane.si\/nova\/#\/schema\/logo\/image\/"}}]}},"_links":{"self":[{"href":"https:\/\/ospoljcane.si\/nova\/wp-json\/wp\/v2\/pages\/3677","targetHints":{"allow":["GET"]}}],"collection":[{"href":"https:\/\/ospoljcane.si\/nova\/wp-json\/wp\/v2\/pages"}],"about":[{"href":"https:\/\/ospoljcane.si\/nova\/wp-json\/wp\/v2\/types\/page"}],"author":[{"embeddable":true,"href":"https:\/\/ospoljcane.si\/nova\/wp-json\/wp\/v2\/users\/1"}],"replies":[{"embeddable":true,"href":"https:\/\/ospoljcane.si\/nova\/wp-json\/wp\/v2\/comments?post=3677"}],"version-history":[{"count":36,"href":"https:\/\/ospoljcane.si\/nova\/wp-json\/wp\/v2\/pages\/3677\/revisions"}],"predecessor-version":[{"id":3753,"href":"https:\/\/ospoljcane.si\/nova\/wp-json\/wp\/v2\/pages\/3677\/revisions\/3753"}],"wp:attachment":[{"href":"https:\/\/ospoljcane.si\/nova\/wp-json\/wp\/v2\/media?parent=3677"}],"curies":[{"name":"wp","href":"https:\/\/api.w.org\/{rel}","templated":true}]}}