{"id":3198,"date":"2021-02-09T17:37:11","date_gmt":"2021-02-09T16:37:11","guid":{"rendered":"http:\/\/ospoljcane.si\/nova\/?page_id=3198"},"modified":"2021-06-02T08:16:04","modified_gmt":"2021-06-02T06:16:04","slug":"video-vsebine","status":"publish","type":"page","link":"https:\/\/ospoljcane.si\/nova\/video-vsebine\/","title":{"rendered":"Video vsebine"},"content":{"rendered":"\t\t<div data-elementor-type=\"wp-page\" data-elementor-id=\"3198\" class=\"elementor elementor-3198\" data-elementor-post-type=\"page\">\n\t\t\t\t\t\t<section class=\"elementor-section elementor-top-section elementor-element elementor-element-0da0bd7 elementor-section-boxed elementor-section-height-default elementor-section-height-default\" data-id=\"0da0bd7\" data-element_type=\"section\" data-e-type=\"section\">\n\t\t\t\t\t\t<div class=\"elementor-container elementor-column-gap-default\">\n\t\t\t\t\t<div class=\"elementor-column elementor-col-100 elementor-top-column elementor-element elementor-element-eee4b1f\" data-id=\"eee4b1f\" data-element_type=\"column\" data-e-type=\"column\">\n\t\t\t<div class=\"elementor-widget-wrap elementor-element-populated\">\n\t\t\t\t\t\t<div class=\"elementor-element elementor-element-a276f1f elementor-widget elementor-widget-text-editor\" data-id=\"a276f1f\" data-element_type=\"widget\" data-e-type=\"widget\" data-widget_type=\"text-editor.default\">\n\t\t\t\t<div class=\"elementor-widget-container\">\n\t\t\t\t\t\t\t\t\t<p>Na O\u0160 Kajetana Kovi\u010da Polj\u010dane se zadnja leta intenzivno ukvarjamo z video produkcijo. Svoje mo\u010di sta zdru\u017eila video kro\u017eek pod mentorstvom Mirana Voglarja in novinarski kro\u017eek pod mentorstvom Marine Kora\u017eija ter ob\u010dasno foto kro\u017eek pod mentorstvom Nejca Zidari\u010da. Ustvarjamo lastne, avtorske, video filme, z nekaterimi se tudi prijavljamo na razli\u010dne nagradne nate\u010daje. Snemamo \u0161e razli\u010dne prireditve, koncerte, valete, \u0161portne filme, \u0161ole v naravi, plavalne te\u010daje in z veseljem delimo spomine otrok z njihovimi star\u0161i. Trenutno imamo v uporabi amatersko strojno in programsko opremo, z leti pa \u017eelimo ustvariti svoj video center z bolj\u0161imi kamerami in bolj\u0161imi pogoji.\u00a0 Hvala vsem, ki nas, pri na\u0161em delu, podpirajo!<\/p><p>V nagradnih nate\u010dajih smo dosegli uvrstitve na dr\u017eavnem nivoju.\u00a0<\/p><p align=\"right\">Miran Voglar<\/p>\t\t\t\t\t\t\t\t<\/div>\n\t\t\t\t<\/div>\n\t\t\t\t<div class=\"elementor-element elementor-element-2bd4d07 elementor-posts--thumbnail-none elementor-grid-1 elementor-grid-tablet-2 elementor-grid-mobile-1 elementor-card-shadow-yes elementor-posts__hover-gradient elementor-widget elementor-widget-posts\" data-id=\"2bd4d07\" data-element_type=\"widget\" data-e-type=\"widget\" data-settings=\"{&quot;pagination_type&quot;:&quot;prev_next&quot;,&quot;cards_columns&quot;:&quot;1&quot;,&quot;cards_columns_tablet&quot;:&quot;2&quot;,&quot;cards_columns_mobile&quot;:&quot;1&quot;,&quot;cards_row_gap&quot;:{&quot;unit&quot;:&quot;px&quot;,&quot;size&quot;:35,&quot;sizes&quot;:[]},&quot;cards_row_gap_tablet&quot;:{&quot;unit&quot;:&quot;px&quot;,&quot;size&quot;:&quot;&quot;,&quot;sizes&quot;:[]},&quot;cards_row_gap_mobile&quot;:{&quot;unit&quot;:&quot;px&quot;,&quot;size&quot;:&quot;&quot;,&quot;sizes&quot;:[]}}\" data-widget_type=\"posts.cards\">\n\t\t\t\t<div class=\"elementor-widget-container\">\n\t\t\t\t\t\t\t<div class=\"elementor-posts-container elementor-posts elementor-posts--skin-cards elementor-grid\" role=\"list\">\n\t\t\t\t<article class=\"elementor-post elementor-grid-item post-9404 post type-post status-publish format-standard hentry category-nekategorizirano category-video-vsebine image-hover-transition-effect latest_post\" role=\"listitem\">\n\t\t\t<div class=\"elementor-post__card\">\n\t\t\t\t<div class=\"elementor-post__text\">\n\t\t\t\t<h3 class=\"elementor-post__title\">\n\t\t\t<a href=\"https:\/\/ospoljcane.si\/nova\/2022\/05\/25\/velikonocnica-endemicna-rastlina-boca\/\" >\n\t\t\t\tVelikono\u010dnica, endemi\u010dna rastlina Bo\u010da\t\t\t<\/a>\n\t\t<\/h3>\n\t\t\t\t<div class=\"elementor-post__excerpt\">\n\t\t\t<p>Kdor obi\u0161\u010de Polj\u010dane, ne more spregledati zelenega pogorja Bo\u010da, ki se dviga nad reko Dravinjo. Gora, ki v resnici \u0161e ni gora, izstopa na modrem<\/p>\n\t\t<\/div>\n\t\t\n\t\t<a class=\"elementor-post__read-more\" href=\"https:\/\/ospoljcane.si\/nova\/2022\/05\/25\/velikonocnica-endemicna-rastlina-boca\/\" aria-label=\"Read more about Velikono\u010dnica, endemi\u010dna rastlina Bo\u010da\" tabindex=\"-1\" >\n\t\t\tOglejte si vsebino\t\t<\/a>\n\n\t\t\t\t<\/div>\n\t\t\t\t\t<\/div>\n\t\t<\/article>\n\t\t\t\t<article class=\"elementor-post elementor-grid-item post-8293 post type-post status-publish format-standard hentry category-video-vsebine image-hover-transition-effect latest_post\" role=\"listitem\">\n\t\t\t<div class=\"elementor-post__card\">\n\t\t\t\t<div class=\"elementor-post__text\">\n\t\t\t\t<h3 class=\"elementor-post__title\">\n\t\t\t<a href=\"https:\/\/ospoljcane.si\/nova\/2022\/02\/17\/miyawaki-jev-gozdicek-miyawaki-forest\/\" >\n\t\t\t\tMiyawaki-jev gozdi\u010dek &#8211; Miyawaki forest\t\t\t<\/a>\n\t\t<\/h3>\n\t\t\t\t<div class=\"elementor-post__excerpt\">\n\t\t\t<p>Po Miyawakijevi metodi\u00a0naj bi drevesa zrasla 10-krat hitreje kot v naravnem gozdu, gozdi\u010dki pa so tudi biolo\u0161ko bolj raznovrstni kot\u00a0gospodarski\u00a0gozdovi v naravi. Raznolikost drevesnih vrst<\/p>\n\t\t<\/div>\n\t\t\n\t\t<a class=\"elementor-post__read-more\" href=\"https:\/\/ospoljcane.si\/nova\/2022\/02\/17\/miyawaki-jev-gozdicek-miyawaki-forest\/\" aria-label=\"Read more about Miyawaki-jev gozdi\u010dek &#8211; Miyawaki forest\" tabindex=\"-1\" >\n\t\t\tOglejte si vsebino\t\t<\/a>\n\n\t\t\t\t<\/div>\n\t\t\t\t\t<\/div>\n\t\t<\/article>\n\t\t\t\t<article class=\"elementor-post elementor-grid-item post-7174 post type-post status-publish format-standard hentry category-video-vsebine image-hover-transition-effect latest_post\" role=\"listitem\">\n\t\t\t<div class=\"elementor-post__card\">\n\t\t\t\t<div class=\"elementor-post__text\">\n\t\t\t\t<h3 class=\"elementor-post__title\">\n\t\t\t<a href=\"https:\/\/ospoljcane.si\/nova\/2021\/10\/21\/dan-reformacije\/\" >\n\t\t\t\tDan reformacije\t\t\t<\/a>\n\t\t<\/h3>\n\t\t\t\t<div class=\"elementor-post__excerpt\">\n\t\t\t\t\t<\/div>\n\t\t\n\t\t<a class=\"elementor-post__read-more\" href=\"https:\/\/ospoljcane.si\/nova\/2021\/10\/21\/dan-reformacije\/\" aria-label=\"Read more about Dan reformacije\" tabindex=\"-1\" >\n\t\t\tOglejte si vsebino\t\t<\/a>\n\n\t\t\t\t<\/div>\n\t\t\t\t\t<\/div>\n\t\t<\/article>\n\t\t\t\t<article class=\"elementor-post elementor-grid-item post-7169 post type-post status-publish format-standard hentry category-video-vsebine image-hover-transition-effect latest_post\" role=\"listitem\">\n\t\t\t<div class=\"elementor-post__card\">\n\t\t\t\t<div class=\"elementor-post__text\">\n\t\t\t\t<h3 class=\"elementor-post__title\">\n\t\t\t<a href=\"https:\/\/ospoljcane.si\/nova\/2021\/10\/21\/juzni-otok\/\" >\n\t\t\t\tJu\u017eni otok\t\t\t<\/a>\n\t\t<\/h3>\n\t\t\t\t<div class=\"elementor-post__excerpt\">\n\t\t\t<p>Pesem Ju\u017eni otok Kajetana Kovi\u010da v izvedbi u\u010denke 8. razreda.<\/p>\n\t\t<\/div>\n\t\t\n\t\t<a class=\"elementor-post__read-more\" href=\"https:\/\/ospoljcane.si\/nova\/2021\/10\/21\/juzni-otok\/\" aria-label=\"Read more about Ju\u017eni otok\" tabindex=\"-1\" >\n\t\t\tOglejte si vsebino\t\t<\/a>\n\n\t\t\t\t<\/div>\n\t\t\t\t\t<\/div>\n\t\t<\/article>\n\t\t\t\t<article class=\"elementor-post elementor-grid-item post-6032 post type-post status-publish format-standard hentry category-video-vsebine image-hover-transition-effect latest_post\" role=\"listitem\">\n\t\t\t<div class=\"elementor-post__card\">\n\t\t\t\t<div class=\"elementor-post__text\">\n\t\t\t\t<h3 class=\"elementor-post__title\">\n\t\t\t<a href=\"https:\/\/ospoljcane.si\/nova\/2021\/06\/23\/ena-in-edina-moja-domovina-slovenija-2\/\" >\n\t\t\t\tEna in edina, moja domovina Slovenija\t\t\t<\/a>\n\t\t<\/h3>\n\t\t\t\t<div class=\"elementor-post__excerpt\">\n\t\t\t<p>V sklopu projekta POGUM je na \u0161oli potekalo ve\u010d dejavnosti. Oglejte si video posnetek, ki je nastal ob razstavi z naslovom Ena in edina, moja domovina Slovenija.<\/p>\n\t\t<\/div>\n\t\t\n\t\t<a class=\"elementor-post__read-more\" href=\"https:\/\/ospoljcane.si\/nova\/2021\/06\/23\/ena-in-edina-moja-domovina-slovenija-2\/\" aria-label=\"Read more about Ena in edina, moja domovina Slovenija\" tabindex=\"-1\" >\n\t\t\tOglejte si vsebino\t\t<\/a>\n\n\t\t\t\t<\/div>\n\t\t\t\t\t<\/div>\n\t\t<\/article>\n\t\t\t\t<article class=\"elementor-post elementor-grid-item post-3833 post type-post status-publish format-standard hentry category-video-vsebine image-hover-transition-effect latest_post\" role=\"listitem\">\n\t\t\t<div class=\"elementor-post__card\">\n\t\t\t\t<div class=\"elementor-post__text\">\n\t\t\t\t<h3 class=\"elementor-post__title\">\n\t\t\t<a href=\"https:\/\/ospoljcane.si\/nova\/2021\/02\/17\/je-lesni-prah-nevaren\/\" >\n\t\t\t\tJe lesni prah nevaren ?\t\t\t<\/a>\n\t\t<\/h3>\n\t\t\t\t<div class=\"elementor-post__excerpt\">\n\t\t\t<p>V okviru medpredmetnega sodelovanja med tehniko in filmsko vzgojo, smo na Osnovni \u0161oli Kajetana Kovi\u010da Polj\u010dane, posneli video film z naslovom JE LESNI PRAH NEVAREN?<\/p>\n\t\t<\/div>\n\t\t\n\t\t<a class=\"elementor-post__read-more\" href=\"https:\/\/ospoljcane.si\/nova\/2021\/02\/17\/je-lesni-prah-nevaren\/\" aria-label=\"Read more about Je lesni prah nevaren ?\" tabindex=\"-1\" >\n\t\t\tOglejte si vsebino\t\t<\/a>\n\n\t\t\t\t<\/div>\n\t\t\t\t\t<\/div>\n\t\t<\/article>\n\t\t\t\t<\/div>\n\t\t\n\t\t\t\t<div class=\"e-load-more-anchor\" data-page=\"1\" data-max-page=\"3\" data-next-page=\"https:\/\/ospoljcane.si\/nova\/wp-json\/wp\/v2\/pages\/3198\/page\/2\/\"><\/div>\n\t\t\t\t<nav class=\"elementor-pagination\" aria-label=\"Pagination\">\n\t\t\t<span class=\"page-numbers prev\">&laquo; Nazaj<\/span>\n<a class=\"page-numbers next\" href=\"https:\/\/ospoljcane.si\/nova\/wp-json\/wp\/v2\/pages\/3198\/page\/2\/\">Naprej&raquo;<\/a>\t\t<\/nav>\n\t\t\t\t\t\t<\/div>\n\t\t\t\t<\/div>\n\t\t\t\t\t<\/div>\n\t\t<\/div>\n\t\t\t\t\t<\/div>\n\t\t<\/section>\n\t\t\t\t<\/div>\n\t\t","protected":false},"excerpt":{"rendered":"<p>Na O\u0160 Kajetana Kovi\u010da Polj\u010dane se zadnja leta intenzivno ukvarjamo z video produkcijo. Svoje mo\u010di sta zdru\u017eila video kro\u017eek pod mentorstvom Mirana Voglarja in novinarski &hellip; <\/p>\n","protected":false},"author":1,"featured_media":0,"parent":0,"menu_order":0,"comment_status":"closed","ping_status":"closed","template":"","meta":{"footnotes":""},"class_list":["post-3198","page","type-page","status-publish","hentry","image-hover-transition-effect","latest_post"],"yoast_head":"<!-- This site is optimized with the Yoast SEO plugin v27.4 - https:\/\/yoast.com\/product\/yoast-seo-wordpress\/ -->\n<title>Video vsebine - Osnovna \u0161ola Kajetana Kovi\u010da Polj\u010dane<\/title>\n<meta name=\"robots\" content=\"index, follow, max-snippet:-1, max-image-preview:large, max-video-preview:-1\" \/>\n<link rel=\"canonical\" href=\"https:\/\/ospoljcane.si\/nova\/video-vsebine\/\" \/>\n<meta property=\"og:locale\" content=\"sl_SI\" \/>\n<meta property=\"og:type\" content=\"article\" \/>\n<meta property=\"og:title\" content=\"Video vsebine - Osnovna \u0161ola Kajetana Kovi\u010da Polj\u010dane\" \/>\n<meta property=\"og:description\" content=\"Na O\u0160 Kajetana Kovi\u010da Polj\u010dane se zadnja leta intenzivno ukvarjamo z video produkcijo. Svoje mo\u010di sta zdru\u017eila video kro\u017eek pod mentorstvom Mirana Voglarja in novinarski &hellip;\" \/>\n<meta property=\"og:url\" content=\"https:\/\/ospoljcane.si\/nova\/video-vsebine\/\" \/>\n<meta property=\"og:site_name\" content=\"Osnovna \u0161ola Kajetana Kovi\u010da Polj\u010dane\" \/>\n<meta property=\"article:modified_time\" content=\"2021-06-02T06:16:04+00:00\" \/>\n<meta name=\"twitter:card\" content=\"summary_large_image\" \/>\n<meta name=\"twitter:label1\" content=\"Est. reading time\" \/>\n\t<meta name=\"twitter:data1\" content=\"2 minuti\" \/>\n<script type=\"application\/ld+json\" class=\"yoast-schema-graph\">{\"@context\":\"https:\\\/\\\/schema.org\",\"@graph\":[{\"@type\":\"WebPage\",\"@id\":\"https:\\\/\\\/ospoljcane.si\\\/nova\\\/video-vsebine\\\/\",\"url\":\"https:\\\/\\\/ospoljcane.si\\\/nova\\\/video-vsebine\\\/\",\"name\":\"Video vsebine - Osnovna \u0161ola Kajetana Kovi\u010da Polj\u010dane\",\"isPartOf\":{\"@id\":\"https:\\\/\\\/ospoljcane.si\\\/nova\\\/#website\"},\"datePublished\":\"2021-02-09T16:37:11+00:00\",\"dateModified\":\"2021-06-02T06:16:04+00:00\",\"breadcrumb\":{\"@id\":\"https:\\\/\\\/ospoljcane.si\\\/nova\\\/video-vsebine\\\/#breadcrumb\"},\"inLanguage\":\"sl-SI\",\"potentialAction\":[{\"@type\":\"ReadAction\",\"target\":[\"https:\\\/\\\/ospoljcane.si\\\/nova\\\/video-vsebine\\\/\"]}]},{\"@type\":\"BreadcrumbList\",\"@id\":\"https:\\\/\\\/ospoljcane.si\\\/nova\\\/video-vsebine\\\/#breadcrumb\",\"itemListElement\":[{\"@type\":\"ListItem\",\"position\":1,\"name\":\"Domov\",\"item\":\"https:\\\/\\\/ospoljcane.si\\\/nova\\\/\"},{\"@type\":\"ListItem\",\"position\":2,\"name\":\"Video vsebine\"}]},{\"@type\":\"WebSite\",\"@id\":\"https:\\\/\\\/ospoljcane.si\\\/nova\\\/#website\",\"url\":\"https:\\\/\\\/ospoljcane.si\\\/nova\\\/\",\"name\":\"Osnovna \u0161ola Kajetana Kovi\u010da Polj\u010dane\",\"description\":\"\",\"publisher\":{\"@id\":\"https:\\\/\\\/ospoljcane.si\\\/nova\\\/#organization\"},\"potentialAction\":[{\"@type\":\"SearchAction\",\"target\":{\"@type\":\"EntryPoint\",\"urlTemplate\":\"https:\\\/\\\/ospoljcane.si\\\/nova\\\/?s={search_term_string}\"},\"query-input\":{\"@type\":\"PropertyValueSpecification\",\"valueRequired\":true,\"valueName\":\"search_term_string\"}}],\"inLanguage\":\"sl-SI\"},{\"@type\":\"Organization\",\"@id\":\"https:\\\/\\\/ospoljcane.si\\\/nova\\\/#organization\",\"name\":\"Osnovna \u0161ola Kajetana Kovi\u010da Polj\u010dane\",\"url\":\"https:\\\/\\\/ospoljcane.si\\\/nova\\\/\",\"logo\":{\"@type\":\"ImageObject\",\"inLanguage\":\"sl-SI\",\"@id\":\"https:\\\/\\\/ospoljcane.si\\\/nova\\\/#\\\/schema\\\/logo\\\/image\\\/\",\"url\":\"https:\\\/\\\/ospoljcane.si\\\/nova\\\/wp-content\\\/uploads\\\/2020\\\/12\\\/cropped-cropped-Logotip-sole-2016_3G-1-1.png\",\"contentUrl\":\"https:\\\/\\\/ospoljcane.si\\\/nova\\\/wp-content\\\/uploads\\\/2020\\\/12\\\/cropped-cropped-Logotip-sole-2016_3G-1-1.png\",\"width\":512,\"height\":512,\"caption\":\"Osnovna \u0161ola Kajetana Kovi\u010da Polj\u010dane\"},\"image\":{\"@id\":\"https:\\\/\\\/ospoljcane.si\\\/nova\\\/#\\\/schema\\\/logo\\\/image\\\/\"}}]}<\/script>\n<!-- \/ Yoast SEO plugin. -->","yoast_head_json":{"title":"Video vsebine - Osnovna \u0161ola Kajetana Kovi\u010da Polj\u010dane","robots":{"index":"index","follow":"follow","max-snippet":"max-snippet:-1","max-image-preview":"max-image-preview:large","max-video-preview":"max-video-preview:-1"},"canonical":"https:\/\/ospoljcane.si\/nova\/video-vsebine\/","og_locale":"sl_SI","og_type":"article","og_title":"Video vsebine - Osnovna \u0161ola Kajetana Kovi\u010da Polj\u010dane","og_description":"Na O\u0160 Kajetana Kovi\u010da Polj\u010dane se zadnja leta intenzivno ukvarjamo z video produkcijo. Svoje mo\u010di sta zdru\u017eila video kro\u017eek pod mentorstvom Mirana Voglarja in novinarski &hellip;","og_url":"https:\/\/ospoljcane.si\/nova\/video-vsebine\/","og_site_name":"Osnovna \u0161ola Kajetana Kovi\u010da Polj\u010dane","article_modified_time":"2021-06-02T06:16:04+00:00","twitter_card":"summary_large_image","twitter_misc":{"Est. reading time":"2 minuti"},"schema":{"@context":"https:\/\/schema.org","@graph":[{"@type":"WebPage","@id":"https:\/\/ospoljcane.si\/nova\/video-vsebine\/","url":"https:\/\/ospoljcane.si\/nova\/video-vsebine\/","name":"Video vsebine - Osnovna \u0161ola Kajetana Kovi\u010da Polj\u010dane","isPartOf":{"@id":"https:\/\/ospoljcane.si\/nova\/#website"},"datePublished":"2021-02-09T16:37:11+00:00","dateModified":"2021-06-02T06:16:04+00:00","breadcrumb":{"@id":"https:\/\/ospoljcane.si\/nova\/video-vsebine\/#breadcrumb"},"inLanguage":"sl-SI","potentialAction":[{"@type":"ReadAction","target":["https:\/\/ospoljcane.si\/nova\/video-vsebine\/"]}]},{"@type":"BreadcrumbList","@id":"https:\/\/ospoljcane.si\/nova\/video-vsebine\/#breadcrumb","itemListElement":[{"@type":"ListItem","position":1,"name":"Domov","item":"https:\/\/ospoljcane.si\/nova\/"},{"@type":"ListItem","position":2,"name":"Video vsebine"}]},{"@type":"WebSite","@id":"https:\/\/ospoljcane.si\/nova\/#website","url":"https:\/\/ospoljcane.si\/nova\/","name":"Osnovna \u0161ola Kajetana Kovi\u010da Polj\u010dane","description":"","publisher":{"@id":"https:\/\/ospoljcane.si\/nova\/#organization"},"potentialAction":[{"@type":"SearchAction","target":{"@type":"EntryPoint","urlTemplate":"https:\/\/ospoljcane.si\/nova\/?s={search_term_string}"},"query-input":{"@type":"PropertyValueSpecification","valueRequired":true,"valueName":"search_term_string"}}],"inLanguage":"sl-SI"},{"@type":"Organization","@id":"https:\/\/ospoljcane.si\/nova\/#organization","name":"Osnovna \u0161ola Kajetana Kovi\u010da Polj\u010dane","url":"https:\/\/ospoljcane.si\/nova\/","logo":{"@type":"ImageObject","inLanguage":"sl-SI","@id":"https:\/\/ospoljcane.si\/nova\/#\/schema\/logo\/image\/","url":"https:\/\/ospoljcane.si\/nova\/wp-content\/uploads\/2020\/12\/cropped-cropped-Logotip-sole-2016_3G-1-1.png","contentUrl":"https:\/\/ospoljcane.si\/nova\/wp-content\/uploads\/2020\/12\/cropped-cropped-Logotip-sole-2016_3G-1-1.png","width":512,"height":512,"caption":"Osnovna \u0161ola Kajetana Kovi\u010da Polj\u010dane"},"image":{"@id":"https:\/\/ospoljcane.si\/nova\/#\/schema\/logo\/image\/"}}]}},"_links":{"self":[{"href":"https:\/\/ospoljcane.si\/nova\/wp-json\/wp\/v2\/pages\/3198","targetHints":{"allow":["GET"]}}],"collection":[{"href":"https:\/\/ospoljcane.si\/nova\/wp-json\/wp\/v2\/pages"}],"about":[{"href":"https:\/\/ospoljcane.si\/nova\/wp-json\/wp\/v2\/types\/page"}],"author":[{"embeddable":true,"href":"https:\/\/ospoljcane.si\/nova\/wp-json\/wp\/v2\/users\/1"}],"replies":[{"embeddable":true,"href":"https:\/\/ospoljcane.si\/nova\/wp-json\/wp\/v2\/comments?post=3198"}],"version-history":[{"count":12,"href":"https:\/\/ospoljcane.si\/nova\/wp-json\/wp\/v2\/pages\/3198\/revisions"}],"predecessor-version":[{"id":5676,"href":"https:\/\/ospoljcane.si\/nova\/wp-json\/wp\/v2\/pages\/3198\/revisions\/5676"}],"wp:attachment":[{"href":"https:\/\/ospoljcane.si\/nova\/wp-json\/wp\/v2\/media?parent=3198"}],"curies":[{"name":"wp","href":"https:\/\/api.w.org\/{rel}","templated":true}]}}