{"id":2680,"date":"2021-01-28T22:38:07","date_gmt":"2021-01-28T21:38:07","guid":{"rendered":"http:\/\/ospoljcane.si\/nova\/?page_id=2680"},"modified":"2026-04-08T12:35:46","modified_gmt":"2026-04-08T10:35:46","slug":"jedilniki","status":"publish","type":"page","link":"https:\/\/ospoljcane.si\/nova\/jedilniki\/","title":{"rendered":"Jedilniki"},"content":{"rendered":"\t\t<div data-elementor-type=\"wp-page\" data-elementor-id=\"2680\" class=\"elementor elementor-2680\" data-elementor-post-type=\"page\">\n\t\t\t\t\t\t<section class=\"elementor-section elementor-top-section elementor-element elementor-element-0f80200 elementor-section-boxed elementor-section-height-default elementor-section-height-default\" data-id=\"0f80200\" data-element_type=\"section\" data-e-type=\"section\">\n\t\t\t\t\t\t<div class=\"elementor-container elementor-column-gap-default\">\n\t\t\t\t\t<div class=\"elementor-column elementor-col-33 elementor-top-column elementor-element elementor-element-9a8433b\" data-id=\"9a8433b\" data-element_type=\"column\" data-e-type=\"column\">\n\t\t\t<div class=\"elementor-widget-wrap\">\n\t\t\t\t\t\t\t<\/div>\n\t\t<\/div>\n\t\t\t\t<div class=\"elementor-column elementor-col-33 elementor-top-column elementor-element elementor-element-2cce0f4\" data-id=\"2cce0f4\" data-element_type=\"column\" data-e-type=\"column\">\n\t\t\t<div class=\"elementor-widget-wrap elementor-element-populated\">\n\t\t\t\t\t\t<div class=\"elementor-element elementor-element-5d76fbf elementor-widget elementor-widget-text-editor\" data-id=\"5d76fbf\" data-element_type=\"widget\" data-e-type=\"widget\" data-widget_type=\"text-editor.default\">\n\t\t\t\t<div class=\"elementor-widget-container\">\n\t\t\t\t\t\t\t\t\t<h3><span style=\"color: #36b536;\"><strong>April<\/strong><\/span><\/h3><p><a href=\"https:\/\/ospoljcane.si\/nova\/wp-content\/uploads\/2026\/04\/April-13.4.-17.4.pdf\"><span style=\"color: #00ccff;\"><strong>13. <\/strong><\/span><span style=\"color: #00ccff;\"><strong>4. &#8211; 17. 4. 2026<\/strong><\/span><\/a><\/p><p><a href=\"https:\/\/ospoljcane.si\/nova\/wp-content\/uploads\/2026\/04\/April-6.4.-10.4.pdf\"><span style=\"color: #00ccff;\"><strong>6<\/strong><\/span><span style=\"color: #00ccff;\"><strong>. 4. &#8211; 10. 4. 2026<\/strong><\/span><\/a><\/p><p><a href=\"https:\/\/ospoljcane.si\/nova\/wp-content\/uploads\/2026\/03\/1.4-3.4.pdf\"><span style=\"color: #00ccff;\"><strong>1<\/strong><\/span><span style=\"color: #00ccff;\"><strong>. 4. &#8211; 3. 4. 2026<\/strong><\/span><\/a><\/p>\t\t\t\t\t\t\t\t<\/div>\n\t\t\t\t<\/div>\n\t\t\t\t\t<\/div>\n\t\t<\/div>\n\t\t\t\t<div class=\"elementor-column elementor-col-33 elementor-top-column elementor-element elementor-element-dc89026\" data-id=\"dc89026\" data-element_type=\"column\" data-e-type=\"column\">\n\t\t\t<div class=\"elementor-widget-wrap elementor-element-populated\">\n\t\t\t\t\t\t<div class=\"elementor-element elementor-element-549a641 elementor-widget elementor-widget-text-editor\" data-id=\"549a641\" data-element_type=\"widget\" data-e-type=\"widget\" data-widget_type=\"text-editor.default\">\n\t\t\t\t<div class=\"elementor-widget-container\">\n\t\t\t\t\t\t\t\t\t<h3><span style=\"color: #00ff00;\"><strong>Marec<\/strong><\/span><\/h3><p><a href=\"https:\/\/ospoljcane.si\/nova\/wp-content\/uploads\/2026\/03\/April-30.3.-31.3.pdf\"><span style=\"color: #00ccff;\"><strong>30<\/strong><\/span><span style=\"color: #00ccff;\"><strong>. 3. &#8211; 31. 3. 2026<\/strong><\/span><\/a><\/p><p><a href=\"https:\/\/ospoljcane.si\/nova\/wp-content\/uploads\/2026\/03\/Marec-23.3.-27.3.pdf\"><span style=\"color: #00ccff;\"><strong>23. 3. &#8211; 27. 3. 2026<\/strong><\/span><\/a><\/p><p><a href=\"https:\/\/ospoljcane.si\/nova\/wp-content\/uploads\/2026\/03\/Marec-16.3.-20.3.pdf\"><span style=\"color: #00ccff;\"><strong>16. 3. &#8211; 20. 3. 2026<\/strong><\/span><\/a><\/p><p><a href=\"https:\/\/ospoljcane.si\/nova\/wp-content\/uploads\/2026\/03\/Marec-9.3.-13.3.pdf\"><span style=\"color: #00ccff;\"><strong>9. 3. &#8211; 13. 3. 2026<\/strong><\/span><\/a><\/p><p><a href=\"https:\/\/ospoljcane.si\/nova\/wp-content\/uploads\/2026\/02\/Marec-2.3.-6.3.pdf\"><span style=\"color: #00ccff;\"><strong>2. 3. &#8211; 6. 3. 2026<\/strong><\/span><\/a><\/p>\t\t\t\t\t\t\t\t<\/div>\n\t\t\t\t<\/div>\n\t\t\t\t\t<\/div>\n\t\t<\/div>\n\t\t\t\t\t<\/div>\n\t\t<\/section>\n\t\t\t\t<section class=\"elementor-section elementor-top-section elementor-element elementor-element-7be8593 elementor-section-boxed elementor-section-height-default elementor-section-height-default\" data-id=\"7be8593\" data-element_type=\"section\" data-e-type=\"section\">\n\t\t\t\t\t\t<div class=\"elementor-container elementor-column-gap-default\">\n\t\t\t\t\t<div class=\"elementor-column elementor-col-33 elementor-top-column elementor-element elementor-element-18d9b99\" data-id=\"18d9b99\" data-element_type=\"column\" data-e-type=\"column\">\n\t\t\t<div class=\"elementor-widget-wrap elementor-element-populated\">\n\t\t\t\t\t\t<div class=\"elementor-element elementor-element-17a0170 elementor-widget elementor-widget-text-editor\" data-id=\"17a0170\" data-element_type=\"widget\" data-e-type=\"widget\" data-widget_type=\"text-editor.default\">\n\t\t\t\t<div class=\"elementor-widget-container\">\n\t\t\t\t\t\t\t\t\t<h3><span style=\"color: #33cccc;\"><strong>Februar<\/strong><\/span><\/h3><p><a href=\"https:\/\/ospoljcane.si\/nova\/wp-content\/uploads\/2026\/02\/Februar-16.2.-20.2.pdf\"><span style=\"color: #00ccff;\"><strong>16. 2. -20. 2. 2026<\/strong><\/span><\/a><\/p><p><a href=\"https:\/\/ospoljcane.si\/nova\/wp-content\/uploads\/2026\/02\/Februar-9.2.-13.2.pdf\"><span style=\"color: #00ccff;\"><strong>9. 2. -13. 2. 2026<\/strong><\/span><\/a><\/p><p><a href=\"https:\/\/ospoljcane.si\/nova\/wp-content\/uploads\/2026\/02\/Februar-2.2.-6.2.pdf\"><span style=\"color: #00ccff;\"><strong>2. 2. &#8211; 6. 2. 2026<\/strong><\/span><\/a><\/p>\t\t\t\t\t\t\t\t<\/div>\n\t\t\t\t<\/div>\n\t\t\t\t\t<\/div>\n\t\t<\/div>\n\t\t\t\t<div class=\"elementor-column elementor-col-33 elementor-top-column elementor-element elementor-element-c28d0ff\" data-id=\"c28d0ff\" data-element_type=\"column\" data-e-type=\"column\">\n\t\t\t<div class=\"elementor-widget-wrap elementor-element-populated\">\n\t\t\t\t\t\t<div class=\"elementor-element elementor-element-4aa509a elementor-widget elementor-widget-text-editor\" data-id=\"4aa509a\" data-element_type=\"widget\" data-e-type=\"widget\" data-widget_type=\"text-editor.default\">\n\t\t\t\t<div class=\"elementor-widget-container\">\n\t\t\t\t\t\t\t\t\t<h3><span style=\"color: #0000ff;\"><strong>Januar<\/strong><\/span><\/h3><p><a href=\"https:\/\/ospoljcane.si\/nova\/wp-content\/uploads\/2026\/01\/Januar-26.1.-30.1.pdf\"><span style=\"color: #00ccff;\"><strong>26. 1. &#8211; 30. 1. 2026<\/strong><\/span><\/a><\/p><p><a href=\"https:\/\/ospoljcane.si\/nova\/wp-content\/uploads\/2026\/01\/Januar-19.1.-23.1.pdf\"><span style=\"color: #00ccff;\"><strong>19. 1. &#8211; 23. 1. 2026<\/strong><\/span><\/a><\/p><p><a href=\"https:\/\/ospoljcane.si\/nova\/wp-content\/uploads\/2026\/01\/Januar-12.1.-16.1.-1.pdf\"><span style=\"color: #00ccff;\"><strong>12. 1. &#8211; 16. 1. 2026<\/strong><\/span><\/a><\/p><p><a href=\"https:\/\/ospoljcane.si\/nova\/wp-content\/uploads\/2026\/01\/Januar-5.1.-9.1.pdf\"><span style=\"color: #00ccff;\"><strong>5. 1. &#8211; 9. 1. 2026<\/strong><\/span><\/a><\/p>\t\t\t\t\t\t\t\t<\/div>\n\t\t\t\t<\/div>\n\t\t\t\t\t<\/div>\n\t\t<\/div>\n\t\t\t\t<div class=\"elementor-column elementor-col-33 elementor-top-column elementor-element elementor-element-040ce8a\" data-id=\"040ce8a\" data-element_type=\"column\" data-e-type=\"column\">\n\t\t\t<div class=\"elementor-widget-wrap elementor-element-populated\">\n\t\t\t\t\t\t<div class=\"elementor-element elementor-element-91cbeb1 elementor-widget elementor-widget-text-editor\" data-id=\"91cbeb1\" data-element_type=\"widget\" data-e-type=\"widget\" data-widget_type=\"text-editor.default\">\n\t\t\t\t<div class=\"elementor-widget-container\">\n\t\t\t\t\t\t\t\t\t<h3><span style=\"color: #333399;\"><strong>December<\/strong><\/span><\/h3><p><a href=\"https:\/\/ospoljcane.si\/nova\/wp-content\/uploads\/2025\/12\/December-22.12.-24.12.pdf\"><span style=\"color: #00ccff;\"><strong>22<\/strong><\/span><span style=\"color: #00ccff;\"><strong>. 12. -23. 12. 2025<\/strong><\/span><\/a><\/p><p><a href=\"https:\/\/ospoljcane.si\/nova\/wp-content\/uploads\/2025\/12\/December-15.12.-19.12.pdf\"><span style=\"color: #00ccff;\"><strong>15<\/strong><\/span><span style=\"color: #00ccff;\"><strong>. 12. -19. 12. 2025<\/strong><\/span><\/a><\/p><p><a href=\"https:\/\/ospoljcane.si\/nova\/wp-content\/uploads\/2025\/12\/December-8.12.-12.12.pdf\"><span style=\"color: #00ccff;\"><strong>8<\/strong><\/span><span style=\"color: #00ccff;\"><strong>. 12. -12. 12. 2025<\/strong><\/span><\/a><\/p><p><a href=\"https:\/\/ospoljcane.si\/nova\/wp-content\/uploads\/2025\/11\/December-1.12.-5.12.pdf\"><span style=\"color: #00ccff;\"><strong>1. 12. &#8211; 5. 12. 2025<\/strong><\/span><\/a><\/p>\t\t\t\t\t\t\t\t<\/div>\n\t\t\t\t<\/div>\n\t\t\t\t\t<\/div>\n\t\t<\/div>\n\t\t\t\t\t<\/div>\n\t\t<\/section>\n\t\t\t\t<section class=\"elementor-section elementor-top-section elementor-element elementor-element-770fde9 elementor-section-boxed elementor-section-height-default elementor-section-height-default\" data-id=\"770fde9\" data-element_type=\"section\" data-e-type=\"section\">\n\t\t\t\t\t\t<div class=\"elementor-container elementor-column-gap-default\">\n\t\t\t\t\t<div class=\"elementor-column elementor-col-33 elementor-top-column elementor-element elementor-element-836170c\" data-id=\"836170c\" data-element_type=\"column\" data-e-type=\"column\">\n\t\t\t<div class=\"elementor-widget-wrap elementor-element-populated\">\n\t\t\t\t\t\t<div class=\"elementor-element elementor-element-c2d8245 elementor-widget elementor-widget-text-editor\" data-id=\"c2d8245\" data-element_type=\"widget\" data-e-type=\"widget\" data-widget_type=\"text-editor.default\">\n\t\t\t\t<div class=\"elementor-widget-container\">\n\t\t\t\t\t\t\t\t\t<h3><span style=\"color: #808080;\"><strong>November<\/strong><\/span><\/h3><p><a href=\"https:\/\/ospoljcane.si\/nova\/wp-content\/uploads\/2025\/11\/November-24.11.-28.11.pdf\"><span style=\"color: #ff9900;\"><strong>24. 11. &#8211; 28. 11. 2025<\/strong><\/span><\/a><\/p><p><a href=\"https:\/\/ospoljcane.si\/nova\/wp-content\/uploads\/2025\/11\/November-17.11.-21.11.pdf\"><span style=\"color: #ff9900;\"><strong>17. 11. &#8211; 21. 11. 2025<\/strong><\/span><\/a><\/p><p><a href=\"https:\/\/ospoljcane.si\/nova\/wp-content\/uploads\/2025\/11\/November-10.11.-14.11.pdf\"><span style=\"color: #ff9900;\"><strong>10. 11. &#8211; 14. 11. 2025<\/strong><\/span><\/a><\/p><div><a href=\"https:\/\/ospoljcane.si\/nova\/wp-content\/uploads\/2025\/10\/November-3.11.-7.11.pdf\"><span style=\"color: #ff9900;\"><strong>3. 11. &#8211; 7. 11. 2025<\/strong><\/span><\/a><\/div>\t\t\t\t\t\t\t\t<\/div>\n\t\t\t\t<\/div>\n\t\t\t\t\t<\/div>\n\t\t<\/div>\n\t\t\t\t<div class=\"elementor-column elementor-col-33 elementor-top-column elementor-element elementor-element-a64312a\" data-id=\"a64312a\" data-element_type=\"column\" data-e-type=\"column\">\n\t\t\t<div class=\"elementor-widget-wrap elementor-element-populated\">\n\t\t\t\t\t\t<div class=\"elementor-element elementor-element-ec795ba elementor-widget elementor-widget-text-editor\" data-id=\"ec795ba\" data-element_type=\"widget\" data-e-type=\"widget\" data-widget_type=\"text-editor.default\">\n\t\t\t\t<div class=\"elementor-widget-container\">\n\t\t\t\t\t\t\t\t\t<h3><span style=\"color: #ab5b26;\"><strong>Oktober<\/strong><\/span><\/h3><p><a href=\"https:\/\/ospoljcane.si\/nova\/wp-content\/uploads\/2025\/10\/Oktober-20.10.-24.10.pdf\"><span style=\"color: #ff9900;\"><strong>20. 10. &#8211; 24. 10. 2025<\/strong><\/span><\/a><\/p><p><a href=\"https:\/\/ospoljcane.si\/nova\/wp-content\/uploads\/2025\/10\/Oktober-13.10.-17.10.pdf\"><span style=\"color: #ff9900;\"><strong>13. 10. &#8211; 17. 10. 2025<\/strong><\/span><\/a><\/p><p><a href=\"https:\/\/ospoljcane.si\/nova\/wp-content\/uploads\/2025\/10\/Oktober-6.10.-10.10.pdf\"><span style=\"color: #ff9900;\"><strong>6. 10. &#8211; 10. 10. 2025<\/strong><\/span><\/a><\/p><p><a href=\"https:\/\/ospoljcane.si\/nova\/wp-content\/uploads\/2025\/09\/Oktober-1.10.-3.10.pdf\"><span style=\"color: #ff9900;\"><strong>1. 10. &#8211; 3. 10. 2025<\/strong><\/span><\/a><\/p>\t\t\t\t\t\t\t\t<\/div>\n\t\t\t\t<\/div>\n\t\t\t\t\t<\/div>\n\t\t<\/div>\n\t\t\t\t<div class=\"elementor-column elementor-col-33 elementor-top-column elementor-element elementor-element-34042ac\" data-id=\"34042ac\" data-element_type=\"column\" data-e-type=\"column\">\n\t\t\t<div class=\"elementor-widget-wrap elementor-element-populated\">\n\t\t\t\t\t\t<div class=\"elementor-element elementor-element-edbe9f1 elementor-widget elementor-widget-text-editor\" data-id=\"edbe9f1\" data-element_type=\"widget\" data-e-type=\"widget\" data-widget_type=\"text-editor.default\">\n\t\t\t\t<div class=\"elementor-widget-container\">\n\t\t\t\t\t\t\t\t\t<h3><span style=\"color: #ff6600;\"><strong>September<\/strong><\/span><\/h3><p><a href=\"https:\/\/ospoljcane.si\/nova\/wp-content\/uploads\/2025\/09\/29.9.-30.9.pdf\"><span style=\"color: #ff9900;\"><strong>29. 9. &#8211; 30. 9. 2025<\/strong><\/span><\/a><\/p><p><a href=\"https:\/\/ospoljcane.si\/nova\/wp-content\/uploads\/2025\/09\/September-22.9.-26.9.pdf\"><span style=\"color: #ff9900;\"><strong>22. 9. &#8211; 26. 9. 2025<\/strong><\/span><\/a><\/p><p><a href=\"https:\/\/ospoljcane.si\/nova\/wp-content\/uploads\/2025\/09\/September-15.9.-19.9.pdf\"><span style=\"color: #ff9900;\"><strong>15. 9. &#8211; 19. 9. 2025<\/strong><\/span><\/a><\/p><p><a href=\"https:\/\/ospoljcane.si\/nova\/wp-content\/uploads\/2025\/09\/September-8.9.-12.9.pdf\"><span style=\"color: #ff9900;\"><strong>8. 9. &#8211; 12. 9. 2024<\/strong><\/span><\/a><\/p><div><a href=\"https:\/\/ospoljcane.si\/nova\/wp-content\/uploads\/2025\/08\/September-1.9.-5.9.pdf\"><span style=\"color: #ff9900;\"><strong>1. 9. &#8211; 5. 9. 2025<\/strong><\/span><\/a><\/div>\t\t\t\t\t\t\t\t<\/div>\n\t\t\t\t<\/div>\n\t\t\t\t\t<\/div>\n\t\t<\/div>\n\t\t\t\t\t<\/div>\n\t\t<\/section>\n\t\t\t\t<\/div>\n\t\t","protected":false},"excerpt":{"rendered":"<p>April 13. 4. &#8211; 17. 4. 2026 6. 4. &#8211; 10. 4. 2026 1. 4. &#8211; 3. 4. 2026 Marec 30. 3. &#8211; 31. 3. &hellip; <\/p>\n","protected":false},"author":1,"featured_media":0,"parent":0,"menu_order":0,"comment_status":"closed","ping_status":"closed","template":"","meta":{"footnotes":""},"class_list":["post-2680","page","type-page","status-publish","hentry","image-hover-transition-effect","latest_post"],"yoast_head":"<!-- This site is optimized with the Yoast SEO plugin v27.4 - https:\/\/yoast.com\/product\/yoast-seo-wordpress\/ -->\n<title>Jedilniki - Osnovna \u0161ola Kajetana Kovi\u010da Polj\u010dane<\/title>\n<meta name=\"description\" content=\"Aktualni jedilniki osnovne \u0161ole Kajetana Kovi\u010da Polj\u010dane.\" \/>\n<meta name=\"robots\" content=\"index, follow, max-snippet:-1, max-image-preview:large, max-video-preview:-1\" \/>\n<link rel=\"canonical\" href=\"https:\/\/ospoljcane.si\/nova\/jedilniki\/\" \/>\n<meta property=\"og:locale\" content=\"sl_SI\" \/>\n<meta property=\"og:type\" content=\"article\" \/>\n<meta property=\"og:title\" content=\"Jedilniki - Osnovna \u0161ola Kajetana Kovi\u010da Polj\u010dane\" \/>\n<meta property=\"og:description\" content=\"Aktualni jedilniki osnovne \u0161ole Kajetana Kovi\u010da Polj\u010dane.\" \/>\n<meta property=\"og:url\" content=\"https:\/\/ospoljcane.si\/nova\/jedilniki\/\" \/>\n<meta property=\"og:site_name\" content=\"Osnovna \u0161ola Kajetana Kovi\u010da Polj\u010dane\" \/>\n<meta property=\"article:modified_time\" content=\"2026-04-08T10:35:46+00:00\" \/>\n<meta name=\"twitter:card\" content=\"summary_large_image\" \/>\n<meta name=\"twitter:label1\" content=\"Est. reading time\" \/>\n\t<meta name=\"twitter:data1\" content=\"1 minuta\" \/>\n<script type=\"application\/ld+json\" class=\"yoast-schema-graph\">{\"@context\":\"https:\\\/\\\/schema.org\",\"@graph\":[{\"@type\":\"WebPage\",\"@id\":\"https:\\\/\\\/ospoljcane.si\\\/nova\\\/jedilniki\\\/\",\"url\":\"https:\\\/\\\/ospoljcane.si\\\/nova\\\/jedilniki\\\/\",\"name\":\"Jedilniki - Osnovna \u0161ola Kajetana Kovi\u010da Polj\u010dane\",\"isPartOf\":{\"@id\":\"https:\\\/\\\/ospoljcane.si\\\/nova\\\/#website\"},\"datePublished\":\"2021-01-28T21:38:07+00:00\",\"dateModified\":\"2026-04-08T10:35:46+00:00\",\"description\":\"Aktualni jedilniki osnovne \u0161ole Kajetana Kovi\u010da Polj\u010dane.\",\"breadcrumb\":{\"@id\":\"https:\\\/\\\/ospoljcane.si\\\/nova\\\/jedilniki\\\/#breadcrumb\"},\"inLanguage\":\"sl-SI\",\"potentialAction\":[{\"@type\":\"ReadAction\",\"target\":[\"https:\\\/\\\/ospoljcane.si\\\/nova\\\/jedilniki\\\/\"]}]},{\"@type\":\"BreadcrumbList\",\"@id\":\"https:\\\/\\\/ospoljcane.si\\\/nova\\\/jedilniki\\\/#breadcrumb\",\"itemListElement\":[{\"@type\":\"ListItem\",\"position\":1,\"name\":\"Domov\",\"item\":\"https:\\\/\\\/ospoljcane.si\\\/nova\\\/\"},{\"@type\":\"ListItem\",\"position\":2,\"name\":\"Jedilniki\"}]},{\"@type\":\"WebSite\",\"@id\":\"https:\\\/\\\/ospoljcane.si\\\/nova\\\/#website\",\"url\":\"https:\\\/\\\/ospoljcane.si\\\/nova\\\/\",\"name\":\"Osnovna \u0161ola Kajetana Kovi\u010da Polj\u010dane\",\"description\":\"\",\"publisher\":{\"@id\":\"https:\\\/\\\/ospoljcane.si\\\/nova\\\/#organization\"},\"potentialAction\":[{\"@type\":\"SearchAction\",\"target\":{\"@type\":\"EntryPoint\",\"urlTemplate\":\"https:\\\/\\\/ospoljcane.si\\\/nova\\\/?s={search_term_string}\"},\"query-input\":{\"@type\":\"PropertyValueSpecification\",\"valueRequired\":true,\"valueName\":\"search_term_string\"}}],\"inLanguage\":\"sl-SI\"},{\"@type\":\"Organization\",\"@id\":\"https:\\\/\\\/ospoljcane.si\\\/nova\\\/#organization\",\"name\":\"Osnovna \u0161ola Kajetana Kovi\u010da Polj\u010dane\",\"url\":\"https:\\\/\\\/ospoljcane.si\\\/nova\\\/\",\"logo\":{\"@type\":\"ImageObject\",\"inLanguage\":\"sl-SI\",\"@id\":\"https:\\\/\\\/ospoljcane.si\\\/nova\\\/#\\\/schema\\\/logo\\\/image\\\/\",\"url\":\"https:\\\/\\\/ospoljcane.si\\\/nova\\\/wp-content\\\/uploads\\\/2020\\\/12\\\/cropped-cropped-Logotip-sole-2016_3G-1-1.png\",\"contentUrl\":\"https:\\\/\\\/ospoljcane.si\\\/nova\\\/wp-content\\\/uploads\\\/2020\\\/12\\\/cropped-cropped-Logotip-sole-2016_3G-1-1.png\",\"width\":512,\"height\":512,\"caption\":\"Osnovna \u0161ola Kajetana Kovi\u010da Polj\u010dane\"},\"image\":{\"@id\":\"https:\\\/\\\/ospoljcane.si\\\/nova\\\/#\\\/schema\\\/logo\\\/image\\\/\"}}]}<\/script>\n<!-- \/ Yoast SEO plugin. -->","yoast_head_json":{"title":"Jedilniki - Osnovna \u0161ola Kajetana Kovi\u010da Polj\u010dane","description":"Aktualni jedilniki osnovne \u0161ole Kajetana Kovi\u010da Polj\u010dane.","robots":{"index":"index","follow":"follow","max-snippet":"max-snippet:-1","max-image-preview":"max-image-preview:large","max-video-preview":"max-video-preview:-1"},"canonical":"https:\/\/ospoljcane.si\/nova\/jedilniki\/","og_locale":"sl_SI","og_type":"article","og_title":"Jedilniki - Osnovna \u0161ola Kajetana Kovi\u010da Polj\u010dane","og_description":"Aktualni jedilniki osnovne \u0161ole Kajetana Kovi\u010da Polj\u010dane.","og_url":"https:\/\/ospoljcane.si\/nova\/jedilniki\/","og_site_name":"Osnovna \u0161ola Kajetana Kovi\u010da Polj\u010dane","article_modified_time":"2026-04-08T10:35:46+00:00","twitter_card":"summary_large_image","twitter_misc":{"Est. reading time":"1 minuta"},"schema":{"@context":"https:\/\/schema.org","@graph":[{"@type":"WebPage","@id":"https:\/\/ospoljcane.si\/nova\/jedilniki\/","url":"https:\/\/ospoljcane.si\/nova\/jedilniki\/","name":"Jedilniki - Osnovna \u0161ola Kajetana Kovi\u010da Polj\u010dane","isPartOf":{"@id":"https:\/\/ospoljcane.si\/nova\/#website"},"datePublished":"2021-01-28T21:38:07+00:00","dateModified":"2026-04-08T10:35:46+00:00","description":"Aktualni jedilniki osnovne \u0161ole Kajetana Kovi\u010da Polj\u010dane.","breadcrumb":{"@id":"https:\/\/ospoljcane.si\/nova\/jedilniki\/#breadcrumb"},"inLanguage":"sl-SI","potentialAction":[{"@type":"ReadAction","target":["https:\/\/ospoljcane.si\/nova\/jedilniki\/"]}]},{"@type":"BreadcrumbList","@id":"https:\/\/ospoljcane.si\/nova\/jedilniki\/#breadcrumb","itemListElement":[{"@type":"ListItem","position":1,"name":"Domov","item":"https:\/\/ospoljcane.si\/nova\/"},{"@type":"ListItem","position":2,"name":"Jedilniki"}]},{"@type":"WebSite","@id":"https:\/\/ospoljcane.si\/nova\/#website","url":"https:\/\/ospoljcane.si\/nova\/","name":"Osnovna \u0161ola Kajetana Kovi\u010da Polj\u010dane","description":"","publisher":{"@id":"https:\/\/ospoljcane.si\/nova\/#organization"},"potentialAction":[{"@type":"SearchAction","target":{"@type":"EntryPoint","urlTemplate":"https:\/\/ospoljcane.si\/nova\/?s={search_term_string}"},"query-input":{"@type":"PropertyValueSpecification","valueRequired":true,"valueName":"search_term_string"}}],"inLanguage":"sl-SI"},{"@type":"Organization","@id":"https:\/\/ospoljcane.si\/nova\/#organization","name":"Osnovna \u0161ola Kajetana Kovi\u010da Polj\u010dane","url":"https:\/\/ospoljcane.si\/nova\/","logo":{"@type":"ImageObject","inLanguage":"sl-SI","@id":"https:\/\/ospoljcane.si\/nova\/#\/schema\/logo\/image\/","url":"https:\/\/ospoljcane.si\/nova\/wp-content\/uploads\/2020\/12\/cropped-cropped-Logotip-sole-2016_3G-1-1.png","contentUrl":"https:\/\/ospoljcane.si\/nova\/wp-content\/uploads\/2020\/12\/cropped-cropped-Logotip-sole-2016_3G-1-1.png","width":512,"height":512,"caption":"Osnovna \u0161ola Kajetana Kovi\u010da Polj\u010dane"},"image":{"@id":"https:\/\/ospoljcane.si\/nova\/#\/schema\/logo\/image\/"}}]}},"_links":{"self":[{"href":"https:\/\/ospoljcane.si\/nova\/wp-json\/wp\/v2\/pages\/2680","targetHints":{"allow":["GET"]}}],"collection":[{"href":"https:\/\/ospoljcane.si\/nova\/wp-json\/wp\/v2\/pages"}],"about":[{"href":"https:\/\/ospoljcane.si\/nova\/wp-json\/wp\/v2\/types\/page"}],"author":[{"embeddable":true,"href":"https:\/\/ospoljcane.si\/nova\/wp-json\/wp\/v2\/users\/1"}],"replies":[{"embeddable":true,"href":"https:\/\/ospoljcane.si\/nova\/wp-json\/wp\/v2\/comments?post=2680"}],"version-history":[{"count":547,"href":"https:\/\/ospoljcane.si\/nova\/wp-json\/wp\/v2\/pages\/2680\/revisions"}],"predecessor-version":[{"id":24771,"href":"https:\/\/ospoljcane.si\/nova\/wp-json\/wp\/v2\/pages\/2680\/revisions\/24771"}],"wp:attachment":[{"href":"https:\/\/ospoljcane.si\/nova\/wp-json\/wp\/v2\/media?parent=2680"}],"curies":[{"name":"wp","href":"https:\/\/api.w.org\/{rel}","templated":true}]}}