{"id":263,"date":"2020-11-27T13:20:55","date_gmt":"2020-11-27T13:20:55","guid":{"rendered":"http:\/\/ospoljcane.si\/nova\/?page_id=263"},"modified":"2026-03-30T12:49:35","modified_gmt":"2026-03-30T10:49:35","slug":"akti-osnovne-sole-kajetana-kovica-poljcane","status":"publish","type":"page","link":"https:\/\/ospoljcane.si\/nova\/o-soli\/zakonodaja\/akti-osnovne-sole-kajetana-kovica-poljcane\/","title":{"rendered":"Akti Osnovne \u0161ole Kajetana Kovi\u010da Polj\u010dane"},"content":{"rendered":"\t\t<div data-elementor-type=\"wp-page\" data-elementor-id=\"263\" class=\"elementor elementor-263\" data-elementor-post-type=\"page\">\n\t\t\t\t\t\t<section class=\"elementor-section elementor-top-section elementor-element elementor-element-7f99179 elementor-section-boxed elementor-section-height-default elementor-section-height-default\" data-id=\"7f99179\" data-element_type=\"section\" data-e-type=\"section\">\n\t\t\t\t\t\t<div class=\"elementor-container elementor-column-gap-default\">\n\t\t\t\t\t<div class=\"elementor-column elementor-col-100 elementor-top-column elementor-element elementor-element-cbbbfc2\" data-id=\"cbbbfc2\" data-element_type=\"column\" data-e-type=\"column\">\n\t\t\t<div class=\"elementor-widget-wrap elementor-element-populated\">\n\t\t\t\t\t\t<div class=\"elementor-element elementor-element-5ef4f9d9 elementor-widget elementor-widget-text-editor\" data-id=\"5ef4f9d9\" data-element_type=\"widget\" data-e-type=\"widget\" data-widget_type=\"text-editor.default\">\n\t\t\t\t<div class=\"elementor-widget-container\">\n\t\t\t\t\t\t\t\t\t<h4>Interni akti\u00a0 Osnovne \u0161ole Kajetana Kovi\u010da Polj\u010dane<\/h4><div>\u00a0<\/div><div class=\"gmail_default\"><a href=\"https:\/\/ospoljcane.si\/nova\/wp-content\/uploads\/2023\/06\/os-KK-Pravilnik-o-videonadzoru-GDPR-in-ZVOP-splet.pdf\">Pravilnik o izvajanju videonadzora (2023)<\/a><\/div><div>\u00a0<\/div><p><a href=\"https:\/\/ospoljcane.si\/nova\/wp-content\/uploads\/2025\/10\/HISNI-RED-2025.pdf\"><span style=\"color: #339966;\">Hi\u0161ni red\u00a0 &#8211; 2025<\/span><\/a><\/p><div class=\"gmail_default\"><a href=\"https:\/\/ospoljcane.si\/nova\/wp-content\/uploads\/2025\/10\/PRAVILA-SOLSKEGA-REDA-2025.pdf\"><span style=\"color: #339966;\">Pravila \u0161olskega reda\u00a0 &#8211; 2025<\/span><\/a><\/div><div>\u00a0<\/div><div><a href=\"https:\/\/ospoljcane.si\/nova\/wp-content\/uploads\/2025\/11\/PVN-2025_26-FM-.pdf\">Prometno varnostni na\u010drt <\/a><\/div><div>\u00a0<\/div><p><a href=\"https:\/\/ospoljcane.si\/nova\/wp-content\/uploads\/2021\/09\/PRAVILNIK-O-PRILAGAJANJU-2019.pdf\">Pravila o prilagajanju \u0161olskih obveznosti na Osnovni \u0161oli Kajetana Kovi\u010da Polj\u010dane (usklajena z ZOsn-I (Ul RS, \u0161t. 63\/2013)<\/a><\/p><p><a href=\"https:\/\/ospoljcane.si\/nova\/wp-content\/uploads\/2021\/09\/DOGOVOR-o-prilagajanju-sol.-obveznosti-Sport.pdf\" target=\"_blank\" rel=\"noopener\">Dogovor o prilagajanju \u0161olskih obveznosti za u\u010denca s statusom \u0161portnika<\/a><\/p><p><a href=\"https:\/\/ospoljcane.si\/nova\/wp-content\/uploads\/2021\/09\/DOGOVOR-o-prilagajanju-sol.-obveznosti-Sport.pdf\" target=\"_blank\" rel=\"noopener\">Dogovor o prilagajanju \u0161olskih obveznosti\u00a0 za u\u010denca s statusom mladega umetnika<\/a><\/p><p><a href=\"https:\/\/ospoljcane.si\/nova\/wp-content\/uploads\/2023\/08\/VLOGA-status-sportnik.docx\">Vloga za pridobitev statusa \u0161portnika<\/a><\/p><p><a href=\"https:\/\/ospoljcane.si\/nova\/wp-content\/uploads\/2023\/08\/VLOGA-status-mladi-kulturnik.docx\">Vloga za pridobitev statusa mladega umetnika<\/a><\/p><p><a href=\"https:\/\/ospoljcane.si\/nova\/wp-content\/uploads\/2023\/09\/PRAVILA-SOLSKE-PREHRANE-2023-OS-KK-Poljcane.pdf\">Pravila \u0161olske prehrane (uskladitev 2023)<\/a><\/p><p><a href=\"https:\/\/ospoljcane.si\/nova\/wp-content\/uploads\/2021\/06\/Pravilnik-o-nagradah-2014-sprejet.pdf\" target=\"_blank\" rel=\"noopener noreferrer\">Pravilnik o pohvalah, priznanjih, nagradah <\/a><\/p><p style=\"font-weight: 400;\"><a href=\"https:\/\/ospoljcane.si\/nova\/wp-content\/uploads\/2023\/11\/Pravila-o-subvencioniranju-SVN-posodobitev-2023.pdf\">Podrobnej\u0161i kriteriji in postopek dodelitve sredstev za subvencionirano \u0161olo v naravi (posodobitev 2023)<\/a><\/p><p style=\"font-weight: 400;\"><a href=\"https:\/\/ospoljcane.si\/nova\/wp-content\/uploads\/2025\/03\/Vloga-za-subvencioniranje-sole-v-naravi.pdf\">Vloga za subvencioniranje \u0161ole v naravi (posodobitev 2025)<\/a><\/p><p><a href=\"https:\/\/ospoljcane.si\/nova\/wp-content\/uploads\/2022\/10\/CENIK-NAJEMA-TELOVADNICE-in-SOLE-2022-23.pdf\" target=\"_blank\" rel=\"noopener noreferrer\">Cenik najema \u0161olskih prostorov, telovadnice<\/a><\/p><p><a href=\"https:\/\/ospoljcane.si\/nova\/wp-content\/uploads\/2026\/03\/NACRT-INTEGRITETE-2025.pdf\"><span data-olk-copy-source=\"MessageBody\"> Na\u010drt integritete<\/span><\/a><\/p><div class=\"gmail_default\">\u00a0<\/div>\t\t\t\t\t\t\t\t<\/div>\n\t\t\t\t<\/div>\n\t\t\t\t\t<\/div>\n\t\t<\/div>\n\t\t\t\t\t<\/div>\n\t\t<\/section>\n\t\t\t\t<\/div>\n\t\t","protected":false},"excerpt":{"rendered":"<p>Interni akti\u00a0 Osnovne \u0161ole Kajetana Kovi\u010da Polj\u010dane \u00a0Pravilnik o izvajanju videonadzora (2023)\u00a0 Hi\u0161ni red\u00a0 &#8211; 2025 Pravila \u0161olskega reda\u00a0 &#8211; 2025\u00a0Prometno varnostni na\u010drt \u00a0 Pravila &hellip; <\/p>\n","protected":false},"author":1,"featured_media":0,"parent":259,"menu_order":0,"comment_status":"closed","ping_status":"closed","template":"","meta":{"footnotes":""},"class_list":["post-263","page","type-page","status-publish","hentry","image-hover-transition-effect","latest_post"],"yoast_head":"<!-- This site is optimized with the Yoast SEO plugin v27.3 - https:\/\/yoast.com\/product\/yoast-seo-wordpress\/ -->\n<title>Akti Osnovne \u0161ole Kajetana Kovi\u010da Polj\u010dane - Osnovna \u0161ola Kajetana Kovi\u010da Polj\u010dane<\/title>\n<meta name=\"robots\" content=\"index, follow, max-snippet:-1, max-image-preview:large, max-video-preview:-1\" \/>\n<link rel=\"canonical\" href=\"https:\/\/ospoljcane.si\/nova\/o-soli\/zakonodaja\/akti-osnovne-sole-kajetana-kovica-poljcane\/\" \/>\n<meta property=\"og:locale\" content=\"sl_SI\" \/>\n<meta property=\"og:type\" content=\"article\" \/>\n<meta property=\"og:title\" content=\"Akti Osnovne \u0161ole Kajetana Kovi\u010da Polj\u010dane - Osnovna \u0161ola Kajetana Kovi\u010da Polj\u010dane\" \/>\n<meta property=\"og:description\" content=\"Interni akti\u00a0 Osnovne \u0161ole Kajetana Kovi\u010da Polj\u010dane \u00a0Pravilnik o izvajanju videonadzora (2023)\u00a0 Hi\u0161ni red\u00a0 &#8211; 2025 Pravila \u0161olskega reda\u00a0 &#8211; 2025\u00a0Prometno varnostni na\u010drt \u00a0 Pravila &hellip;\" \/>\n<meta property=\"og:url\" content=\"https:\/\/ospoljcane.si\/nova\/o-soli\/zakonodaja\/akti-osnovne-sole-kajetana-kovica-poljcane\/\" \/>\n<meta property=\"og:site_name\" content=\"Osnovna \u0161ola Kajetana Kovi\u010da Polj\u010dane\" \/>\n<meta property=\"article:modified_time\" content=\"2026-03-30T10:49:35+00:00\" \/>\n<meta name=\"twitter:card\" content=\"summary_large_image\" \/>\n<meta name=\"twitter:label1\" content=\"Est. reading time\" \/>\n\t<meta name=\"twitter:data1\" content=\"1 minuta\" \/>\n<script type=\"application\/ld+json\" class=\"yoast-schema-graph\">{\"@context\":\"https:\\\/\\\/schema.org\",\"@graph\":[{\"@type\":\"WebPage\",\"@id\":\"https:\\\/\\\/ospoljcane.si\\\/nova\\\/o-soli\\\/zakonodaja\\\/akti-osnovne-sole-kajetana-kovica-poljcane\\\/\",\"url\":\"https:\\\/\\\/ospoljcane.si\\\/nova\\\/o-soli\\\/zakonodaja\\\/akti-osnovne-sole-kajetana-kovica-poljcane\\\/\",\"name\":\"Akti Osnovne \u0161ole Kajetana Kovi\u010da Polj\u010dane - Osnovna \u0161ola Kajetana Kovi\u010da Polj\u010dane\",\"isPartOf\":{\"@id\":\"https:\\\/\\\/ospoljcane.si\\\/nova\\\/#website\"},\"datePublished\":\"2020-11-27T13:20:55+00:00\",\"dateModified\":\"2026-03-30T10:49:35+00:00\",\"breadcrumb\":{\"@id\":\"https:\\\/\\\/ospoljcane.si\\\/nova\\\/o-soli\\\/zakonodaja\\\/akti-osnovne-sole-kajetana-kovica-poljcane\\\/#breadcrumb\"},\"inLanguage\":\"sl-SI\",\"potentialAction\":[{\"@type\":\"ReadAction\",\"target\":[\"https:\\\/\\\/ospoljcane.si\\\/nova\\\/o-soli\\\/zakonodaja\\\/akti-osnovne-sole-kajetana-kovica-poljcane\\\/\"]}]},{\"@type\":\"BreadcrumbList\",\"@id\":\"https:\\\/\\\/ospoljcane.si\\\/nova\\\/o-soli\\\/zakonodaja\\\/akti-osnovne-sole-kajetana-kovica-poljcane\\\/#breadcrumb\",\"itemListElement\":[{\"@type\":\"ListItem\",\"position\":1,\"name\":\"Domov\",\"item\":\"https:\\\/\\\/ospoljcane.si\\\/nova\\\/\"},{\"@type\":\"ListItem\",\"position\":2,\"name\":\"O \u0161oli\",\"item\":\"https:\\\/\\\/ospoljcane.si\\\/nova\\\/o-soli\\\/\"},{\"@type\":\"ListItem\",\"position\":3,\"name\":\"Zakonodaja\",\"item\":\"https:\\\/\\\/ospoljcane.si\\\/nova\\\/o-soli\\\/zakonodaja\\\/\"},{\"@type\":\"ListItem\",\"position\":4,\"name\":\"Akti Osnovne \u0161ole Kajetana Kovi\u010da Polj\u010dane\"}]},{\"@type\":\"WebSite\",\"@id\":\"https:\\\/\\\/ospoljcane.si\\\/nova\\\/#website\",\"url\":\"https:\\\/\\\/ospoljcane.si\\\/nova\\\/\",\"name\":\"Osnovna \u0161ola Kajetana Kovi\u010da Polj\u010dane\",\"description\":\"\",\"publisher\":{\"@id\":\"https:\\\/\\\/ospoljcane.si\\\/nova\\\/#organization\"},\"potentialAction\":[{\"@type\":\"SearchAction\",\"target\":{\"@type\":\"EntryPoint\",\"urlTemplate\":\"https:\\\/\\\/ospoljcane.si\\\/nova\\\/?s={search_term_string}\"},\"query-input\":{\"@type\":\"PropertyValueSpecification\",\"valueRequired\":true,\"valueName\":\"search_term_string\"}}],\"inLanguage\":\"sl-SI\"},{\"@type\":\"Organization\",\"@id\":\"https:\\\/\\\/ospoljcane.si\\\/nova\\\/#organization\",\"name\":\"Osnovna \u0161ola Kajetana Kovi\u010da Polj\u010dane\",\"url\":\"https:\\\/\\\/ospoljcane.si\\\/nova\\\/\",\"logo\":{\"@type\":\"ImageObject\",\"inLanguage\":\"sl-SI\",\"@id\":\"https:\\\/\\\/ospoljcane.si\\\/nova\\\/#\\\/schema\\\/logo\\\/image\\\/\",\"url\":\"https:\\\/\\\/ospoljcane.si\\\/nova\\\/wp-content\\\/uploads\\\/2020\\\/12\\\/cropped-cropped-Logotip-sole-2016_3G-1-1.png\",\"contentUrl\":\"https:\\\/\\\/ospoljcane.si\\\/nova\\\/wp-content\\\/uploads\\\/2020\\\/12\\\/cropped-cropped-Logotip-sole-2016_3G-1-1.png\",\"width\":512,\"height\":512,\"caption\":\"Osnovna \u0161ola Kajetana Kovi\u010da Polj\u010dane\"},\"image\":{\"@id\":\"https:\\\/\\\/ospoljcane.si\\\/nova\\\/#\\\/schema\\\/logo\\\/image\\\/\"}}]}<\/script>\n<!-- \/ Yoast SEO plugin. -->","yoast_head_json":{"title":"Akti Osnovne \u0161ole Kajetana Kovi\u010da Polj\u010dane - Osnovna \u0161ola Kajetana Kovi\u010da Polj\u010dane","robots":{"index":"index","follow":"follow","max-snippet":"max-snippet:-1","max-image-preview":"max-image-preview:large","max-video-preview":"max-video-preview:-1"},"canonical":"https:\/\/ospoljcane.si\/nova\/o-soli\/zakonodaja\/akti-osnovne-sole-kajetana-kovica-poljcane\/","og_locale":"sl_SI","og_type":"article","og_title":"Akti Osnovne \u0161ole Kajetana Kovi\u010da Polj\u010dane - Osnovna \u0161ola Kajetana Kovi\u010da Polj\u010dane","og_description":"Interni akti\u00a0 Osnovne \u0161ole Kajetana Kovi\u010da Polj\u010dane \u00a0Pravilnik o izvajanju videonadzora (2023)\u00a0 Hi\u0161ni red\u00a0 &#8211; 2025 Pravila \u0161olskega reda\u00a0 &#8211; 2025\u00a0Prometno varnostni na\u010drt \u00a0 Pravila &hellip;","og_url":"https:\/\/ospoljcane.si\/nova\/o-soli\/zakonodaja\/akti-osnovne-sole-kajetana-kovica-poljcane\/","og_site_name":"Osnovna \u0161ola Kajetana Kovi\u010da Polj\u010dane","article_modified_time":"2026-03-30T10:49:35+00:00","twitter_card":"summary_large_image","twitter_misc":{"Est. reading time":"1 minuta"},"schema":{"@context":"https:\/\/schema.org","@graph":[{"@type":"WebPage","@id":"https:\/\/ospoljcane.si\/nova\/o-soli\/zakonodaja\/akti-osnovne-sole-kajetana-kovica-poljcane\/","url":"https:\/\/ospoljcane.si\/nova\/o-soli\/zakonodaja\/akti-osnovne-sole-kajetana-kovica-poljcane\/","name":"Akti Osnovne \u0161ole Kajetana Kovi\u010da Polj\u010dane - Osnovna \u0161ola Kajetana Kovi\u010da Polj\u010dane","isPartOf":{"@id":"https:\/\/ospoljcane.si\/nova\/#website"},"datePublished":"2020-11-27T13:20:55+00:00","dateModified":"2026-03-30T10:49:35+00:00","breadcrumb":{"@id":"https:\/\/ospoljcane.si\/nova\/o-soli\/zakonodaja\/akti-osnovne-sole-kajetana-kovica-poljcane\/#breadcrumb"},"inLanguage":"sl-SI","potentialAction":[{"@type":"ReadAction","target":["https:\/\/ospoljcane.si\/nova\/o-soli\/zakonodaja\/akti-osnovne-sole-kajetana-kovica-poljcane\/"]}]},{"@type":"BreadcrumbList","@id":"https:\/\/ospoljcane.si\/nova\/o-soli\/zakonodaja\/akti-osnovne-sole-kajetana-kovica-poljcane\/#breadcrumb","itemListElement":[{"@type":"ListItem","position":1,"name":"Domov","item":"https:\/\/ospoljcane.si\/nova\/"},{"@type":"ListItem","position":2,"name":"O \u0161oli","item":"https:\/\/ospoljcane.si\/nova\/o-soli\/"},{"@type":"ListItem","position":3,"name":"Zakonodaja","item":"https:\/\/ospoljcane.si\/nova\/o-soli\/zakonodaja\/"},{"@type":"ListItem","position":4,"name":"Akti Osnovne \u0161ole Kajetana Kovi\u010da Polj\u010dane"}]},{"@type":"WebSite","@id":"https:\/\/ospoljcane.si\/nova\/#website","url":"https:\/\/ospoljcane.si\/nova\/","name":"Osnovna \u0161ola Kajetana Kovi\u010da Polj\u010dane","description":"","publisher":{"@id":"https:\/\/ospoljcane.si\/nova\/#organization"},"potentialAction":[{"@type":"SearchAction","target":{"@type":"EntryPoint","urlTemplate":"https:\/\/ospoljcane.si\/nova\/?s={search_term_string}"},"query-input":{"@type":"PropertyValueSpecification","valueRequired":true,"valueName":"search_term_string"}}],"inLanguage":"sl-SI"},{"@type":"Organization","@id":"https:\/\/ospoljcane.si\/nova\/#organization","name":"Osnovna \u0161ola Kajetana Kovi\u010da Polj\u010dane","url":"https:\/\/ospoljcane.si\/nova\/","logo":{"@type":"ImageObject","inLanguage":"sl-SI","@id":"https:\/\/ospoljcane.si\/nova\/#\/schema\/logo\/image\/","url":"https:\/\/ospoljcane.si\/nova\/wp-content\/uploads\/2020\/12\/cropped-cropped-Logotip-sole-2016_3G-1-1.png","contentUrl":"https:\/\/ospoljcane.si\/nova\/wp-content\/uploads\/2020\/12\/cropped-cropped-Logotip-sole-2016_3G-1-1.png","width":512,"height":512,"caption":"Osnovna \u0161ola Kajetana Kovi\u010da Polj\u010dane"},"image":{"@id":"https:\/\/ospoljcane.si\/nova\/#\/schema\/logo\/image\/"}}]}},"_links":{"self":[{"href":"https:\/\/ospoljcane.si\/nova\/wp-json\/wp\/v2\/pages\/263","targetHints":{"allow":["GET"]}}],"collection":[{"href":"https:\/\/ospoljcane.si\/nova\/wp-json\/wp\/v2\/pages"}],"about":[{"href":"https:\/\/ospoljcane.si\/nova\/wp-json\/wp\/v2\/types\/page"}],"author":[{"embeddable":true,"href":"https:\/\/ospoljcane.si\/nova\/wp-json\/wp\/v2\/users\/1"}],"replies":[{"embeddable":true,"href":"https:\/\/ospoljcane.si\/nova\/wp-json\/wp\/v2\/comments?post=263"}],"version-history":[{"count":127,"href":"https:\/\/ospoljcane.si\/nova\/wp-json\/wp\/v2\/pages\/263\/revisions"}],"predecessor-version":[{"id":24693,"href":"https:\/\/ospoljcane.si\/nova\/wp-json\/wp\/v2\/pages\/263\/revisions\/24693"}],"up":[{"embeddable":true,"href":"https:\/\/ospoljcane.si\/nova\/wp-json\/wp\/v2\/pages\/259"}],"wp:attachment":[{"href":"https:\/\/ospoljcane.si\/nova\/wp-json\/wp\/v2\/media?parent=263"}],"curies":[{"name":"wp","href":"https:\/\/api.w.org\/{rel}","templated":true}]}}