{"id":213,"date":"2020-11-27T12:53:24","date_gmt":"2020-11-27T12:53:24","guid":{"rendered":"http:\/\/ospoljcane.si\/nova\/?page_id=213"},"modified":"2025-09-25T10:23:00","modified_gmt":"2025-09-25T08:23:00","slug":"prevozi","status":"publish","type":"page","link":"https:\/\/ospoljcane.si\/nova\/o-soli\/splosno\/prevozi\/","title":{"rendered":"Prevozi"},"content":{"rendered":"\t\t<div data-elementor-type=\"wp-page\" data-elementor-id=\"213\" class=\"elementor elementor-213\" data-elementor-post-type=\"page\">\n\t\t\t\t\t\t<section class=\"elementor-section elementor-top-section elementor-element elementor-element-1169076d elementor-section-boxed elementor-section-height-default elementor-section-height-default\" data-id=\"1169076d\" data-element_type=\"section\" data-e-type=\"section\">\n\t\t\t\t\t\t<div class=\"elementor-container elementor-column-gap-default\">\n\t\t\t\t\t<div class=\"elementor-column elementor-col-100 elementor-top-column elementor-element elementor-element-16500a1f\" data-id=\"16500a1f\" data-element_type=\"column\" data-e-type=\"column\">\n\t\t\t<div class=\"elementor-widget-wrap elementor-element-populated\">\n\t\t\t\t\t\t<div class=\"elementor-element elementor-element-6e044481 elementor-widget elementor-widget-text-editor\" data-id=\"6e044481\" data-element_type=\"widget\" data-e-type=\"widget\" data-widget_type=\"text-editor.default\">\n\t\t\t\t<div class=\"elementor-widget-container\">\n\t\t\t\t\t\t\t\t\t<div><p><strong>Organizacija prevozov u\u010dencev voza\u010dev v \u0161olskem letu 2025\/26<\/strong><\/p><p>Prevoze otrok v \u0161olo in domov organizira Oddelek za dru\u017ebene dejavnosti Ob\u010dine Polj\u010dane v skladu s 56. \u010dlenom Zakona o osnovni \u0161oli (Ur. l. RS, \u0161t. 81\/2006, 107\/07, 87\/11). Izvajalca prevozov sta avtobusno podjetje Arriva Transport \u0160tajerska, d. d. in Prevozi Stanka, Polj\u010dane.\u00a0\u00a0<\/p><p>\u0160ola predlaga, da se \u0161olski prevozi zjutraj opravijo med 7.00 in 7.10 z vstopne postaje, zaradi jutranjih dejavnosti (MPZ, DOP, DOD, ID, RU, DSP, IP \u2026). Zaradi izbirnih in neobveznih izbirnih predmetov v 2. in 3. VIO so u\u010denci v \u0161oli tudi do 14.45. Ker so prevozi prilagojeni tem u\u010dencem, organiziramo za ostale, ki \u010dakajo na prevoz, varstvo u\u010dencev voza\u010dev poteka do 14.20.\u00a0\u00a0\u00a0<\/p><p>Za prevoz otrok v \u0161olo in domov je organiziran \u0161olski avtobus oz. minibus.\u00a0\u00a0<\/p><table><tbody><tr><td width=\"37\"><p><strong>Z. \u0161t.<\/strong>\u00a0<\/p><\/td><td width=\"171\"><p><strong>Smer<\/strong>\u00a0<\/p><\/td><td width=\"84\"><p><strong>\u0160t. voza\u010dev<\/strong>\u00a0<\/p><\/td><td width=\"19\">\u00a0<\/td><td width=\"38\"><p><strong>Z. \u0161t.<\/strong>\u00a0<\/p><\/td><td width=\"195\"><p><strong>Smer<\/strong>\u00a0<\/p><\/td><td width=\"79\"><p><strong>\u0160t. voza\u010dev<\/strong>\u00a0<\/p><\/td><\/tr><tr><td width=\"37\"><p>1.<\/p><\/td><td width=\"171\"><p>Globoko-Polj\u010dane\u00a0<\/p><\/td><td width=\"84\"><p>60\u00a0<\/p><\/td><td width=\"19\">\u00a0<\/td><td width=\"38\"><p>3.<\/p><\/td><td width=\"195\"><p>Dolgi \u00a0Vrh, Stanovsko, Lovnik\u00a0<\/p><\/td><td width=\"79\"><p>20<\/p><\/td><\/tr><tr><td width=\"37\"><p>2.<\/p><\/td><td width=\"171\"><p>Zg. Bre\u017enica,\u00a0<\/p><p>Lu\u0161e\u010dka vas, Zg. Polj\u010dane\u00a0<\/p><\/td><td width=\"84\"><p>38<\/p><\/td><td width=\"19\">\u00a0<\/td><td width=\"38\"><p>4.<\/p><\/td><td width=\"195\"><p>Stanovsko, \u00a0Sp. Bre\u017enica\u00a0<\/p><\/td><td width=\"79\"><p>22<\/p><\/td><\/tr><\/tbody><\/table><p>\u0160olski prevoz v tem letu koristi 145 u\u010dencev. Ugotavljamo, da\u00a0 ve\u010d u\u010dencev prevoza ne koristi, \u010deprav so do njega upravi\u010deni. Koristijo ga ob\u010dasno, glede na vreme.\u00a0\u00a0<\/p><p>Pribli\u017eno 25 u\u010dencev se vozi v \u0161olo s kolesom.\u00a0<\/p><\/div><p>\u00a0<\/p><h5><a href=\"https:\/\/ospoljcane.si\/nova\/wp-content\/uploads\/2025\/09\/Vozni-red-2025_26_1-A4-2.pdf\"><span style=\"color: #008080;\"><strong>VOZNI RED<\/strong><\/span><\/a><\/h5><div>\u00a0<\/div><div><p><strong>Varstvo voza\u010dev<\/strong><\/p><\/div><div><div><p>\u0160ola organizira varstvo voza\u010dev od 7.\u00a0ure\u00a0 do pri\u010detka pouka in po koncu pouka do 14.20. Po tej uri se u\u010denci vklju\u010dijo v oddelek podalj\u0161anega bivanja.<\/p><p>Star\u0161i otroka prijavijo v varstvo u\u010dencev voza\u010dev s prijavnico.<\/p><p>\u00a0<\/p><\/div><p>\u00a0<\/p><\/div>\t\t\t\t\t\t\t\t<\/div>\n\t\t\t\t<\/div>\n\t\t\t\t<div class=\"elementor-element elementor-element-f8c6296 elementor-widget__width-initial elementor-widget elementor-widget-text-editor\" data-id=\"f8c6296\" data-element_type=\"widget\" data-e-type=\"widget\" data-widget_type=\"text-editor.default\">\n\t\t\t\t<div class=\"elementor-widget-container\">\n\t\t\t\t\t\t\t\t\t<h3>\u00a0<\/h3><p>\u00a0<\/p>\t\t\t\t\t\t\t\t<\/div>\n\t\t\t\t<\/div>\n\t\t\t\t\t<\/div>\n\t\t<\/div>\n\t\t\t\t\t<\/div>\n\t\t<\/section>\n\t\t\t\t<\/div>\n\t\t","protected":false},"excerpt":{"rendered":"<p>Organizacija prevozov u\u010dencev voza\u010dev v \u0161olskem letu 2025\/26 Prevoze otrok v \u0161olo in domov organizira Oddelek za dru\u017ebene dejavnosti Ob\u010dine Polj\u010dane v skladu s 56. &hellip; <\/p>\n","protected":false},"author":1,"featured_media":0,"parent":157,"menu_order":0,"comment_status":"closed","ping_status":"closed","template":"","meta":{"footnotes":""},"class_list":["post-213","page","type-page","status-publish","hentry","image-hover-transition-effect","latest_post"],"yoast_head":"<!-- This site is optimized with the Yoast SEO plugin v27.3 - https:\/\/yoast.com\/product\/yoast-seo-wordpress\/ -->\n<title>Prevozi - Osnovna \u0161ola Kajetana Kovi\u010da Polj\u010dane<\/title>\n<meta name=\"robots\" content=\"index, follow, max-snippet:-1, max-image-preview:large, max-video-preview:-1\" \/>\n<link rel=\"canonical\" href=\"https:\/\/ospoljcane.si\/nova\/o-soli\/splosno\/prevozi\/\" \/>\n<meta property=\"og:locale\" content=\"sl_SI\" \/>\n<meta property=\"og:type\" content=\"article\" \/>\n<meta property=\"og:title\" content=\"Prevozi - Osnovna \u0161ola Kajetana Kovi\u010da Polj\u010dane\" \/>\n<meta property=\"og:description\" content=\"Organizacija prevozov u\u010dencev voza\u010dev v \u0161olskem letu 2025\/26 Prevoze otrok v \u0161olo in domov organizira Oddelek za dru\u017ebene dejavnosti Ob\u010dine Polj\u010dane v skladu s 56. &hellip;\" \/>\n<meta property=\"og:url\" content=\"https:\/\/ospoljcane.si\/nova\/o-soli\/splosno\/prevozi\/\" \/>\n<meta property=\"og:site_name\" content=\"Osnovna \u0161ola Kajetana Kovi\u010da Polj\u010dane\" \/>\n<meta property=\"article:modified_time\" content=\"2025-09-25T08:23:00+00:00\" \/>\n<meta name=\"twitter:card\" content=\"summary_large_image\" \/>\n<meta name=\"twitter:label1\" content=\"Est. reading time\" \/>\n\t<meta name=\"twitter:data1\" content=\"2 minuti\" \/>\n<script type=\"application\/ld+json\" class=\"yoast-schema-graph\">{\"@context\":\"https:\\\/\\\/schema.org\",\"@graph\":[{\"@type\":\"WebPage\",\"@id\":\"https:\\\/\\\/ospoljcane.si\\\/nova\\\/o-soli\\\/splosno\\\/prevozi\\\/\",\"url\":\"https:\\\/\\\/ospoljcane.si\\\/nova\\\/o-soli\\\/splosno\\\/prevozi\\\/\",\"name\":\"Prevozi - Osnovna \u0161ola Kajetana Kovi\u010da Polj\u010dane\",\"isPartOf\":{\"@id\":\"https:\\\/\\\/ospoljcane.si\\\/nova\\\/#website\"},\"datePublished\":\"2020-11-27T12:53:24+00:00\",\"dateModified\":\"2025-09-25T08:23:00+00:00\",\"breadcrumb\":{\"@id\":\"https:\\\/\\\/ospoljcane.si\\\/nova\\\/o-soli\\\/splosno\\\/prevozi\\\/#breadcrumb\"},\"inLanguage\":\"sl-SI\",\"potentialAction\":[{\"@type\":\"ReadAction\",\"target\":[\"https:\\\/\\\/ospoljcane.si\\\/nova\\\/o-soli\\\/splosno\\\/prevozi\\\/\"]}]},{\"@type\":\"BreadcrumbList\",\"@id\":\"https:\\\/\\\/ospoljcane.si\\\/nova\\\/o-soli\\\/splosno\\\/prevozi\\\/#breadcrumb\",\"itemListElement\":[{\"@type\":\"ListItem\",\"position\":1,\"name\":\"Domov\",\"item\":\"https:\\\/\\\/ospoljcane.si\\\/nova\\\/\"},{\"@type\":\"ListItem\",\"position\":2,\"name\":\"O \u0161oli\",\"item\":\"https:\\\/\\\/ospoljcane.si\\\/nova\\\/o-soli\\\/\"},{\"@type\":\"ListItem\",\"position\":3,\"name\":\"Splo\u0161no\",\"item\":\"https:\\\/\\\/ospoljcane.si\\\/nova\\\/o-soli\\\/splosno\\\/\"},{\"@type\":\"ListItem\",\"position\":4,\"name\":\"Prevozi\"}]},{\"@type\":\"WebSite\",\"@id\":\"https:\\\/\\\/ospoljcane.si\\\/nova\\\/#website\",\"url\":\"https:\\\/\\\/ospoljcane.si\\\/nova\\\/\",\"name\":\"Osnovna \u0161ola Kajetana Kovi\u010da Polj\u010dane\",\"description\":\"\",\"publisher\":{\"@id\":\"https:\\\/\\\/ospoljcane.si\\\/nova\\\/#organization\"},\"potentialAction\":[{\"@type\":\"SearchAction\",\"target\":{\"@type\":\"EntryPoint\",\"urlTemplate\":\"https:\\\/\\\/ospoljcane.si\\\/nova\\\/?s={search_term_string}\"},\"query-input\":{\"@type\":\"PropertyValueSpecification\",\"valueRequired\":true,\"valueName\":\"search_term_string\"}}],\"inLanguage\":\"sl-SI\"},{\"@type\":\"Organization\",\"@id\":\"https:\\\/\\\/ospoljcane.si\\\/nova\\\/#organization\",\"name\":\"Osnovna \u0161ola Kajetana Kovi\u010da Polj\u010dane\",\"url\":\"https:\\\/\\\/ospoljcane.si\\\/nova\\\/\",\"logo\":{\"@type\":\"ImageObject\",\"inLanguage\":\"sl-SI\",\"@id\":\"https:\\\/\\\/ospoljcane.si\\\/nova\\\/#\\\/schema\\\/logo\\\/image\\\/\",\"url\":\"https:\\\/\\\/ospoljcane.si\\\/nova\\\/wp-content\\\/uploads\\\/2020\\\/12\\\/cropped-cropped-Logotip-sole-2016_3G-1-1.png\",\"contentUrl\":\"https:\\\/\\\/ospoljcane.si\\\/nova\\\/wp-content\\\/uploads\\\/2020\\\/12\\\/cropped-cropped-Logotip-sole-2016_3G-1-1.png\",\"width\":512,\"height\":512,\"caption\":\"Osnovna \u0161ola Kajetana Kovi\u010da Polj\u010dane\"},\"image\":{\"@id\":\"https:\\\/\\\/ospoljcane.si\\\/nova\\\/#\\\/schema\\\/logo\\\/image\\\/\"}}]}<\/script>\n<!-- \/ Yoast SEO plugin. -->","yoast_head_json":{"title":"Prevozi - Osnovna \u0161ola Kajetana Kovi\u010da Polj\u010dane","robots":{"index":"index","follow":"follow","max-snippet":"max-snippet:-1","max-image-preview":"max-image-preview:large","max-video-preview":"max-video-preview:-1"},"canonical":"https:\/\/ospoljcane.si\/nova\/o-soli\/splosno\/prevozi\/","og_locale":"sl_SI","og_type":"article","og_title":"Prevozi - Osnovna \u0161ola Kajetana Kovi\u010da Polj\u010dane","og_description":"Organizacija prevozov u\u010dencev voza\u010dev v \u0161olskem letu 2025\/26 Prevoze otrok v \u0161olo in domov organizira Oddelek za dru\u017ebene dejavnosti Ob\u010dine Polj\u010dane v skladu s 56. &hellip;","og_url":"https:\/\/ospoljcane.si\/nova\/o-soli\/splosno\/prevozi\/","og_site_name":"Osnovna \u0161ola Kajetana Kovi\u010da Polj\u010dane","article_modified_time":"2025-09-25T08:23:00+00:00","twitter_card":"summary_large_image","twitter_misc":{"Est. reading time":"2 minuti"},"schema":{"@context":"https:\/\/schema.org","@graph":[{"@type":"WebPage","@id":"https:\/\/ospoljcane.si\/nova\/o-soli\/splosno\/prevozi\/","url":"https:\/\/ospoljcane.si\/nova\/o-soli\/splosno\/prevozi\/","name":"Prevozi - Osnovna \u0161ola Kajetana Kovi\u010da Polj\u010dane","isPartOf":{"@id":"https:\/\/ospoljcane.si\/nova\/#website"},"datePublished":"2020-11-27T12:53:24+00:00","dateModified":"2025-09-25T08:23:00+00:00","breadcrumb":{"@id":"https:\/\/ospoljcane.si\/nova\/o-soli\/splosno\/prevozi\/#breadcrumb"},"inLanguage":"sl-SI","potentialAction":[{"@type":"ReadAction","target":["https:\/\/ospoljcane.si\/nova\/o-soli\/splosno\/prevozi\/"]}]},{"@type":"BreadcrumbList","@id":"https:\/\/ospoljcane.si\/nova\/o-soli\/splosno\/prevozi\/#breadcrumb","itemListElement":[{"@type":"ListItem","position":1,"name":"Domov","item":"https:\/\/ospoljcane.si\/nova\/"},{"@type":"ListItem","position":2,"name":"O \u0161oli","item":"https:\/\/ospoljcane.si\/nova\/o-soli\/"},{"@type":"ListItem","position":3,"name":"Splo\u0161no","item":"https:\/\/ospoljcane.si\/nova\/o-soli\/splosno\/"},{"@type":"ListItem","position":4,"name":"Prevozi"}]},{"@type":"WebSite","@id":"https:\/\/ospoljcane.si\/nova\/#website","url":"https:\/\/ospoljcane.si\/nova\/","name":"Osnovna \u0161ola Kajetana Kovi\u010da Polj\u010dane","description":"","publisher":{"@id":"https:\/\/ospoljcane.si\/nova\/#organization"},"potentialAction":[{"@type":"SearchAction","target":{"@type":"EntryPoint","urlTemplate":"https:\/\/ospoljcane.si\/nova\/?s={search_term_string}"},"query-input":{"@type":"PropertyValueSpecification","valueRequired":true,"valueName":"search_term_string"}}],"inLanguage":"sl-SI"},{"@type":"Organization","@id":"https:\/\/ospoljcane.si\/nova\/#organization","name":"Osnovna \u0161ola Kajetana Kovi\u010da Polj\u010dane","url":"https:\/\/ospoljcane.si\/nova\/","logo":{"@type":"ImageObject","inLanguage":"sl-SI","@id":"https:\/\/ospoljcane.si\/nova\/#\/schema\/logo\/image\/","url":"https:\/\/ospoljcane.si\/nova\/wp-content\/uploads\/2020\/12\/cropped-cropped-Logotip-sole-2016_3G-1-1.png","contentUrl":"https:\/\/ospoljcane.si\/nova\/wp-content\/uploads\/2020\/12\/cropped-cropped-Logotip-sole-2016_3G-1-1.png","width":512,"height":512,"caption":"Osnovna \u0161ola Kajetana Kovi\u010da Polj\u010dane"},"image":{"@id":"https:\/\/ospoljcane.si\/nova\/#\/schema\/logo\/image\/"}}]}},"_links":{"self":[{"href":"https:\/\/ospoljcane.si\/nova\/wp-json\/wp\/v2\/pages\/213","targetHints":{"allow":["GET"]}}],"collection":[{"href":"https:\/\/ospoljcane.si\/nova\/wp-json\/wp\/v2\/pages"}],"about":[{"href":"https:\/\/ospoljcane.si\/nova\/wp-json\/wp\/v2\/types\/page"}],"author":[{"embeddable":true,"href":"https:\/\/ospoljcane.si\/nova\/wp-json\/wp\/v2\/users\/1"}],"replies":[{"embeddable":true,"href":"https:\/\/ospoljcane.si\/nova\/wp-json\/wp\/v2\/comments?post=213"}],"version-history":[{"count":56,"href":"https:\/\/ospoljcane.si\/nova\/wp-json\/wp\/v2\/pages\/213\/revisions"}],"predecessor-version":[{"id":22641,"href":"https:\/\/ospoljcane.si\/nova\/wp-json\/wp\/v2\/pages\/213\/revisions\/22641"}],"up":[{"embeddable":true,"href":"https:\/\/ospoljcane.si\/nova\/wp-json\/wp\/v2\/pages\/157"}],"wp:attachment":[{"href":"https:\/\/ospoljcane.si\/nova\/wp-json\/wp\/v2\/media?parent=213"}],"curies":[{"name":"wp","href":"https:\/\/api.w.org\/{rel}","templated":true}]}}