{"id":2044,"date":"2021-01-20T11:38:47","date_gmt":"2021-01-20T10:38:47","guid":{"rendered":"http:\/\/ospoljcane.si\/nova\/?page_id=2044"},"modified":"2026-02-09T08:05:31","modified_gmt":"2026-02-09T07:05:31","slug":"mnenje-starsev-in-ucencev-ucenje-na-daljavo-december-2020","status":"publish","type":"page","link":"https:\/\/ospoljcane.si\/nova\/mnenje-starsev-in-ucencev-ucenje-na-daljavo-december-2020\/","title":{"rendered":"Mnenje star\u0161ev in u\u010dencev"},"content":{"rendered":"\t\t<div data-elementor-type=\"wp-page\" data-elementor-id=\"2044\" class=\"elementor elementor-2044\" data-elementor-post-type=\"page\">\n\t\t\t\t\t\t<section class=\"elementor-section elementor-top-section elementor-element elementor-element-1bec2fc3 elementor-section-boxed elementor-section-height-default elementor-section-height-default\" data-id=\"1bec2fc3\" data-element_type=\"section\" data-e-type=\"section\">\n\t\t\t\t\t\t<div class=\"elementor-container elementor-column-gap-default\">\n\t\t\t\t\t<div class=\"elementor-column elementor-col-100 elementor-top-column elementor-element elementor-element-26a4dd8c\" data-id=\"26a4dd8c\" data-element_type=\"column\" data-e-type=\"column\">\n\t\t\t<div class=\"elementor-widget-wrap elementor-element-populated\">\n\t\t\t\t\t\t<div class=\"elementor-element elementor-element-38a38e76 elementor-widget elementor-widget-text-editor\" data-id=\"38a38e76\" data-element_type=\"widget\" data-e-type=\"widget\" data-widget_type=\"text-editor.default\">\n\t\t\t\t<div class=\"elementor-widget-container\">\n\t\t\t\t\t\t\t\t\t<ul><li><a href=\"https:\/\/ospoljcane.si\/nova\/wp-content\/uploads\/2025\/09\/Analiza-mnenj-starsev-2025.pdf\">Analiza mnenja star\u0161ev 2024\/25<\/a><\/li><li><a href=\"https:\/\/ospoljcane.si\/nova\/wp-content\/uploads\/2025\/09\/Analiza-mnenj-ucencev-2025.pdf\">Analiza mnenja u\u010dencev 2024\/25<\/a><\/li><li><a href=\"https:\/\/ospoljcane.si\/nova\/wp-content\/uploads\/2026\/02\/PPT-OCENA-INKLUZIVNOSTI-SOLE.pdf\">Stopnja inkluzivnosti \u0161ole 2025\/26<\/a><\/li><\/ul><p>\u00a0<\/p><ul><li><a href=\"https:\/\/ospoljcane.si\/nova\/wp-content\/uploads\/2024\/09\/P2-Analiza-odgovorov-starsev-2023-24.pdf\">Analiza mnenja star\u0161ev 2023\/24<\/a><\/li><li><a href=\"https:\/\/ospoljcane.si\/nova\/wp-content\/uploads\/2024\/09\/P3-Analiza-odgovorov-ucencev-2023-24.pdf\">Analiza mnenja u\u010dencev 2023\/24<\/a><\/li><li><span style=\"color: #c20808;\"><a style=\"color: #c20808;\" href=\"https:\/\/ospoljcane.si\/nova\/wp-content\/uploads\/2024\/09\/POROCILO-O-UPORABI-DIGITALNE-teh.-2024.pdf\">Poro\u010dilo o realizaciji Digitalne starategije-u\u010denci<\/a><\/span><\/li><\/ul><ul><li style=\"list-style-type: none;\">\u00a0<\/li><\/ul>\t\t\t\t\t\t\t\t<\/div>\n\t\t\t\t<\/div>\n\t\t\t\t\t<\/div>\n\t\t<\/div>\n\t\t\t\t\t<\/div>\n\t\t<\/section>\n\t\t\t\t<\/div>\n\t\t","protected":false},"excerpt":{"rendered":"<p>Analiza mnenja star\u0161ev 2024\/25 Analiza mnenja u\u010dencev 2024\/25 Stopnja inkluzivnosti \u0161ole 2025\/26 \u00a0 Analiza mnenja star\u0161ev 2023\/24 Analiza mnenja u\u010dencev 2023\/24 Poro\u010dilo o realizaciji Digitalne &hellip; <\/p>\n","protected":false},"author":1,"featured_media":0,"parent":0,"menu_order":0,"comment_status":"closed","ping_status":"closed","template":"","meta":{"footnotes":""},"class_list":["post-2044","page","type-page","status-publish","hentry","image-hover-transition-effect","latest_post"],"yoast_head":"<!-- This site is optimized with the Yoast SEO plugin v27.3 - https:\/\/yoast.com\/product\/yoast-seo-wordpress\/ -->\n<title>Mnenje star\u0161ev in u\u010dencev - Osnovna \u0161ola Kajetana Kovi\u010da Polj\u010dane<\/title>\n<meta name=\"robots\" content=\"index, follow, max-snippet:-1, max-image-preview:large, max-video-preview:-1\" \/>\n<link rel=\"canonical\" href=\"https:\/\/ospoljcane.si\/nova\/mnenje-starsev-in-ucencev-ucenje-na-daljavo-december-2020\/\" \/>\n<meta property=\"og:locale\" content=\"sl_SI\" \/>\n<meta property=\"og:type\" content=\"article\" \/>\n<meta property=\"og:title\" content=\"Mnenje star\u0161ev in u\u010dencev - Osnovna \u0161ola Kajetana Kovi\u010da Polj\u010dane\" \/>\n<meta property=\"og:description\" content=\"Analiza mnenja star\u0161ev 2024\/25 Analiza mnenja u\u010dencev 2024\/25 Stopnja inkluzivnosti \u0161ole 2025\/26 \u00a0 Analiza mnenja star\u0161ev 2023\/24 Analiza mnenja u\u010dencev 2023\/24 Poro\u010dilo o realizaciji Digitalne &hellip;\" \/>\n<meta property=\"og:url\" content=\"https:\/\/ospoljcane.si\/nova\/mnenje-starsev-in-ucencev-ucenje-na-daljavo-december-2020\/\" \/>\n<meta property=\"og:site_name\" content=\"Osnovna \u0161ola Kajetana Kovi\u010da Polj\u010dane\" \/>\n<meta property=\"article:modified_time\" content=\"2026-02-09T07:05:31+00:00\" \/>\n<meta name=\"twitter:card\" content=\"summary_large_image\" \/>\n<meta name=\"twitter:label1\" content=\"Est. reading time\" \/>\n\t<meta name=\"twitter:data1\" content=\"1 minuta\" \/>\n<script type=\"application\/ld+json\" class=\"yoast-schema-graph\">{\"@context\":\"https:\\\/\\\/schema.org\",\"@graph\":[{\"@type\":\"WebPage\",\"@id\":\"https:\\\/\\\/ospoljcane.si\\\/nova\\\/mnenje-starsev-in-ucencev-ucenje-na-daljavo-december-2020\\\/\",\"url\":\"https:\\\/\\\/ospoljcane.si\\\/nova\\\/mnenje-starsev-in-ucencev-ucenje-na-daljavo-december-2020\\\/\",\"name\":\"Mnenje star\u0161ev in u\u010dencev - Osnovna \u0161ola Kajetana Kovi\u010da Polj\u010dane\",\"isPartOf\":{\"@id\":\"https:\\\/\\\/ospoljcane.si\\\/nova\\\/#website\"},\"datePublished\":\"2021-01-20T10:38:47+00:00\",\"dateModified\":\"2026-02-09T07:05:31+00:00\",\"breadcrumb\":{\"@id\":\"https:\\\/\\\/ospoljcane.si\\\/nova\\\/mnenje-starsev-in-ucencev-ucenje-na-daljavo-december-2020\\\/#breadcrumb\"},\"inLanguage\":\"sl-SI\",\"potentialAction\":[{\"@type\":\"ReadAction\",\"target\":[\"https:\\\/\\\/ospoljcane.si\\\/nova\\\/mnenje-starsev-in-ucencev-ucenje-na-daljavo-december-2020\\\/\"]}]},{\"@type\":\"BreadcrumbList\",\"@id\":\"https:\\\/\\\/ospoljcane.si\\\/nova\\\/mnenje-starsev-in-ucencev-ucenje-na-daljavo-december-2020\\\/#breadcrumb\",\"itemListElement\":[{\"@type\":\"ListItem\",\"position\":1,\"name\":\"Domov\",\"item\":\"https:\\\/\\\/ospoljcane.si\\\/nova\\\/\"},{\"@type\":\"ListItem\",\"position\":2,\"name\":\"Mnenje star\u0161ev in u\u010dencev\"}]},{\"@type\":\"WebSite\",\"@id\":\"https:\\\/\\\/ospoljcane.si\\\/nova\\\/#website\",\"url\":\"https:\\\/\\\/ospoljcane.si\\\/nova\\\/\",\"name\":\"Osnovna \u0161ola Kajetana Kovi\u010da Polj\u010dane\",\"description\":\"\",\"publisher\":{\"@id\":\"https:\\\/\\\/ospoljcane.si\\\/nova\\\/#organization\"},\"potentialAction\":[{\"@type\":\"SearchAction\",\"target\":{\"@type\":\"EntryPoint\",\"urlTemplate\":\"https:\\\/\\\/ospoljcane.si\\\/nova\\\/?s={search_term_string}\"},\"query-input\":{\"@type\":\"PropertyValueSpecification\",\"valueRequired\":true,\"valueName\":\"search_term_string\"}}],\"inLanguage\":\"sl-SI\"},{\"@type\":\"Organization\",\"@id\":\"https:\\\/\\\/ospoljcane.si\\\/nova\\\/#organization\",\"name\":\"Osnovna \u0161ola Kajetana Kovi\u010da Polj\u010dane\",\"url\":\"https:\\\/\\\/ospoljcane.si\\\/nova\\\/\",\"logo\":{\"@type\":\"ImageObject\",\"inLanguage\":\"sl-SI\",\"@id\":\"https:\\\/\\\/ospoljcane.si\\\/nova\\\/#\\\/schema\\\/logo\\\/image\\\/\",\"url\":\"https:\\\/\\\/ospoljcane.si\\\/nova\\\/wp-content\\\/uploads\\\/2020\\\/12\\\/cropped-cropped-Logotip-sole-2016_3G-1-1.png\",\"contentUrl\":\"https:\\\/\\\/ospoljcane.si\\\/nova\\\/wp-content\\\/uploads\\\/2020\\\/12\\\/cropped-cropped-Logotip-sole-2016_3G-1-1.png\",\"width\":512,\"height\":512,\"caption\":\"Osnovna \u0161ola Kajetana Kovi\u010da Polj\u010dane\"},\"image\":{\"@id\":\"https:\\\/\\\/ospoljcane.si\\\/nova\\\/#\\\/schema\\\/logo\\\/image\\\/\"}}]}<\/script>\n<!-- \/ Yoast SEO plugin. -->","yoast_head_json":{"title":"Mnenje star\u0161ev in u\u010dencev - Osnovna \u0161ola Kajetana Kovi\u010da Polj\u010dane","robots":{"index":"index","follow":"follow","max-snippet":"max-snippet:-1","max-image-preview":"max-image-preview:large","max-video-preview":"max-video-preview:-1"},"canonical":"https:\/\/ospoljcane.si\/nova\/mnenje-starsev-in-ucencev-ucenje-na-daljavo-december-2020\/","og_locale":"sl_SI","og_type":"article","og_title":"Mnenje star\u0161ev in u\u010dencev - Osnovna \u0161ola Kajetana Kovi\u010da Polj\u010dane","og_description":"Analiza mnenja star\u0161ev 2024\/25 Analiza mnenja u\u010dencev 2024\/25 Stopnja inkluzivnosti \u0161ole 2025\/26 \u00a0 Analiza mnenja star\u0161ev 2023\/24 Analiza mnenja u\u010dencev 2023\/24 Poro\u010dilo o realizaciji Digitalne &hellip;","og_url":"https:\/\/ospoljcane.si\/nova\/mnenje-starsev-in-ucencev-ucenje-na-daljavo-december-2020\/","og_site_name":"Osnovna \u0161ola Kajetana Kovi\u010da Polj\u010dane","article_modified_time":"2026-02-09T07:05:31+00:00","twitter_card":"summary_large_image","twitter_misc":{"Est. reading time":"1 minuta"},"schema":{"@context":"https:\/\/schema.org","@graph":[{"@type":"WebPage","@id":"https:\/\/ospoljcane.si\/nova\/mnenje-starsev-in-ucencev-ucenje-na-daljavo-december-2020\/","url":"https:\/\/ospoljcane.si\/nova\/mnenje-starsev-in-ucencev-ucenje-na-daljavo-december-2020\/","name":"Mnenje star\u0161ev in u\u010dencev - Osnovna \u0161ola Kajetana Kovi\u010da Polj\u010dane","isPartOf":{"@id":"https:\/\/ospoljcane.si\/nova\/#website"},"datePublished":"2021-01-20T10:38:47+00:00","dateModified":"2026-02-09T07:05:31+00:00","breadcrumb":{"@id":"https:\/\/ospoljcane.si\/nova\/mnenje-starsev-in-ucencev-ucenje-na-daljavo-december-2020\/#breadcrumb"},"inLanguage":"sl-SI","potentialAction":[{"@type":"ReadAction","target":["https:\/\/ospoljcane.si\/nova\/mnenje-starsev-in-ucencev-ucenje-na-daljavo-december-2020\/"]}]},{"@type":"BreadcrumbList","@id":"https:\/\/ospoljcane.si\/nova\/mnenje-starsev-in-ucencev-ucenje-na-daljavo-december-2020\/#breadcrumb","itemListElement":[{"@type":"ListItem","position":1,"name":"Domov","item":"https:\/\/ospoljcane.si\/nova\/"},{"@type":"ListItem","position":2,"name":"Mnenje star\u0161ev in u\u010dencev"}]},{"@type":"WebSite","@id":"https:\/\/ospoljcane.si\/nova\/#website","url":"https:\/\/ospoljcane.si\/nova\/","name":"Osnovna \u0161ola Kajetana Kovi\u010da Polj\u010dane","description":"","publisher":{"@id":"https:\/\/ospoljcane.si\/nova\/#organization"},"potentialAction":[{"@type":"SearchAction","target":{"@type":"EntryPoint","urlTemplate":"https:\/\/ospoljcane.si\/nova\/?s={search_term_string}"},"query-input":{"@type":"PropertyValueSpecification","valueRequired":true,"valueName":"search_term_string"}}],"inLanguage":"sl-SI"},{"@type":"Organization","@id":"https:\/\/ospoljcane.si\/nova\/#organization","name":"Osnovna \u0161ola Kajetana Kovi\u010da Polj\u010dane","url":"https:\/\/ospoljcane.si\/nova\/","logo":{"@type":"ImageObject","inLanguage":"sl-SI","@id":"https:\/\/ospoljcane.si\/nova\/#\/schema\/logo\/image\/","url":"https:\/\/ospoljcane.si\/nova\/wp-content\/uploads\/2020\/12\/cropped-cropped-Logotip-sole-2016_3G-1-1.png","contentUrl":"https:\/\/ospoljcane.si\/nova\/wp-content\/uploads\/2020\/12\/cropped-cropped-Logotip-sole-2016_3G-1-1.png","width":512,"height":512,"caption":"Osnovna \u0161ola Kajetana Kovi\u010da Polj\u010dane"},"image":{"@id":"https:\/\/ospoljcane.si\/nova\/#\/schema\/logo\/image\/"}}]}},"_links":{"self":[{"href":"https:\/\/ospoljcane.si\/nova\/wp-json\/wp\/v2\/pages\/2044","targetHints":{"allow":["GET"]}}],"collection":[{"href":"https:\/\/ospoljcane.si\/nova\/wp-json\/wp\/v2\/pages"}],"about":[{"href":"https:\/\/ospoljcane.si\/nova\/wp-json\/wp\/v2\/types\/page"}],"author":[{"embeddable":true,"href":"https:\/\/ospoljcane.si\/nova\/wp-json\/wp\/v2\/users\/1"}],"replies":[{"embeddable":true,"href":"https:\/\/ospoljcane.si\/nova\/wp-json\/wp\/v2\/comments?post=2044"}],"version-history":[{"count":49,"href":"https:\/\/ospoljcane.si\/nova\/wp-json\/wp\/v2\/pages\/2044\/revisions"}],"predecessor-version":[{"id":24084,"href":"https:\/\/ospoljcane.si\/nova\/wp-json\/wp\/v2\/pages\/2044\/revisions\/24084"}],"wp:attachment":[{"href":"https:\/\/ospoljcane.si\/nova\/wp-json\/wp\/v2\/media?parent=2044"}],"curies":[{"name":"wp","href":"https:\/\/api.w.org\/{rel}","templated":true}]}}