{"id":1735,"date":"2021-01-01T08:55:00","date_gmt":"2021-01-01T07:55:00","guid":{"rendered":"http:\/\/ospoljcane.si\/nova\/?page_id=1735"},"modified":"2025-10-17T12:00:31","modified_gmt":"2025-10-17T10:00:31","slug":"nacionalni-preizkusi-znanja-2020-21","status":"publish","type":"page","link":"https:\/\/ospoljcane.si\/nova\/ucenci\/nacionalni-preizkusi-znanja-2020-21\/","title":{"rendered":"Nacionalni preizkusi znanja 2025\/2026"},"content":{"rendered":"\t\t<div data-elementor-type=\"wp-page\" data-elementor-id=\"1735\" class=\"elementor elementor-1735\" data-elementor-post-type=\"page\">\n\t\t\t\t\t\t<section class=\"elementor-section elementor-top-section elementor-element elementor-element-1e08fe34 elementor-section-boxed elementor-section-height-default elementor-section-height-default\" data-id=\"1e08fe34\" data-element_type=\"section\" data-e-type=\"section\">\n\t\t\t\t\t\t<div class=\"elementor-container elementor-column-gap-default\">\n\t\t\t\t\t<div class=\"elementor-column elementor-col-100 elementor-top-column elementor-element elementor-element-41c47683\" data-id=\"41c47683\" data-element_type=\"column\" data-e-type=\"column\">\n\t\t\t<div class=\"elementor-widget-wrap elementor-element-populated\">\n\t\t\t\t\t\t<div class=\"elementor-element elementor-element-5ffb139 elementor-widget elementor-widget-text-editor\" data-id=\"5ffb139\" data-element_type=\"widget\" data-e-type=\"widget\" data-widget_type=\"text-editor.default\">\n\t\t\t\t<div class=\"elementor-widget-container\">\n\t\t\t\t\t\t\t\t\t<p><strong>Koledar nacionalnega preverjanja znanja 2025\/2026<\/strong><\/p><p>NPZ poteka v 3., 6. in 9. razredu. Udele\u017eba je obvezna. V tem \u0161olskem letu so za preverjanje znanja izbrani predmeti\u00a0<strong>kemija, tehnika in tehnologija, tuji jezik in zgodovina<\/strong>.<\/p><table width=\"633\"><thead><tr><td width=\"383\"><p><strong>Opravilo<\/strong><\/p><\/td><td width=\"118\"><p><strong>Dan<\/strong><\/p><\/td><td width=\"132\"><p><strong>Datum<\/strong><\/p><\/td><\/tr><\/thead><tbody><tr><td width=\"383\"><p><strong>1.\u00a0\u00a0\u00a0\u00a0\u00a0\u00a0 <\/strong>*Objava sklepa o izboru predmetov in dolo\u010ditvi tretjega predmeta na NPZ za 9. razred \u2013\u00a0 <strong>ANGLE\u0160\u010cINA<\/strong><\/p><\/td><td width=\"118\"><p>Ponedeljek<\/p><\/td><td width=\"132\"><p>\u00a0 1. 9. 2025<\/p><\/td><\/tr><tr><td width=\"383\"><p><strong>2.\u00a0\u00a0\u00a0\u00a0\u00a0\u00a0 <\/strong>Zadnji rok za posredovanje podatkov o u\u010dencih 3., 6. in 9. r., ki bodo opravljali NPZ<\/p><\/td><td width=\"118\"><p>\u010cetrtek<\/p><\/td><td width=\"132\"><p>\u00a0 16. 10. 2025<\/p><\/td><\/tr><tr><td width=\"383\"><p><strong>3.\u00a0\u00a0\u00a0\u00a0\u00a0\u00a0 <\/strong>Izvedba NPZ<\/p><p>\u2713\u00a0\u00a0\u00a0\u00a0\u00a0\u00a0 SLO\u00a0 \u00a0\u00a0\u00a0\u00a0\u00a0\u00a0\u00a0\u00a0\u00a0\u00a0\u00a0\u00a0\u00a0\u00a0\u00a0\u00a0\u00a0\u00a03.,\u00a0 6. in 9. razred<\/p><p>\u2713\u00a0\u00a0\u00a0\u00a0\u00a0\u00a0 3. predmet \u00a0\u00a0\u00a0\u00a0\u00a0\u00a0TJA, 6. razred, \u2013 TJA 9. razred<\/p><p>\u2713\u00a0\u00a0\u00a0\u00a0\u00a0\u00a0 MAT \u00a0\u00a0\u00a0\u00a0\u00a0\u00a0\u00a0\u00a0\u00a0\u00a0\u00a0\u00a0\u00a0\u00a0\u00a0\u00a0\u00a0\u00a03.,\u00a0 6. in 9. razred<\/p><\/td><td width=\"118\"><p>\u00a0<\/p><p>Ponedeljek<\/p><p>Sreda<\/p><p>Torek<\/p><\/td><td width=\"132\"><p>\u00a0<\/p><p><strong>\u00a0\u00a0 23. 3. 2026 <\/strong><\/p><p><strong>\u00a0\u00a0 25. 3. 2026<\/strong><\/p><p><strong>\u00a0 31. 3. 2026<\/strong><\/p><\/td><\/tr><tr><td width=\"383\"><p><strong>9. RAZRED<\/strong><\/p><p><strong>4.\u00a0\u00a0\u00a0\u00a0\u00a0\u00a0 <\/strong>RIC posreduje \u0161olam ovrednotene naloge za\u00a0 9. r. z dose\u017eki u\u010dencev.<\/p><p>Seznanitev u\u010dencev in pravica do vpogleda v ovrednotene preizkuse znanja.<\/p><p>\u00a0\u00a0\u00a0\u00a0\u00a0\u00a0\u00a0\u00a0 Posredovanje podatkov za ponovno vrednotenje nalog<\/p><p>\u00a0\u00a0\u00a0\u00a0\u00a0\u00a0\u00a0\u00a0 na RIC<\/p><\/td><td width=\"118\"><p>\u00a0<\/p><p>\u00a0<\/p><p>Torek- \u010detrtek<\/p><\/td><td width=\"132\"><p>\u00a0<\/p><p>\u00a0<\/p><p>21. 4. \u2013 23. 4. 2026<\/p><\/td><\/tr><tr><td width=\"383\"><p><strong>5<\/strong>.\u00a0\u00a0\u00a0\u00a0 RIC posreduje \u0161olam spremembe dose\u017ekov po ponovnem<\/p><p>\u00a0\u00a0\u00a0\u00a0\u00a0\u00a0\u00a0 \u00a0vrednotenju nalog v 9. r.<\/p><\/td><td width=\"118\"><p>Torek<\/p><\/td><td width=\"132\"><p>12. 5. 2026<\/p><\/td><\/tr><tr><td width=\"383\"><p><strong>\u00a0\u00a0\u00a0\u00a0\u00a0\u00a0\u00a0\u00a0\u00a0 6. RAZRED<\/strong><\/p><p><strong>6.\u00a0\u00a0\u00a0\u00a0\u00a0 <\/strong>RIC posreduje \u0161olam ovrednotene naloge za\u00a0 6. r. z\u00a0\u00a0\u00a0\u00a0\u00a0<\/p><p>\u00a0\u00a0\u00a0\u00a0\u00a0\u00a0\u00a0\u00a0 dose\u017eki u\u010dencev.<\/p><p>Seznanitev u\u010dencev in pravica do vpogleda v ovrednotene preizkuse znanja.<\/p><p>\u00a0\u00a0\u00a0\u00a0\u00a0\u00a0\u00a0\u00a0 Posredovanje podatkov za ponovno vrednotenje nalog<\/p><p>\u00a0\u00a0\u00a0\u00a0\u00a0\u00a0\u00a0\u00a0 na RIC<\/p><\/td><td width=\"118\"><p>\u00a0<\/p><p>\u00a0<\/p><p>Ponedeljek-sreda<\/p><\/td><td width=\"132\"><p>\u00a0<\/p><p>\u00a0<\/p><p>4. 5. \u2013 6. 5. 2026<\/p><\/td><\/tr><tr><td width=\"383\"><p><strong>\u00a07.\u00a0\u00a0\u00a0 <\/strong>RIC posreduje \u0161olam spremembe dose\u017ekov po<\/p><p>\u00a0\u00a0\u00a0\u00a0\u00a0\u00a0\u00a0\u00a0\u00a0 ponovnem vrednotenju nalog v 6. r.<\/p><\/td><td width=\"118\"><p>\u010cetrtek<\/p><\/td><td width=\"132\"><p>14. 5. 2026<\/p><\/td><\/tr><tr><td width=\"383\"><p><strong>3. RAZRED<\/strong><\/p><p>\u00a0<strong>8.<\/strong>\u00a0\u00a0\u00a0 RIC posreduje \u0161olam ovrednotene naloge za\u00a0 3. r. z<\/p><p>\u00a0\u00a0\u00a0\u00a0\u00a0\u00a0\u00a0\u00a0 dose\u017eki u\u010dencev.<\/p><p>Seznanitev u\u010dencev in pravica do vpogleda v ovrednotene preizkuse znanja.<\/p><p>Posredovanje podatkov za ponovno vrednotenje nalog na RIC<\/p><\/td><td width=\"118\"><p>\u00a0<\/p><p>\u00a0<\/p><p>\u010cetrtek &#8211; ponedeljek<\/p><\/td><td width=\"132\"><p>\u00a0<\/p><p>\u00a0<\/p><p>7. 5. \u2013 11. 5. 2026<\/p><\/td><\/tr><tr><td width=\"383\"><p><strong>9<\/strong>.\u00a0\u00a0\u00a0\u00a0 RIC posreduje \u0161olam spremembe dose\u017ekov po<\/p><p>\u00a0\u00a0\u00a0\u00a0\u00a0\u00a0\u00a0\u00a0 ponovnem vrednotenju nalog v 3. r.<\/p><\/td><td width=\"118\"><p>Sreda<\/p><\/td><td width=\"132\"><p>20. 5. 2026<\/p><\/td><\/tr><tr><td width=\"383\"><p><strong>10<\/strong>.\u00a0\u00a0 Razdelitev obvestil o dose\u017ekih u\u010dencev pri NPZ\u20139. r.<\/p><\/td><td width=\"118\"><p>Ponedeljek<\/p><\/td><td width=\"132\"><p>15. 6. 2026<\/p><\/td><\/tr><tr><td width=\"383\"><p><strong>11<\/strong>.\u00a0\u00a0 Razdelitev obvestil o dose\u017ekih u\u010dencev pri NPZ\u20136. r.<\/p><\/td><td width=\"118\"><p>Sreda<\/p><\/td><td width=\"132\"><p>24. 6. 2026<\/p><\/td><\/tr><\/tbody><\/table>\t\t\t\t\t\t\t\t<\/div>\n\t\t\t\t<\/div>\n\t\t\t\t\t<\/div>\n\t\t<\/div>\n\t\t\t\t\t<\/div>\n\t\t<\/section>\n\t\t\t\t<section class=\"elementor-section elementor-top-section elementor-element elementor-element-b5f72ae elementor-section-boxed elementor-section-height-default elementor-section-height-default\" data-id=\"b5f72ae\" data-element_type=\"section\" data-e-type=\"section\">\n\t\t\t\t\t\t<div class=\"elementor-container elementor-column-gap-default\">\n\t\t\t\t\t<div class=\"elementor-column elementor-col-100 elementor-top-column elementor-element elementor-element-0028b0f\" data-id=\"0028b0f\" data-element_type=\"column\" data-e-type=\"column\">\n\t\t\t<div class=\"elementor-widget-wrap elementor-element-populated\">\n\t\t\t\t\t\t<div class=\"elementor-element elementor-element-100873a elementor-widget elementor-widget-image\" data-id=\"100873a\" data-element_type=\"widget\" data-e-type=\"widget\" data-widget_type=\"image.default\">\n\t\t\t\t<div class=\"elementor-widget-container\">\n\t\t\t\t\t\t\t\t\t\t\t\t\t\t\t\t<a href=\"https:\/\/ospoljcane.si\/nova\/wp-content\/uploads\/2024\/09\/Informacija-za-ucence-in-starse-NPZ_SLO_2025.pdf\">\n\t\t\t\t\t\t\t<img fetchpriority=\"high\" decoding=\"async\" width=\"711\" height=\"217\" src=\"https:\/\/ospoljcane.si\/nova\/wp-content\/uploads\/2024\/09\/npz-2024-2025.png\" class=\"attachment-medium_large size-medium_large wp-image-19373\" alt=\"\" srcset=\"https:\/\/ospoljcane.si\/nova\/wp-content\/uploads\/2024\/09\/npz-2024-2025.png 711w, https:\/\/ospoljcane.si\/nova\/wp-content\/uploads\/2024\/09\/npz-2024-2025-300x92.png 300w\" sizes=\"(max-width: 711px) 100vw, 711px\" \/>\t\t\t\t\t\t\t\t<\/a>\n\t\t\t\t\t\t\t\t\t\t\t\t\t\t\t<\/div>\n\t\t\t\t<\/div>\n\t\t\t\t\t<\/div>\n\t\t<\/div>\n\t\t\t\t\t<\/div>\n\t\t<\/section>\n\t\t\t\t<\/div>\n\t\t","protected":false},"excerpt":{"rendered":"<p>Koledar nacionalnega preverjanja znanja 2025\/2026 NPZ poteka v 3., 6. in 9. razredu. Udele\u017eba je obvezna. V tem \u0161olskem letu so za preverjanje znanja izbrani &hellip; <\/p>\n","protected":false},"author":1,"featured_media":0,"parent":200,"menu_order":0,"comment_status":"closed","ping_status":"closed","template":"","meta":{"footnotes":""},"class_list":["post-1735","page","type-page","status-publish","hentry","image-hover-transition-effect","latest_post"],"yoast_head":"<!-- This site is optimized with the Yoast SEO plugin v27.3 - https:\/\/yoast.com\/product\/yoast-seo-wordpress\/ -->\n<title>Nacionalni preizkusi znanja 2025\/2026 - Osnovna \u0161ola Kajetana Kovi\u010da Polj\u010dane<\/title>\n<meta name=\"robots\" content=\"index, follow, max-snippet:-1, max-image-preview:large, max-video-preview:-1\" \/>\n<link rel=\"canonical\" href=\"https:\/\/ospoljcane.si\/nova\/ucenci\/nacionalni-preizkusi-znanja-2020-21\/\" \/>\n<meta property=\"og:locale\" content=\"sl_SI\" \/>\n<meta property=\"og:type\" content=\"article\" \/>\n<meta property=\"og:title\" content=\"Nacionalni preizkusi znanja 2025\/2026 - Osnovna \u0161ola Kajetana Kovi\u010da Polj\u010dane\" \/>\n<meta property=\"og:description\" content=\"Koledar nacionalnega preverjanja znanja 2025\/2026 NPZ poteka v 3., 6. in 9. razredu. Udele\u017eba je obvezna. V tem \u0161olskem letu so za preverjanje znanja izbrani &hellip;\" \/>\n<meta property=\"og:url\" content=\"https:\/\/ospoljcane.si\/nova\/ucenci\/nacionalni-preizkusi-znanja-2020-21\/\" \/>\n<meta property=\"og:site_name\" content=\"Osnovna \u0161ola Kajetana Kovi\u010da Polj\u010dane\" \/>\n<meta property=\"article:modified_time\" content=\"2025-10-17T10:00:31+00:00\" \/>\n<meta property=\"og:image\" content=\"https:\/\/ospoljcane.si\/nova\/wp-content\/uploads\/2024\/09\/npz-2024-2025.png\" \/>\n<meta name=\"twitter:card\" content=\"summary_large_image\" \/>\n<meta name=\"twitter:label1\" content=\"Est. reading time\" \/>\n\t<meta name=\"twitter:data1\" content=\"2 minuti\" \/>\n<script type=\"application\/ld+json\" class=\"yoast-schema-graph\">{\"@context\":\"https:\\\/\\\/schema.org\",\"@graph\":[{\"@type\":\"WebPage\",\"@id\":\"https:\\\/\\\/ospoljcane.si\\\/nova\\\/ucenci\\\/nacionalni-preizkusi-znanja-2020-21\\\/\",\"url\":\"https:\\\/\\\/ospoljcane.si\\\/nova\\\/ucenci\\\/nacionalni-preizkusi-znanja-2020-21\\\/\",\"name\":\"Nacionalni preizkusi znanja 2025\\\/2026 - Osnovna \u0161ola Kajetana Kovi\u010da Polj\u010dane\",\"isPartOf\":{\"@id\":\"https:\\\/\\\/ospoljcane.si\\\/nova\\\/#website\"},\"primaryImageOfPage\":{\"@id\":\"https:\\\/\\\/ospoljcane.si\\\/nova\\\/ucenci\\\/nacionalni-preizkusi-znanja-2020-21\\\/#primaryimage\"},\"image\":{\"@id\":\"https:\\\/\\\/ospoljcane.si\\\/nova\\\/ucenci\\\/nacionalni-preizkusi-znanja-2020-21\\\/#primaryimage\"},\"thumbnailUrl\":\"https:\\\/\\\/ospoljcane.si\\\/nova\\\/wp-content\\\/uploads\\\/2024\\\/09\\\/npz-2024-2025.png\",\"datePublished\":\"2021-01-01T07:55:00+00:00\",\"dateModified\":\"2025-10-17T10:00:31+00:00\",\"breadcrumb\":{\"@id\":\"https:\\\/\\\/ospoljcane.si\\\/nova\\\/ucenci\\\/nacionalni-preizkusi-znanja-2020-21\\\/#breadcrumb\"},\"inLanguage\":\"sl-SI\",\"potentialAction\":[{\"@type\":\"ReadAction\",\"target\":[\"https:\\\/\\\/ospoljcane.si\\\/nova\\\/ucenci\\\/nacionalni-preizkusi-znanja-2020-21\\\/\"]}]},{\"@type\":\"ImageObject\",\"inLanguage\":\"sl-SI\",\"@id\":\"https:\\\/\\\/ospoljcane.si\\\/nova\\\/ucenci\\\/nacionalni-preizkusi-znanja-2020-21\\\/#primaryimage\",\"url\":\"https:\\\/\\\/ospoljcane.si\\\/nova\\\/wp-content\\\/uploads\\\/2024\\\/09\\\/npz-2024-2025.png\",\"contentUrl\":\"https:\\\/\\\/ospoljcane.si\\\/nova\\\/wp-content\\\/uploads\\\/2024\\\/09\\\/npz-2024-2025.png\",\"width\":711,\"height\":217},{\"@type\":\"BreadcrumbList\",\"@id\":\"https:\\\/\\\/ospoljcane.si\\\/nova\\\/ucenci\\\/nacionalni-preizkusi-znanja-2020-21\\\/#breadcrumb\",\"itemListElement\":[{\"@type\":\"ListItem\",\"position\":1,\"name\":\"Domov\",\"item\":\"https:\\\/\\\/ospoljcane.si\\\/nova\\\/\"},{\"@type\":\"ListItem\",\"position\":2,\"name\":\"U\u010denci\",\"item\":\"https:\\\/\\\/ospoljcane.si\\\/nova\\\/ucenci\\\/\"},{\"@type\":\"ListItem\",\"position\":3,\"name\":\"Nacionalni preizkusi znanja 2025\\\/2026\"}]},{\"@type\":\"WebSite\",\"@id\":\"https:\\\/\\\/ospoljcane.si\\\/nova\\\/#website\",\"url\":\"https:\\\/\\\/ospoljcane.si\\\/nova\\\/\",\"name\":\"Osnovna \u0161ola Kajetana Kovi\u010da Polj\u010dane\",\"description\":\"\",\"publisher\":{\"@id\":\"https:\\\/\\\/ospoljcane.si\\\/nova\\\/#organization\"},\"potentialAction\":[{\"@type\":\"SearchAction\",\"target\":{\"@type\":\"EntryPoint\",\"urlTemplate\":\"https:\\\/\\\/ospoljcane.si\\\/nova\\\/?s={search_term_string}\"},\"query-input\":{\"@type\":\"PropertyValueSpecification\",\"valueRequired\":true,\"valueName\":\"search_term_string\"}}],\"inLanguage\":\"sl-SI\"},{\"@type\":\"Organization\",\"@id\":\"https:\\\/\\\/ospoljcane.si\\\/nova\\\/#organization\",\"name\":\"Osnovna \u0161ola Kajetana Kovi\u010da Polj\u010dane\",\"url\":\"https:\\\/\\\/ospoljcane.si\\\/nova\\\/\",\"logo\":{\"@type\":\"ImageObject\",\"inLanguage\":\"sl-SI\",\"@id\":\"https:\\\/\\\/ospoljcane.si\\\/nova\\\/#\\\/schema\\\/logo\\\/image\\\/\",\"url\":\"https:\\\/\\\/ospoljcane.si\\\/nova\\\/wp-content\\\/uploads\\\/2020\\\/12\\\/cropped-cropped-Logotip-sole-2016_3G-1-1.png\",\"contentUrl\":\"https:\\\/\\\/ospoljcane.si\\\/nova\\\/wp-content\\\/uploads\\\/2020\\\/12\\\/cropped-cropped-Logotip-sole-2016_3G-1-1.png\",\"width\":512,\"height\":512,\"caption\":\"Osnovna \u0161ola Kajetana Kovi\u010da Polj\u010dane\"},\"image\":{\"@id\":\"https:\\\/\\\/ospoljcane.si\\\/nova\\\/#\\\/schema\\\/logo\\\/image\\\/\"}}]}<\/script>\n<!-- \/ Yoast SEO plugin. -->","yoast_head_json":{"title":"Nacionalni preizkusi znanja 2025\/2026 - Osnovna \u0161ola Kajetana Kovi\u010da Polj\u010dane","robots":{"index":"index","follow":"follow","max-snippet":"max-snippet:-1","max-image-preview":"max-image-preview:large","max-video-preview":"max-video-preview:-1"},"canonical":"https:\/\/ospoljcane.si\/nova\/ucenci\/nacionalni-preizkusi-znanja-2020-21\/","og_locale":"sl_SI","og_type":"article","og_title":"Nacionalni preizkusi znanja 2025\/2026 - Osnovna \u0161ola Kajetana Kovi\u010da Polj\u010dane","og_description":"Koledar nacionalnega preverjanja znanja 2025\/2026 NPZ poteka v 3., 6. in 9. razredu. Udele\u017eba je obvezna. V tem \u0161olskem letu so za preverjanje znanja izbrani &hellip;","og_url":"https:\/\/ospoljcane.si\/nova\/ucenci\/nacionalni-preizkusi-znanja-2020-21\/","og_site_name":"Osnovna \u0161ola Kajetana Kovi\u010da Polj\u010dane","article_modified_time":"2025-10-17T10:00:31+00:00","og_image":[{"url":"https:\/\/ospoljcane.si\/nova\/wp-content\/uploads\/2024\/09\/npz-2024-2025.png","type":"","width":"","height":""}],"twitter_card":"summary_large_image","twitter_misc":{"Est. reading time":"2 minuti"},"schema":{"@context":"https:\/\/schema.org","@graph":[{"@type":"WebPage","@id":"https:\/\/ospoljcane.si\/nova\/ucenci\/nacionalni-preizkusi-znanja-2020-21\/","url":"https:\/\/ospoljcane.si\/nova\/ucenci\/nacionalni-preizkusi-znanja-2020-21\/","name":"Nacionalni preizkusi znanja 2025\/2026 - Osnovna \u0161ola Kajetana Kovi\u010da Polj\u010dane","isPartOf":{"@id":"https:\/\/ospoljcane.si\/nova\/#website"},"primaryImageOfPage":{"@id":"https:\/\/ospoljcane.si\/nova\/ucenci\/nacionalni-preizkusi-znanja-2020-21\/#primaryimage"},"image":{"@id":"https:\/\/ospoljcane.si\/nova\/ucenci\/nacionalni-preizkusi-znanja-2020-21\/#primaryimage"},"thumbnailUrl":"https:\/\/ospoljcane.si\/nova\/wp-content\/uploads\/2024\/09\/npz-2024-2025.png","datePublished":"2021-01-01T07:55:00+00:00","dateModified":"2025-10-17T10:00:31+00:00","breadcrumb":{"@id":"https:\/\/ospoljcane.si\/nova\/ucenci\/nacionalni-preizkusi-znanja-2020-21\/#breadcrumb"},"inLanguage":"sl-SI","potentialAction":[{"@type":"ReadAction","target":["https:\/\/ospoljcane.si\/nova\/ucenci\/nacionalni-preizkusi-znanja-2020-21\/"]}]},{"@type":"ImageObject","inLanguage":"sl-SI","@id":"https:\/\/ospoljcane.si\/nova\/ucenci\/nacionalni-preizkusi-znanja-2020-21\/#primaryimage","url":"https:\/\/ospoljcane.si\/nova\/wp-content\/uploads\/2024\/09\/npz-2024-2025.png","contentUrl":"https:\/\/ospoljcane.si\/nova\/wp-content\/uploads\/2024\/09\/npz-2024-2025.png","width":711,"height":217},{"@type":"BreadcrumbList","@id":"https:\/\/ospoljcane.si\/nova\/ucenci\/nacionalni-preizkusi-znanja-2020-21\/#breadcrumb","itemListElement":[{"@type":"ListItem","position":1,"name":"Domov","item":"https:\/\/ospoljcane.si\/nova\/"},{"@type":"ListItem","position":2,"name":"U\u010denci","item":"https:\/\/ospoljcane.si\/nova\/ucenci\/"},{"@type":"ListItem","position":3,"name":"Nacionalni preizkusi znanja 2025\/2026"}]},{"@type":"WebSite","@id":"https:\/\/ospoljcane.si\/nova\/#website","url":"https:\/\/ospoljcane.si\/nova\/","name":"Osnovna \u0161ola Kajetana Kovi\u010da Polj\u010dane","description":"","publisher":{"@id":"https:\/\/ospoljcane.si\/nova\/#organization"},"potentialAction":[{"@type":"SearchAction","target":{"@type":"EntryPoint","urlTemplate":"https:\/\/ospoljcane.si\/nova\/?s={search_term_string}"},"query-input":{"@type":"PropertyValueSpecification","valueRequired":true,"valueName":"search_term_string"}}],"inLanguage":"sl-SI"},{"@type":"Organization","@id":"https:\/\/ospoljcane.si\/nova\/#organization","name":"Osnovna \u0161ola Kajetana Kovi\u010da Polj\u010dane","url":"https:\/\/ospoljcane.si\/nova\/","logo":{"@type":"ImageObject","inLanguage":"sl-SI","@id":"https:\/\/ospoljcane.si\/nova\/#\/schema\/logo\/image\/","url":"https:\/\/ospoljcane.si\/nova\/wp-content\/uploads\/2020\/12\/cropped-cropped-Logotip-sole-2016_3G-1-1.png","contentUrl":"https:\/\/ospoljcane.si\/nova\/wp-content\/uploads\/2020\/12\/cropped-cropped-Logotip-sole-2016_3G-1-1.png","width":512,"height":512,"caption":"Osnovna \u0161ola Kajetana Kovi\u010da Polj\u010dane"},"image":{"@id":"https:\/\/ospoljcane.si\/nova\/#\/schema\/logo\/image\/"}}]}},"_links":{"self":[{"href":"https:\/\/ospoljcane.si\/nova\/wp-json\/wp\/v2\/pages\/1735","targetHints":{"allow":["GET"]}}],"collection":[{"href":"https:\/\/ospoljcane.si\/nova\/wp-json\/wp\/v2\/pages"}],"about":[{"href":"https:\/\/ospoljcane.si\/nova\/wp-json\/wp\/v2\/types\/page"}],"author":[{"embeddable":true,"href":"https:\/\/ospoljcane.si\/nova\/wp-json\/wp\/v2\/users\/1"}],"replies":[{"embeddable":true,"href":"https:\/\/ospoljcane.si\/nova\/wp-json\/wp\/v2\/comments?post=1735"}],"version-history":[{"count":51,"href":"https:\/\/ospoljcane.si\/nova\/wp-json\/wp\/v2\/pages\/1735\/revisions"}],"predecessor-version":[{"id":22997,"href":"https:\/\/ospoljcane.si\/nova\/wp-json\/wp\/v2\/pages\/1735\/revisions\/22997"}],"up":[{"embeddable":true,"href":"https:\/\/ospoljcane.si\/nova\/wp-json\/wp\/v2\/pages\/200"}],"wp:attachment":[{"href":"https:\/\/ospoljcane.si\/nova\/wp-json\/wp\/v2\/media?parent=1735"}],"curies":[{"name":"wp","href":"https:\/\/api.w.org\/{rel}","templated":true}]}}