{"id":1428,"date":"2020-12-30T09:16:42","date_gmt":"2020-12-30T08:16:42","guid":{"rendered":"http:\/\/ospoljcane.si\/nova\/?page_id=1428"},"modified":"2024-01-21T09:46:52","modified_gmt":"2024-01-21T08:46:52","slug":"o-drustvu","status":"publish","type":"page","link":"https:\/\/ospoljcane.si\/nova\/o-drustvu\/","title":{"rendered":"O dru\u0161tvu"},"content":{"rendered":"<p>Planinsko dru\u0161tvo Polj\u010dane aktivno deluje od leta <strong>1929<\/strong>. \u0160teje okrog 550 \u010dlanov, od tega okoli 270 mladih planincev.Organizirani smo v skladu z veljavnimi predpisi tako, da v dru\u0161tvu delujejo gospodarski, markacijski, vodni\u0161ki, izletni\u0161ki in mladinski odsek ter odsek za varstvo narave.\u00a0<img fetchpriority=\"high\" decoding=\"async\" src=\"https:\/\/pdpoljcane.files.wordpress.com\/2012\/01\/znak1.png\" alt=\"Planinsko dru\u0161tvo Polj\u010dane | Planinska pisarna deluje od marca do konca oktobra ob \u010detrtkih med 17. in 18. uro.\" width=\"432\" height=\"352\" \/>\u00a0Planinske skupine delujejo na osnovnih \u0161olah v Polj\u010danah, Makolah in Lapor ter v vrtcih v Polj\u010danah, Studenicah in Makolah.\u00a0Upravljamo in gospodarimo s planinskim domom na<strong> Bo\u010du<\/strong>, ki je po opremljenosti, ponudbi in obisku med priljubljenimi to\u010dkami v regiji.\u00a0V dru\u0161tvu aktivno deluje 23 <strong>vodnikov<\/strong> PZS, ki letno pripravijo in vodijo preko 100 izletov in akcij. 9 <strong>mentorjev<\/strong> planinske vzgoje uspe\u0161no organizira in izvaja dejavnosti v \u0161olah in vrtcih. Vsako leto se udele\u017eimo taborov za mlade planince. Deluje tudi skupina za orientacijo, ki dosega pomembne rezultate v dr\u017eavnem merilu.\u00a0\u0160tirje markacisti ob pomo\u010di \u010dlanov skrbijo za urejenost in ozna\u010denost 12- tih <strong>planinskih poti<\/strong> v skupni dol\u017eini 85 km, ki vodijo proti Bo\u010du ali po okolici kraja. Naravovarstveno uspe\u0161no delujemo predvsem na podro\u010dju varovanja in ohranjanja rasti\u0161\u010da <strong>velikono\u010dnice<\/strong> na Bo\u010du.\u00a0<img decoding=\"async\" src=\"https:\/\/1.bp.blogspot.com\/-OIQkEZ9z0Jw\/VwEZW8MyODI\/AAAAAAAAOtE\/ANZCmPbNb5Qc9s5nPy5AZMOfiKmFrnudg\/s1600\/b26a.jpg\" alt=\"Foto zgodbe: Velikono\u010dnice na Bo\u010du\" \/><\/p>\n<p>V preteklosti je bilo opravljenega veliko dela. Tudi v prihodnje se bomo trudili dosegati visok nivo odgovornosti in strokovnosti. Ob vsem tem pa moramo najti pravo mero planinske zagnanosti, ki temelji <strong>na prostovoljnem delu,<\/strong> medsebojni pomo\u010di ter \u0161irjenju planinske miselnosti in dobre volje.<\/p>\n<p><a href=\"https:\/\/ospoljcane.si\/nova\/wp-content\/uploads\/2024\/01\/PD_Poljcane_program2024-1.pdf\" target=\"_blank\" rel=\"noopener\"><strong>Program za leto 2024<\/strong><\/a><\/p>\n<p><strong style=\"color: var( --e-global-color-text ); font-family: var( --e-global-typography-text-font-family ), Sans-serif; font-size: 1rem;\">Uradne ure <\/strong>bodo vsak <strong style=\"color: var( --e-global-color-text ); font-family: var( --e-global-typography-text-font-family ), Sans-serif; font-size: 1rem;\">\u010detrtek<\/strong> od novembra do konca februarja med 17. in 18. uro, od marca do konca oktobra pa med 18. in 19. uro pri Marini Marovt v dru\u0161tveni pisarni<strong style=\"color: var( --e-global-color-text ); font-family: var( --e-global-typography-text-font-family ), Sans-serif; font-size: 1rem;\"> v zgradbi Doma \u0161portov in kulture Polj\u010dane<\/strong>, Bistri\u0161ka cesta 89, zadnji stranski vhod ob ko\u0161arkarskem igri\u0161\u010du, 1. nadstropje, <strong>t<\/strong><strong style=\"color: var( --e-global-color-text ); font-family: var( --e-global-typography-text-font-family ), Sans-serif; font-size: 1rem;\">el. 02 802 65 00.<\/strong><\/p>\n<p><strong>Izleti in ostale akcije bodo objavljeni<\/strong> na spletni strani PD Polj\u010dane <a href=\"http:\/\/www.pdpoljcane.com\">www.pdpoljcane.com<\/a>, v omarici PD Polj\u010dane (na zidu pri lekarni), v Osnovni \u0161oli Kajetana Kovi\u010da Polj\u010dane in na njeni spletni strani <a href=\"http:\/\/www.ospoljcane.si\">www.ospoljcane.si<\/a>, v Osnovni \u0161oli Laporje in v programu prireditev Ob\u010dine Polj\u010dane.<\/p>\n<p><strong>Pridr\u017eujemo si pravico,<\/strong> da zaradi objektivnih razlogov izleta ne razpi\u0161emo, spremenimo smer ali datum, ga odpovemo ali razpi\u0161emo dodatnega, zamenjamo vodjo in\/ali pomo\u010dnike ter dodamo pomo\u010dnike.<\/p>\n<p><strong>Neustrezno opremljene<\/strong> pohodnike in pohodnike <strong>z nepla\u010dano \u010dlanarino<\/strong> za teko\u010de leto lahko zavrnemo.<\/p>\n<p><strong>Telefonske \u0161tevilke<\/strong> vodnikov, mentorjev, mladinskih voditeljev, markacistov, organizatorjev in planinskega doma na Bo\u010du z oskrbnikom:<\/p>\n<table width=\"699\">\n<tbody>\n<tr>\n<td width=\"123\">Aber Katja<\/p>\n<p>(040 876 949)<\/td>\n<td width=\"132\">Dobnik Monja<\/p>\n<p>(040 217 609)<\/td>\n<td width=\"113\">Kova\u010di\u010d Janko<\/p>\n<p>(051 211 801)<\/td>\n<td width=\"142\">Pegan Milena<\/p>\n<p>(041 346 730)<\/td>\n<td width=\"189\">\u0160panring Gvido<\/p>\n<p>(041 689 464)<\/td>\n<\/tr>\n<tr>\n<td width=\"123\">Belec Barbara<\/p>\n<p>(030 688 080)<\/td>\n<td width=\"132\">Erdlen Andreja<\/p>\n<p>(041 650 952)<\/td>\n<td width=\"113\">Mally Marjan<\/p>\n<p>(031 553 672)<\/td>\n<td width=\"142\">Perko Rok<\/p>\n<p>(040 335 134)<\/td>\n<td width=\"189\">Ternov\u0161ek Irena<\/p>\n<p>(02 803 08 38)<\/td>\n<\/tr>\n<tr>\n<td width=\"123\">Belec Daniel<\/p>\n<p>(041 470 336)<\/td>\n<td width=\"132\">Flis Bo\u017eo<\/p>\n<p>(031 224 763)<\/td>\n<td width=\"113\">Marovt Marina<\/p>\n<p>(040 414 006)<\/td>\n<td width=\"142\">Petelin\u0161ek Amadej<\/p>\n<p>(040 588 028)<\/td>\n<td width=\"189\">Vo\u0161inek Davorin<\/p>\n<p>(031 305 659)<\/td>\n<\/tr>\n<tr>\n<td width=\"123\">Berdnik Daniela<\/p>\n<p>(040 219 993)<\/td>\n<td width=\"132\">Gaj\u0161ek Zlatka<\/p>\n<p>(030 273 716)<\/td>\n<td width=\"113\">Medved Ma\u0161a<\/p>\n<p>(040 221 443)<\/td>\n<td width=\"142\">Pir\u0161 Aleksandra<\/p>\n<p>(041 451 674)<\/td>\n<td width=\"189\">Zamuda Leon<\/p>\n<p>(051 211 617)<\/td>\n<\/tr>\n<tr>\n<td width=\"123\">Bla\u017ei\u010d Boris<\/p>\n<p>(051 663 622)<\/td>\n<td width=\"132\">Hrup \u017diga<\/p>\n<p>(068 134 429)<\/td>\n<td width=\"113\">Oni\u010d Dragica<\/p>\n<p>(040 546 213)<\/td>\n<td width=\"142\">Pleni\u010dar G. Polona<\/p>\n<p>(040 859 598)<\/td>\n<td width=\"189\">Planinska pisarna<\/p>\n<p>(02 802 65 00)<\/td>\n<\/tr>\n<tr>\n<td width=\"123\">Borovnik Ivo<\/p>\n<p>(041 878 376)<\/td>\n<td width=\"132\">Jesenek Renata<\/p>\n<p>(031 235 739)<\/td>\n<td width=\"113\">Oni\u010d Fran\u010dek<\/p>\n<p>(02 802 51 42)<\/td>\n<td width=\"142\">Rap Lovro<\/p>\n<p>(040 353 642)<\/td>\n<td width=\"189\">Oliver turizem \u2013 Oliver \u010cobec s.p. (031 643 836)<\/td>\n<\/tr>\n<tr>\n<td width=\"123\">\u010coh Klavdija<\/p>\n<p>(041 498 024)<\/td>\n<td width=\"132\">Kavkler Leopold<\/p>\n<p>(051 310 275)<\/td>\n<td width=\"113\">Oni\u010d Toma\u017e<\/p>\n<p>(040 460 054)<\/td>\n<td width=\"142\">Skledar Ana<\/p>\n<p>(040 358 360)<\/td>\n<td width=\"189\"><strong>Planinski dom na Bo\u010du<\/strong><\/p>\n<p><strong>(031 643 836)<\/strong><\/td>\n<\/tr>\n<\/tbody>\n<\/table>\n<table width=\"699\">\n<tbody>\n<tr>\n<td width=\"85\"><strong>\u010clanarina <\/strong><\/td>\n<td width=\"539\"><strong>Komu je namenjena<\/strong><\/td>\n<td width=\"76\"><strong>Vi\u0161ina <\/strong><\/td>\n<\/tr>\n<tr>\n<td width=\"85\"><strong>A<\/strong><\/td>\n<td width=\"539\">\u010dlan z najve\u010djim obsegom ugodnosti<\/td>\n<td width=\"76\">68,00 \u20ac<\/td>\n<\/tr>\n<tr>\n<td width=\"85\"><strong>A\/d<\/strong><\/td>\n<td style=\"text-align: right;\" width=\"539\">z dru\u017einskim popustom<\/td>\n<td width=\"76\">62,00 \u20ac<\/td>\n<\/tr>\n<tr>\n<td width=\"85\"><strong>B<\/strong><\/td>\n<td width=\"539\">polnoletna oseba z osnovnim obsegom ugodnosti<\/td>\n<td width=\"76\">32,00 \u20ac<\/td>\n<\/tr>\n<tr>\n<td width=\"85\"><strong>B\/d<\/strong><\/td>\n<td style=\"text-align: right;\" width=\"539\">z dru\u017einskim popustom<\/td>\n<td width=\"76\">26,00 \u20ac<\/td>\n<\/tr>\n<tr>\n<td width=\"85\"><strong>B1<\/strong><\/td>\n<td width=\"539\">oseba, starej\u0161a od 65 let, z osnovnim obsegom ugodnosti<\/td>\n<td width=\"76\">24,00 \u20ac<\/td>\n<\/tr>\n<tr>\n<td width=\"85\"><strong>S + \u0160<\/strong><\/td>\n<td width=\"539\">srednje\u0161olec ali oseba s statusom \u0161tudenta, do vklju\u010dno 26. leta starosti, z osnovnim obsegom ugodnosti<\/td>\n<td width=\"76\">21,00 \u20ac<\/td>\n<\/tr>\n<tr>\n<td width=\"85\"><strong>S + \u0160\/d<\/strong><\/td>\n<td style=\"text-align: right;\" width=\"539\">z dru\u017einskim popustom<\/td>\n<td width=\"76\">17,00 \u20ac<\/td>\n<\/tr>\n<tr>\n<td width=\"85\"><strong>P + O<\/strong><\/td>\n<td width=\"539\">pred\u0161olski ali osnovno\u0161olski otrok z osnovnim obsegom ugodnosti<\/td>\n<td width=\"76\">10,00 \u20ac<\/td>\n<\/tr>\n<tr>\n<td width=\"85\"><strong>P + O\/d<\/strong><\/td>\n<td style=\"text-align: right;\" width=\"539\">z dru\u017einskim popustom<\/td>\n<td width=\"76\">9,00 \u20ac<\/td>\n<\/tr>\n<\/tbody>\n<\/table>\n<p><strong>\u00a0<\/strong>\u010clanarina <strong>izra\u017ea pripadnost<\/strong> planinski organizaciji, nudi re\u0161evanje v doma\u010dih in tujih gorah in v nadaljevanju re\u0161evanja zdravljenje v bolni\u0161nici, zavarovanja za invalidnost, ugodnej\u0161o nabavo opreme v nekaterih \u0161portnih trgovinah, cenej\u0161e spanje v planinskih domovih doma in v tujini, cenej\u0161o naro\u010dnino na Planinski vestnik in druge ugodnosti.<\/p>\n<p><strong>Vse podrobnosti<\/strong> so predstavljene na spletni strani <a href=\"http:\/\/clanarina.pzs.si\/\">http:\/\/clanarina.pzs.si\/<\/a> ali kar \u010clanarina PZS 2024.<\/p>\n<p><strong>Dru\u017einska \u010dlanarina<\/strong> (star\u0161i in otroci) mora biti pla\u010dana isto\u010dasno za vse \u010dlane v dru\u017eini.<\/p>\n<p>Janko Kova\u010di\u010d,predsednik PD Polj\u010dane<\/p>\n","protected":false},"excerpt":{"rendered":"<p>Planinsko dru\u0161tvo Polj\u010dane aktivno deluje od leta 1929. \u0160teje okrog 550 \u010dlanov, od tega okoli 270 mladih planincev.Organizirani smo v skladu z veljavnimi predpisi tako, &hellip; <\/p>\n","protected":false},"author":1,"featured_media":0,"parent":0,"menu_order":0,"comment_status":"closed","ping_status":"closed","template":"","meta":{"footnotes":""},"class_list":["post-1428","page","type-page","status-publish","hentry","image-hover-transition-effect","latest_post"],"yoast_head":"<!-- This site is optimized with the Yoast SEO plugin v27.5 - https:\/\/yoast.com\/product\/yoast-seo-wordpress\/ -->\n<title>O dru\u0161tvu - Osnovna \u0161ola Kajetana Kovi\u010da Polj\u010dane<\/title>\n<meta name=\"robots\" content=\"index, follow, max-snippet:-1, max-image-preview:large, max-video-preview:-1\" \/>\n<link rel=\"canonical\" href=\"https:\/\/ospoljcane.si\/nova\/o-drustvu\/\" \/>\n<meta property=\"og:locale\" content=\"sl_SI\" \/>\n<meta property=\"og:type\" content=\"article\" \/>\n<meta property=\"og:title\" content=\"O dru\u0161tvu - Osnovna \u0161ola Kajetana Kovi\u010da Polj\u010dane\" \/>\n<meta property=\"og:description\" content=\"Planinsko dru\u0161tvo Polj\u010dane aktivno deluje od leta 1929. \u0160teje okrog 550 \u010dlanov, od tega okoli 270 mladih planincev.Organizirani smo v skladu z veljavnimi predpisi tako, &hellip;\" \/>\n<meta property=\"og:url\" content=\"https:\/\/ospoljcane.si\/nova\/o-drustvu\/\" \/>\n<meta property=\"og:site_name\" content=\"Osnovna \u0161ola Kajetana Kovi\u010da Polj\u010dane\" \/>\n<meta property=\"article:modified_time\" content=\"2024-01-21T08:46:52+00:00\" \/>\n<meta property=\"og:image\" content=\"https:\/\/pdpoljcane.files.wordpress.com\/2012\/01\/znak1.png\" \/>\n<meta name=\"twitter:card\" content=\"summary_large_image\" \/>\n<meta name=\"twitter:label1\" content=\"Est. reading time\" \/>\n\t<meta name=\"twitter:data1\" content=\"5 minut\" \/>\n<script type=\"application\/ld+json\" class=\"yoast-schema-graph\">{\"@context\":\"https:\\\/\\\/schema.org\",\"@graph\":[{\"@type\":\"WebPage\",\"@id\":\"https:\\\/\\\/ospoljcane.si\\\/nova\\\/o-drustvu\\\/\",\"url\":\"https:\\\/\\\/ospoljcane.si\\\/nova\\\/o-drustvu\\\/\",\"name\":\"O dru\u0161tvu - Osnovna \u0161ola Kajetana Kovi\u010da Polj\u010dane\",\"isPartOf\":{\"@id\":\"https:\\\/\\\/ospoljcane.si\\\/nova\\\/#website\"},\"primaryImageOfPage\":{\"@id\":\"https:\\\/\\\/ospoljcane.si\\\/nova\\\/o-drustvu\\\/#primaryimage\"},\"image\":{\"@id\":\"https:\\\/\\\/ospoljcane.si\\\/nova\\\/o-drustvu\\\/#primaryimage\"},\"thumbnailUrl\":\"https:\\\/\\\/pdpoljcane.files.wordpress.com\\\/2012\\\/01\\\/znak1.png\",\"datePublished\":\"2020-12-30T08:16:42+00:00\",\"dateModified\":\"2024-01-21T08:46:52+00:00\",\"breadcrumb\":{\"@id\":\"https:\\\/\\\/ospoljcane.si\\\/nova\\\/o-drustvu\\\/#breadcrumb\"},\"inLanguage\":\"sl-SI\",\"potentialAction\":[{\"@type\":\"ReadAction\",\"target\":[\"https:\\\/\\\/ospoljcane.si\\\/nova\\\/o-drustvu\\\/\"]}]},{\"@type\":\"ImageObject\",\"inLanguage\":\"sl-SI\",\"@id\":\"https:\\\/\\\/ospoljcane.si\\\/nova\\\/o-drustvu\\\/#primaryimage\",\"url\":\"https:\\\/\\\/pdpoljcane.files.wordpress.com\\\/2012\\\/01\\\/znak1.png\",\"contentUrl\":\"https:\\\/\\\/pdpoljcane.files.wordpress.com\\\/2012\\\/01\\\/znak1.png\"},{\"@type\":\"BreadcrumbList\",\"@id\":\"https:\\\/\\\/ospoljcane.si\\\/nova\\\/o-drustvu\\\/#breadcrumb\",\"itemListElement\":[{\"@type\":\"ListItem\",\"position\":1,\"name\":\"Domov\",\"item\":\"https:\\\/\\\/ospoljcane.si\\\/nova\\\/\"},{\"@type\":\"ListItem\",\"position\":2,\"name\":\"O dru\u0161tvu\"}]},{\"@type\":\"WebSite\",\"@id\":\"https:\\\/\\\/ospoljcane.si\\\/nova\\\/#website\",\"url\":\"https:\\\/\\\/ospoljcane.si\\\/nova\\\/\",\"name\":\"Osnovna \u0161ola Kajetana Kovi\u010da Polj\u010dane\",\"description\":\"\",\"publisher\":{\"@id\":\"https:\\\/\\\/ospoljcane.si\\\/nova\\\/#organization\"},\"potentialAction\":[{\"@type\":\"SearchAction\",\"target\":{\"@type\":\"EntryPoint\",\"urlTemplate\":\"https:\\\/\\\/ospoljcane.si\\\/nova\\\/?s={search_term_string}\"},\"query-input\":{\"@type\":\"PropertyValueSpecification\",\"valueRequired\":true,\"valueName\":\"search_term_string\"}}],\"inLanguage\":\"sl-SI\"},{\"@type\":\"Organization\",\"@id\":\"https:\\\/\\\/ospoljcane.si\\\/nova\\\/#organization\",\"name\":\"Osnovna \u0161ola Kajetana Kovi\u010da Polj\u010dane\",\"url\":\"https:\\\/\\\/ospoljcane.si\\\/nova\\\/\",\"logo\":{\"@type\":\"ImageObject\",\"inLanguage\":\"sl-SI\",\"@id\":\"https:\\\/\\\/ospoljcane.si\\\/nova\\\/#\\\/schema\\\/logo\\\/image\\\/\",\"url\":\"https:\\\/\\\/ospoljcane.si\\\/nova\\\/wp-content\\\/uploads\\\/2020\\\/12\\\/cropped-cropped-Logotip-sole-2016_3G-1-1.png\",\"contentUrl\":\"https:\\\/\\\/ospoljcane.si\\\/nova\\\/wp-content\\\/uploads\\\/2020\\\/12\\\/cropped-cropped-Logotip-sole-2016_3G-1-1.png\",\"width\":512,\"height\":512,\"caption\":\"Osnovna \u0161ola Kajetana Kovi\u010da Polj\u010dane\"},\"image\":{\"@id\":\"https:\\\/\\\/ospoljcane.si\\\/nova\\\/#\\\/schema\\\/logo\\\/image\\\/\"}}]}<\/script>\n<!-- \/ Yoast SEO plugin. -->","yoast_head_json":{"title":"O dru\u0161tvu - Osnovna \u0161ola Kajetana Kovi\u010da Polj\u010dane","robots":{"index":"index","follow":"follow","max-snippet":"max-snippet:-1","max-image-preview":"max-image-preview:large","max-video-preview":"max-video-preview:-1"},"canonical":"https:\/\/ospoljcane.si\/nova\/o-drustvu\/","og_locale":"sl_SI","og_type":"article","og_title":"O dru\u0161tvu - Osnovna \u0161ola Kajetana Kovi\u010da Polj\u010dane","og_description":"Planinsko dru\u0161tvo Polj\u010dane aktivno deluje od leta 1929. \u0160teje okrog 550 \u010dlanov, od tega okoli 270 mladih planincev.Organizirani smo v skladu z veljavnimi predpisi tako, &hellip;","og_url":"https:\/\/ospoljcane.si\/nova\/o-drustvu\/","og_site_name":"Osnovna \u0161ola Kajetana Kovi\u010da Polj\u010dane","article_modified_time":"2024-01-21T08:46:52+00:00","og_image":[{"url":"https:\/\/pdpoljcane.files.wordpress.com\/2012\/01\/znak1.png","type":"","width":"","height":""}],"twitter_card":"summary_large_image","twitter_misc":{"Est. reading time":"5 minut"},"schema":{"@context":"https:\/\/schema.org","@graph":[{"@type":"WebPage","@id":"https:\/\/ospoljcane.si\/nova\/o-drustvu\/","url":"https:\/\/ospoljcane.si\/nova\/o-drustvu\/","name":"O dru\u0161tvu - Osnovna \u0161ola Kajetana Kovi\u010da Polj\u010dane","isPartOf":{"@id":"https:\/\/ospoljcane.si\/nova\/#website"},"primaryImageOfPage":{"@id":"https:\/\/ospoljcane.si\/nova\/o-drustvu\/#primaryimage"},"image":{"@id":"https:\/\/ospoljcane.si\/nova\/o-drustvu\/#primaryimage"},"thumbnailUrl":"https:\/\/pdpoljcane.files.wordpress.com\/2012\/01\/znak1.png","datePublished":"2020-12-30T08:16:42+00:00","dateModified":"2024-01-21T08:46:52+00:00","breadcrumb":{"@id":"https:\/\/ospoljcane.si\/nova\/o-drustvu\/#breadcrumb"},"inLanguage":"sl-SI","potentialAction":[{"@type":"ReadAction","target":["https:\/\/ospoljcane.si\/nova\/o-drustvu\/"]}]},{"@type":"ImageObject","inLanguage":"sl-SI","@id":"https:\/\/ospoljcane.si\/nova\/o-drustvu\/#primaryimage","url":"https:\/\/pdpoljcane.files.wordpress.com\/2012\/01\/znak1.png","contentUrl":"https:\/\/pdpoljcane.files.wordpress.com\/2012\/01\/znak1.png"},{"@type":"BreadcrumbList","@id":"https:\/\/ospoljcane.si\/nova\/o-drustvu\/#breadcrumb","itemListElement":[{"@type":"ListItem","position":1,"name":"Domov","item":"https:\/\/ospoljcane.si\/nova\/"},{"@type":"ListItem","position":2,"name":"O dru\u0161tvu"}]},{"@type":"WebSite","@id":"https:\/\/ospoljcane.si\/nova\/#website","url":"https:\/\/ospoljcane.si\/nova\/","name":"Osnovna \u0161ola Kajetana Kovi\u010da Polj\u010dane","description":"","publisher":{"@id":"https:\/\/ospoljcane.si\/nova\/#organization"},"potentialAction":[{"@type":"SearchAction","target":{"@type":"EntryPoint","urlTemplate":"https:\/\/ospoljcane.si\/nova\/?s={search_term_string}"},"query-input":{"@type":"PropertyValueSpecification","valueRequired":true,"valueName":"search_term_string"}}],"inLanguage":"sl-SI"},{"@type":"Organization","@id":"https:\/\/ospoljcane.si\/nova\/#organization","name":"Osnovna \u0161ola Kajetana Kovi\u010da Polj\u010dane","url":"https:\/\/ospoljcane.si\/nova\/","logo":{"@type":"ImageObject","inLanguage":"sl-SI","@id":"https:\/\/ospoljcane.si\/nova\/#\/schema\/logo\/image\/","url":"https:\/\/ospoljcane.si\/nova\/wp-content\/uploads\/2020\/12\/cropped-cropped-Logotip-sole-2016_3G-1-1.png","contentUrl":"https:\/\/ospoljcane.si\/nova\/wp-content\/uploads\/2020\/12\/cropped-cropped-Logotip-sole-2016_3G-1-1.png","width":512,"height":512,"caption":"Osnovna \u0161ola Kajetana Kovi\u010da Polj\u010dane"},"image":{"@id":"https:\/\/ospoljcane.si\/nova\/#\/schema\/logo\/image\/"}}]}},"_links":{"self":[{"href":"https:\/\/ospoljcane.si\/nova\/wp-json\/wp\/v2\/pages\/1428","targetHints":{"allow":["GET"]}}],"collection":[{"href":"https:\/\/ospoljcane.si\/nova\/wp-json\/wp\/v2\/pages"}],"about":[{"href":"https:\/\/ospoljcane.si\/nova\/wp-json\/wp\/v2\/types\/page"}],"author":[{"embeddable":true,"href":"https:\/\/ospoljcane.si\/nova\/wp-json\/wp\/v2\/users\/1"}],"replies":[{"embeddable":true,"href":"https:\/\/ospoljcane.si\/nova\/wp-json\/wp\/v2\/comments?post=1428"}],"version-history":[{"count":31,"href":"https:\/\/ospoljcane.si\/nova\/wp-json\/wp\/v2\/pages\/1428\/revisions"}],"predecessor-version":[{"id":17358,"href":"https:\/\/ospoljcane.si\/nova\/wp-json\/wp\/v2\/pages\/1428\/revisions\/17358"}],"wp:attachment":[{"href":"https:\/\/ospoljcane.si\/nova\/wp-json\/wp\/v2\/media?parent=1428"}],"curies":[{"name":"wp","href":"https:\/\/api.w.org\/{rel}","templated":true}]}}