{"id":1424,"date":"2020-12-30T08:50:54","date_gmt":"2020-12-30T07:50:54","guid":{"rendered":"http:\/\/ospoljcane.si\/nova\/?page_id=1424"},"modified":"2021-02-24T23:27:37","modified_gmt":"2021-02-24T22:27:37","slug":"mladi-clani-rk","status":"publish","type":"page","link":"https:\/\/ospoljcane.si\/nova\/mladi-clani-rk\/","title":{"rendered":"Mladi \u010dlani Rde\u010dega kri\u017ea"},"content":{"rendered":"<div class=\"ospoljcane-post-inner ospoljcane-article\">\n<div class=\"ospoljcane-postcontent\">\n<div class=\"ospoljcane-article\">\n<p><em><strong>Kak\u0161ni so cilji, ki jim sledimo?<\/strong><\/em><\/p>\n<ul>\n<li>\n<div>Spodbujati mlade k razmi\u0161ljanju o \u017eivljenju, okolju, zdravju,<\/div>\n<\/li>\n<li>\n<div>spodbujati mlade k strpnosti, tolerantnosti in priznavanju razli\u010dnosti,<\/div>\n<\/li>\n<li>\n<div>prispevati k zdru\u017eevanju mladih,<\/div>\n<\/li>\n<li>\n<div>razvijati koristne navade,<\/div>\n<\/li>\n<li>\n<div>razvijati solidarnostni \u010dut med mladimi,<\/div>\n<\/li>\n<li>\n<div>vzgajati za zdravo \u017eivljenje,<\/div>\n<\/li>\n<li>\n<div>pou\u010devanje mladih o humanitarni organizaciji Rde\u010dega kri\u017ea,<\/div>\n<\/li>\n<li>\n<div>u\u010denje z igrami in zabavo,<\/div>\n<\/li>\n<li>\n<div>spoznavanje druga\u010dnih oblik pre\u017eivljanja prostega \u010dasa,<\/div>\n<\/li>\n<li>\n<div>pridobivati nove prostovoljce za zdaj in prihodnost,<\/div>\n<\/li>\n<li>\n<div>tekmovati v kvizu,<\/div>\n<\/li>\n<li>\n<div>sprejeti prvo\u0161ol\u010dke v organizacijo.<\/div>\n<\/li>\n<\/ul>\n<p>&nbsp;<\/p>\n<\/div>\n<\/div>\n<div class=\"cleared\"><img decoding=\"async\" class=\"aligncenter\" src=\"https:\/\/www.rks.si\/f\/pics\/Mladi\/Mladi2_m.jpg\" alt=\"Prostovoljci in mladi - Rde\u010di kri\u017e Slovenije\" \/><\/div>\n<\/div>\n<div class=\"cleared\"><\/div>\n","protected":false},"excerpt":{"rendered":"<p>Kak\u0161ni so cilji, ki jim sledimo? Spodbujati mlade k razmi\u0161ljanju o \u017eivljenju, okolju, zdravju, spodbujati mlade k strpnosti, tolerantnosti in priznavanju razli\u010dnosti, prispevati k zdru\u017eevanju &hellip; <\/p>\n","protected":false},"author":1,"featured_media":0,"parent":0,"menu_order":0,"comment_status":"closed","ping_status":"closed","template":"","meta":{"footnotes":""},"class_list":["post-1424","page","type-page","status-publish","hentry","image-hover-transition-effect","latest_post"],"yoast_head":"<!-- This site is optimized with the Yoast SEO plugin v27.4 - https:\/\/yoast.com\/product\/yoast-seo-wordpress\/ -->\n<title>Mladi \u010dlani Rde\u010dega kri\u017ea - Osnovna \u0161ola Kajetana Kovi\u010da Polj\u010dane<\/title>\n<meta name=\"robots\" content=\"index, follow, max-snippet:-1, max-image-preview:large, max-video-preview:-1\" \/>\n<link rel=\"canonical\" href=\"https:\/\/ospoljcane.si\/nova\/mladi-clani-rk\/\" \/>\n<meta property=\"og:locale\" content=\"sl_SI\" \/>\n<meta property=\"og:type\" content=\"article\" \/>\n<meta property=\"og:title\" content=\"Mladi \u010dlani Rde\u010dega kri\u017ea - Osnovna \u0161ola Kajetana Kovi\u010da Polj\u010dane\" \/>\n<meta property=\"og:description\" content=\"Kak\u0161ni so cilji, ki jim sledimo? Spodbujati mlade k razmi\u0161ljanju o \u017eivljenju, okolju, zdravju, spodbujati mlade k strpnosti, tolerantnosti in priznavanju razli\u010dnosti, prispevati k zdru\u017eevanju &hellip;\" \/>\n<meta property=\"og:url\" content=\"https:\/\/ospoljcane.si\/nova\/mladi-clani-rk\/\" \/>\n<meta property=\"og:site_name\" content=\"Osnovna \u0161ola Kajetana Kovi\u010da Polj\u010dane\" \/>\n<meta property=\"article:modified_time\" content=\"2021-02-24T22:27:37+00:00\" \/>\n<meta property=\"og:image\" content=\"https:\/\/www.rks.si\/f\/pics\/Mladi\/Mladi2_m.jpg\" \/>\n<meta name=\"twitter:card\" content=\"summary_large_image\" \/>\n<meta name=\"twitter:label1\" content=\"Est. reading time\" \/>\n\t<meta name=\"twitter:data1\" content=\"1 minuta\" \/>\n<script type=\"application\/ld+json\" class=\"yoast-schema-graph\">{\"@context\":\"https:\\\/\\\/schema.org\",\"@graph\":[{\"@type\":\"WebPage\",\"@id\":\"https:\\\/\\\/ospoljcane.si\\\/nova\\\/mladi-clani-rk\\\/\",\"url\":\"https:\\\/\\\/ospoljcane.si\\\/nova\\\/mladi-clani-rk\\\/\",\"name\":\"Mladi \u010dlani Rde\u010dega kri\u017ea - Osnovna \u0161ola Kajetana Kovi\u010da Polj\u010dane\",\"isPartOf\":{\"@id\":\"https:\\\/\\\/ospoljcane.si\\\/nova\\\/#website\"},\"primaryImageOfPage\":{\"@id\":\"https:\\\/\\\/ospoljcane.si\\\/nova\\\/mladi-clani-rk\\\/#primaryimage\"},\"image\":{\"@id\":\"https:\\\/\\\/ospoljcane.si\\\/nova\\\/mladi-clani-rk\\\/#primaryimage\"},\"thumbnailUrl\":\"https:\\\/\\\/www.rks.si\\\/f\\\/pics\\\/Mladi\\\/Mladi2_m.jpg\",\"datePublished\":\"2020-12-30T07:50:54+00:00\",\"dateModified\":\"2021-02-24T22:27:37+00:00\",\"breadcrumb\":{\"@id\":\"https:\\\/\\\/ospoljcane.si\\\/nova\\\/mladi-clani-rk\\\/#breadcrumb\"},\"inLanguage\":\"sl-SI\",\"potentialAction\":[{\"@type\":\"ReadAction\",\"target\":[\"https:\\\/\\\/ospoljcane.si\\\/nova\\\/mladi-clani-rk\\\/\"]}]},{\"@type\":\"ImageObject\",\"inLanguage\":\"sl-SI\",\"@id\":\"https:\\\/\\\/ospoljcane.si\\\/nova\\\/mladi-clani-rk\\\/#primaryimage\",\"url\":\"https:\\\/\\\/www.rks.si\\\/f\\\/pics\\\/Mladi\\\/Mladi2_m.jpg\",\"contentUrl\":\"https:\\\/\\\/www.rks.si\\\/f\\\/pics\\\/Mladi\\\/Mladi2_m.jpg\"},{\"@type\":\"BreadcrumbList\",\"@id\":\"https:\\\/\\\/ospoljcane.si\\\/nova\\\/mladi-clani-rk\\\/#breadcrumb\",\"itemListElement\":[{\"@type\":\"ListItem\",\"position\":1,\"name\":\"Domov\",\"item\":\"https:\\\/\\\/ospoljcane.si\\\/nova\\\/\"},{\"@type\":\"ListItem\",\"position\":2,\"name\":\"Mladi \u010dlani Rde\u010dega kri\u017ea\"}]},{\"@type\":\"WebSite\",\"@id\":\"https:\\\/\\\/ospoljcane.si\\\/nova\\\/#website\",\"url\":\"https:\\\/\\\/ospoljcane.si\\\/nova\\\/\",\"name\":\"Osnovna \u0161ola Kajetana Kovi\u010da Polj\u010dane\",\"description\":\"\",\"publisher\":{\"@id\":\"https:\\\/\\\/ospoljcane.si\\\/nova\\\/#organization\"},\"potentialAction\":[{\"@type\":\"SearchAction\",\"target\":{\"@type\":\"EntryPoint\",\"urlTemplate\":\"https:\\\/\\\/ospoljcane.si\\\/nova\\\/?s={search_term_string}\"},\"query-input\":{\"@type\":\"PropertyValueSpecification\",\"valueRequired\":true,\"valueName\":\"search_term_string\"}}],\"inLanguage\":\"sl-SI\"},{\"@type\":\"Organization\",\"@id\":\"https:\\\/\\\/ospoljcane.si\\\/nova\\\/#organization\",\"name\":\"Osnovna \u0161ola Kajetana Kovi\u010da Polj\u010dane\",\"url\":\"https:\\\/\\\/ospoljcane.si\\\/nova\\\/\",\"logo\":{\"@type\":\"ImageObject\",\"inLanguage\":\"sl-SI\",\"@id\":\"https:\\\/\\\/ospoljcane.si\\\/nova\\\/#\\\/schema\\\/logo\\\/image\\\/\",\"url\":\"https:\\\/\\\/ospoljcane.si\\\/nova\\\/wp-content\\\/uploads\\\/2020\\\/12\\\/cropped-cropped-Logotip-sole-2016_3G-1-1.png\",\"contentUrl\":\"https:\\\/\\\/ospoljcane.si\\\/nova\\\/wp-content\\\/uploads\\\/2020\\\/12\\\/cropped-cropped-Logotip-sole-2016_3G-1-1.png\",\"width\":512,\"height\":512,\"caption\":\"Osnovna \u0161ola Kajetana Kovi\u010da Polj\u010dane\"},\"image\":{\"@id\":\"https:\\\/\\\/ospoljcane.si\\\/nova\\\/#\\\/schema\\\/logo\\\/image\\\/\"}}]}<\/script>\n<!-- \/ Yoast SEO plugin. -->","yoast_head_json":{"title":"Mladi \u010dlani Rde\u010dega kri\u017ea - Osnovna \u0161ola Kajetana Kovi\u010da Polj\u010dane","robots":{"index":"index","follow":"follow","max-snippet":"max-snippet:-1","max-image-preview":"max-image-preview:large","max-video-preview":"max-video-preview:-1"},"canonical":"https:\/\/ospoljcane.si\/nova\/mladi-clani-rk\/","og_locale":"sl_SI","og_type":"article","og_title":"Mladi \u010dlani Rde\u010dega kri\u017ea - Osnovna \u0161ola Kajetana Kovi\u010da Polj\u010dane","og_description":"Kak\u0161ni so cilji, ki jim sledimo? Spodbujati mlade k razmi\u0161ljanju o \u017eivljenju, okolju, zdravju, spodbujati mlade k strpnosti, tolerantnosti in priznavanju razli\u010dnosti, prispevati k zdru\u017eevanju &hellip;","og_url":"https:\/\/ospoljcane.si\/nova\/mladi-clani-rk\/","og_site_name":"Osnovna \u0161ola Kajetana Kovi\u010da Polj\u010dane","article_modified_time":"2021-02-24T22:27:37+00:00","og_image":[{"url":"https:\/\/www.rks.si\/f\/pics\/Mladi\/Mladi2_m.jpg","type":"","width":"","height":""}],"twitter_card":"summary_large_image","twitter_misc":{"Est. reading time":"1 minuta"},"schema":{"@context":"https:\/\/schema.org","@graph":[{"@type":"WebPage","@id":"https:\/\/ospoljcane.si\/nova\/mladi-clani-rk\/","url":"https:\/\/ospoljcane.si\/nova\/mladi-clani-rk\/","name":"Mladi \u010dlani Rde\u010dega kri\u017ea - Osnovna \u0161ola Kajetana Kovi\u010da Polj\u010dane","isPartOf":{"@id":"https:\/\/ospoljcane.si\/nova\/#website"},"primaryImageOfPage":{"@id":"https:\/\/ospoljcane.si\/nova\/mladi-clani-rk\/#primaryimage"},"image":{"@id":"https:\/\/ospoljcane.si\/nova\/mladi-clani-rk\/#primaryimage"},"thumbnailUrl":"https:\/\/www.rks.si\/f\/pics\/Mladi\/Mladi2_m.jpg","datePublished":"2020-12-30T07:50:54+00:00","dateModified":"2021-02-24T22:27:37+00:00","breadcrumb":{"@id":"https:\/\/ospoljcane.si\/nova\/mladi-clani-rk\/#breadcrumb"},"inLanguage":"sl-SI","potentialAction":[{"@type":"ReadAction","target":["https:\/\/ospoljcane.si\/nova\/mladi-clani-rk\/"]}]},{"@type":"ImageObject","inLanguage":"sl-SI","@id":"https:\/\/ospoljcane.si\/nova\/mladi-clani-rk\/#primaryimage","url":"https:\/\/www.rks.si\/f\/pics\/Mladi\/Mladi2_m.jpg","contentUrl":"https:\/\/www.rks.si\/f\/pics\/Mladi\/Mladi2_m.jpg"},{"@type":"BreadcrumbList","@id":"https:\/\/ospoljcane.si\/nova\/mladi-clani-rk\/#breadcrumb","itemListElement":[{"@type":"ListItem","position":1,"name":"Domov","item":"https:\/\/ospoljcane.si\/nova\/"},{"@type":"ListItem","position":2,"name":"Mladi \u010dlani Rde\u010dega kri\u017ea"}]},{"@type":"WebSite","@id":"https:\/\/ospoljcane.si\/nova\/#website","url":"https:\/\/ospoljcane.si\/nova\/","name":"Osnovna \u0161ola Kajetana Kovi\u010da Polj\u010dane","description":"","publisher":{"@id":"https:\/\/ospoljcane.si\/nova\/#organization"},"potentialAction":[{"@type":"SearchAction","target":{"@type":"EntryPoint","urlTemplate":"https:\/\/ospoljcane.si\/nova\/?s={search_term_string}"},"query-input":{"@type":"PropertyValueSpecification","valueRequired":true,"valueName":"search_term_string"}}],"inLanguage":"sl-SI"},{"@type":"Organization","@id":"https:\/\/ospoljcane.si\/nova\/#organization","name":"Osnovna \u0161ola Kajetana Kovi\u010da Polj\u010dane","url":"https:\/\/ospoljcane.si\/nova\/","logo":{"@type":"ImageObject","inLanguage":"sl-SI","@id":"https:\/\/ospoljcane.si\/nova\/#\/schema\/logo\/image\/","url":"https:\/\/ospoljcane.si\/nova\/wp-content\/uploads\/2020\/12\/cropped-cropped-Logotip-sole-2016_3G-1-1.png","contentUrl":"https:\/\/ospoljcane.si\/nova\/wp-content\/uploads\/2020\/12\/cropped-cropped-Logotip-sole-2016_3G-1-1.png","width":512,"height":512,"caption":"Osnovna \u0161ola Kajetana Kovi\u010da Polj\u010dane"},"image":{"@id":"https:\/\/ospoljcane.si\/nova\/#\/schema\/logo\/image\/"}}]}},"_links":{"self":[{"href":"https:\/\/ospoljcane.si\/nova\/wp-json\/wp\/v2\/pages\/1424","targetHints":{"allow":["GET"]}}],"collection":[{"href":"https:\/\/ospoljcane.si\/nova\/wp-json\/wp\/v2\/pages"}],"about":[{"href":"https:\/\/ospoljcane.si\/nova\/wp-json\/wp\/v2\/types\/page"}],"author":[{"embeddable":true,"href":"https:\/\/ospoljcane.si\/nova\/wp-json\/wp\/v2\/users\/1"}],"replies":[{"embeddable":true,"href":"https:\/\/ospoljcane.si\/nova\/wp-json\/wp\/v2\/comments?post=1424"}],"version-history":[{"count":6,"href":"https:\/\/ospoljcane.si\/nova\/wp-json\/wp\/v2\/pages\/1424\/revisions"}],"predecessor-version":[{"id":4289,"href":"https:\/\/ospoljcane.si\/nova\/wp-json\/wp\/v2\/pages\/1424\/revisions\/4289"}],"wp:attachment":[{"href":"https:\/\/ospoljcane.si\/nova\/wp-json\/wp\/v2\/media?parent=1424"}],"curies":[{"name":"wp","href":"https:\/\/api.w.org\/{rel}","templated":true}]}}