{"id":1154,"date":"2020-12-27T18:42:35","date_gmt":"2020-12-27T17:42:35","guid":{"rendered":"http:\/\/ospoljcane.si\/nova\/?page_id=1154"},"modified":"2025-10-23T08:37:19","modified_gmt":"2025-10-23T06:37:19","slug":"jedilnik-in-prehrana","status":"publish","type":"page","link":"https:\/\/ospoljcane.si\/nova\/jedilnik-in-prehrana\/","title":{"rendered":"O prehrani"},"content":{"rendered":"\t\t<div data-elementor-type=\"wp-page\" data-elementor-id=\"1154\" class=\"elementor elementor-1154\" data-elementor-post-type=\"page\">\n\t\t\t\t\t\t<section class=\"elementor-section elementor-top-section elementor-element elementor-element-6baa8fb7 elementor-section-boxed elementor-section-height-default elementor-section-height-default\" data-id=\"6baa8fb7\" data-element_type=\"section\" data-e-type=\"section\">\n\t\t\t\t\t\t<div class=\"elementor-container elementor-column-gap-default\">\n\t\t\t\t\t<div class=\"elementor-column elementor-col-100 elementor-top-column elementor-element elementor-element-70eea940\" data-id=\"70eea940\" data-element_type=\"column\" data-e-type=\"column\">\n\t\t\t<div class=\"elementor-widget-wrap elementor-element-populated\">\n\t\t\t\t\t\t<div class=\"elementor-element elementor-element-4aa8937 elementor-widget elementor-widget-text-editor\" data-id=\"4aa8937\" data-element_type=\"widget\" data-e-type=\"widget\" data-widget_type=\"text-editor.default\">\n\t\t\t\t<div class=\"elementor-widget-container\">\n\t\t\t\t\t\t\t\t\t<h2>Cena malice<\/h2><p><strong>CENIK PREHRANE V \u0160OLSKI KUHINJI<\/strong><\/p><table><tbody><tr><td width=\"156\"><p><strong>Mese\u010dni nakup<\/strong><\/p><\/td><td width=\"113\"><p><strong>ZAJTRK<\/strong><\/p><\/td><td width=\"113\"><p><strong>MALICA<\/strong><\/p><\/td><td width=\"118\"><p><strong>\u00a0\u00a0\u00a0\u00a0 KOSILO<\/strong><\/p><p><strong>\u00a0<\/strong><\/p><\/td><\/tr><tr><td width=\"156\"><p><strong>\u00a0<\/strong><\/p><\/td><td width=\"113\"><p><strong>\/dan<\/strong><\/p><\/td><td width=\"113\"><p><strong>\/dan<\/strong><\/p><\/td><td width=\"118\"><p><strong>\u00a0\u00a0\u00a0\u00a0 \/ dan<\/strong><\/p><\/td><\/tr><tr><td width=\"156\"><p><strong>ni\u017eja stopnja 1-4<\/strong><\/p><\/td><td width=\"113\"><p><strong>0,55 EUR<\/strong><\/p><\/td><td width=\"113\"><p><strong>1,10 EUR<\/strong><\/p><\/td><td width=\"118\"><p><strong>\u00a0\u00a0\u00a0\u00a0 2,85 EUR<\/strong><\/p><\/td><\/tr><tr><td width=\"156\"><p><strong>vi\u0161ja stopnja\u00a0 5-9<\/strong><\/p><\/td><td width=\"113\"><p><strong>0,65 EUR<\/strong><\/p><\/td><td width=\"113\"><p><strong>1,10 EUR<\/strong><\/p><\/td><td width=\"118\"><p><strong>\u00a0\u00a0\u00a0\u00a0 3,20 EUR<\/strong><\/p><\/td><\/tr><tr><td width=\"156\"><p><strong>\u00a0<\/strong><\/p><\/td><td width=\"113\"><p><strong>\u00a0<\/strong><\/p><\/td><td width=\"113\"><p><strong>\u00a0<\/strong><\/p><\/td><td width=\"118\"><p><strong>\u00a0<\/strong><\/p><\/td><\/tr><tr><td width=\"156\"><p><strong>Dnevni nakup:<\/strong><\/p><\/td><td width=\"113\"><p><strong>\u00a0\u00a0\u00a0\u00a0\u00a0\u00a0\u00a0\u00a0\u00a0\u00a0\u00a0\u00a0 <\/strong><\/p><\/td><td width=\"113\"><p><strong>\u00a0<\/strong><\/p><\/td><td width=\"118\"><p><strong>\u00a0\u00a0\u00a0\u00a0 <\/strong><\/p><\/td><\/tr><tr><td width=\"156\"><p><strong>\u00a0<\/strong><\/p><\/td><td width=\"113\"><p><strong>\u00a0<\/strong><\/p><\/td><td width=\"113\"><p><strong>\u00a0<\/strong><\/p><\/td><td width=\"118\"><p><strong>\u00a0<\/strong><\/p><\/td><\/tr><tr><td width=\"156\"><p><strong>ni\u017eja stopnja 1-4<\/strong><\/p><\/td><td width=\"113\"><p><strong>\u00a0\u00a0\u00a0\u00a0\u00a0\u00a0\u00a0\u00a0\u00a0\u00a0 &#8211;<\/strong><\/p><\/td><td width=\"113\"><p><strong>&#8211;<\/strong><\/p><\/td><td width=\"118\"><p><strong>\u00a0\u00a0\u00a0\u00a0 3,40 EUR <\/strong><\/p><\/td><\/tr><tr><td width=\"156\"><p><strong>vi\u0161ja stopnja\u00a0 5-9<\/strong><\/p><\/td><td width=\"113\"><p><strong>\u00a0\u00a0\u00a0\u00a0\u00a0\u00a0\u00a0\u00a0\u00a0\u00a0 &#8211;<\/strong><\/p><\/td><td width=\"113\"><p><strong>&#8211;<\/strong><\/p><\/td><td width=\"118\"><p><strong>\u00a0\u00a0\u00a0\u00a0 3,85 EUR<\/strong><\/p><\/td><\/tr><\/tbody><\/table><p>\u00a0<\/p><p><strong>CENE PREHRANE \u2013 OSTALI<\/strong><\/p><table><tbody><tr><td width=\"302\"><p><strong>Malica <\/strong><\/p><\/td><td width=\"198\"><p><strong>1,55 EUR<\/strong><\/p><\/td><\/tr><tr><td width=\"302\"><p><strong>Kosilo <\/strong><\/p><\/td><td width=\"198\"><p><strong>3,85 EUR<\/strong><\/p><\/td><\/tr><tr><td width=\"302\"><p><strong>Sadje<\/strong><\/p><\/td><td width=\"198\"><p><strong>0,70 EUR<\/strong><\/p><\/td><\/tr><tr><td width=\"302\"><p><strong>Solata<\/strong><\/p><\/td><td width=\"198\"><p><strong>1,80 EUR<\/strong><\/p><\/td><\/tr><tr><td width=\"302\"><p><strong>Kosilo za domov<\/strong><\/p><\/td><td width=\"198\"><p><strong>8,80 EUR<\/strong><\/p><\/td><\/tr><tr><td width=\"302\"><p><strong>Kosilo za domov 1\/2<\/strong><\/p><\/td><td width=\"198\"><p><strong>5,80 EUR<\/strong><\/p><\/td><\/tr><\/tbody><\/table><p>Tr\u017eno ceno \u0161olske prehrane (zajtrk in kosilo) dolo\u010di \u0161ola s cenikom, ki ga sprejme Svet zavoda.<\/p><p>Ceno malice 1,10\u20ac dolo\u010di ministrstvo.<\/p><p><strong>Cenik je veljaven od 1. 10. 2025<\/strong><\/p><p style=\"text-align: right;\">mag. Francka Mravlje, ravnateljica<\/p><h2>Alergeni<\/h2><p>Hrana lahko vsebuje razli\u010dne alergene seznam alergenov najdete <a href=\"https:\/\/ospoljcane.si\/nova\/wp-content\/uploads\/2020\/12\/ALERGENI1.pdf\">tukaj<\/a>.<\/p><h2>Prijava in odjava \u0161olske prehrane<\/h2><p><a href=\"https:\/\/ospoljcane.si\/nova\/wp-content\/uploads\/2023\/09\/Obvestilo-o-solski-prehrani1_1.pdf\">Prijava in odjava \u0161olske prehrane<\/a><\/p><p><a href=\"https:\/\/ospoljcane.si\/nova\/wp-content\/uploads\/2021\/01\/NAVODILA-Odjava-prehrane_0.pdf\">Vodi\u010d za odjavo \u0161olske prehrane<\/a><\/p><h2>Pla\u010dilo<\/h2><p><a href=\"https:\/\/ospoljcane.si\/nova\/wp-content\/uploads\/2022\/01\/Izjava-zdruzene-poloznice.pdf\" target=\"_blank\" rel=\"noopener\">Izjava za zdru\u017eene polo\u017enice<\/a><\/p><p><a href=\"https:\/\/ospoljcane.si\/nova\/wp-content\/uploads\/2022\/01\/Soglasje_Sepa-2019.pdf\" target=\"_blank\" rel=\"noopener\">Soglasje za direktno obremenitev<\/a><\/p><p><a href=\"https:\/\/ospoljcane.si\/nova\/wp-content\/uploads\/2024\/05\/Soglasje-za-prejemanje-e-racunov.pdf\"><span style=\"color: #800000;\">Soglasje za prejemanje e-ra\u010dunov<\/span><\/a><\/p><h2>Subvencioniranje \u0161olske prehrane<\/h2><p><strong>Subvencioniranje \u0161olske prehrane v \u0161olskem letu 2023\/24<\/strong><\/p><p>S subvencioniranjem prehrane se u\u010dencem zagotavlja brezpla\u010den obrok ter tako izbolj\u0161uje dostopnost \u0161olske prehrane posameznikom iz socialno manj vzpodbudnih okolij. Subvencija prehrane se lahko dodeli u\u010dencem za malico in kosilo. U\u010denci morajo za upravi\u010denost do subvencije biti na \u0161olsko prehrano prijavljeni, se redno izobra\u017eevati in po zakonu, ki ureja uveljavljanje pravic iz javnih sredstev, izpolnjevati naslednje pogoje:<\/p><ul><li><strong>popolna subvencija malice oz. brezpla\u010dna malica<\/strong> pripada u\u010dencem iz dru\u017ein, v katerih povpre\u010dni mese\u010dni dohodek na osebo, ugotovljen v odlo\u010dbi o otro\u0161kem dodatku, ne presega 652,12 evrov;<\/li><li><strong>popolna subvencija kosila oz. brezpla\u010dno kosilo<\/strong> pripada u\u010dencem iz dru\u017ein, v katerih povpre\u010dni mese\u010dni dohodek na osebo, ugotovljen v odlo\u010dbi o otro\u0161kem dodatku, ne presega 516,76 evrov.<\/li><\/ul><p>Subvencija za malico lahko ne glede na zgoraj navedene pogoje dobijo tudi u\u010denci, ki so name\u0161\u010deni v rejni\u0161ko dru\u017eino in u\u010denci, prosilci za azil. U\u010dencem, ki so name\u0161\u010deni v rejni\u0161ko dru\u017eino pripada tudi subvencija za kosilo.<\/p><p>\u010ce ste upravi\u010deni do otro\u0161kega dodatka, vam <u>ni treba<\/u> vlo\u017eiti vloge, saj bo \u0161ola pri izdaji polo\u017enice ustrezno upo\u0161tevala zakonsko dolo\u010deno subvencijo. \u010ce do otro\u0161kega dodatka <u>niste<\/u> upravi\u010deni (\u010de vloge za otro\u0161ki dodatek niste vlo\u017eili oz. nimate odlo\u010dbe o otro\u0161kem dodatku), <strong><u>morate<\/u><\/strong> za upravi\u010denost do subvencije \u0161olske prehrane vlo\u017eiti posebno vlogo na Center za socialno delo. <a href=\"https:\/\/e-uprava.gov.si\/podrocja\/vloge\/vloga.html?id=1603\">Vloga<\/a><\/p><p>Ve\u010d informacij v zvezi z uveljavljanjem pravice do subvencije malice oziroma kosila u\u010dencev, lahko najdete na spletnih straneh Ministrstva za delo, dru\u017eino, socialne zadeve in enake mo\u017enosti.<\/p>\t\t\t\t\t\t\t\t<\/div>\n\t\t\t\t<\/div>\n\t\t\t\t\t<\/div>\n\t\t<\/div>\n\t\t\t\t\t<\/div>\n\t\t<\/section>\n\t\t\t\t<\/div>\n\t\t","protected":false},"excerpt":{"rendered":"<p>Cena malice CENIK PREHRANE V \u0160OLSKI KUHINJI Mese\u010dni nakup ZAJTRK MALICA \u00a0\u00a0\u00a0\u00a0 KOSILO \u00a0 \u00a0 \/dan \/dan \u00a0\u00a0\u00a0\u00a0 \/ dan ni\u017eja stopnja 1-4 0,55 EUR &hellip; <\/p>\n","protected":false},"author":1,"featured_media":0,"parent":0,"menu_order":0,"comment_status":"closed","ping_status":"closed","template":"","meta":{"footnotes":""},"class_list":["post-1154","page","type-page","status-publish","hentry","image-hover-transition-effect","latest_post"],"yoast_head":"<!-- This site is optimized with the Yoast SEO plugin v27.3 - https:\/\/yoast.com\/product\/yoast-seo-wordpress\/ -->\n<title>O prehrani - Osnovna \u0161ola Kajetana Kovi\u010da Polj\u010dane<\/title>\n<meta name=\"description\" content=\"Izvedite vse podrobnosti o prehrani na Osnovni \u0161oli Kajetana Kovi\u010da Polj\u010dane.\" \/>\n<meta name=\"robots\" content=\"index, follow, max-snippet:-1, max-image-preview:large, max-video-preview:-1\" \/>\n<link rel=\"canonical\" href=\"https:\/\/ospoljcane.si\/nova\/jedilnik-in-prehrana\/\" \/>\n<meta property=\"og:locale\" content=\"sl_SI\" \/>\n<meta property=\"og:type\" content=\"article\" \/>\n<meta property=\"og:title\" content=\"O prehrani - Osnovna \u0161ola Kajetana Kovi\u010da Polj\u010dane\" \/>\n<meta property=\"og:description\" content=\"Izvedite vse podrobnosti o prehrani na Osnovni \u0161oli Kajetana Kovi\u010da Polj\u010dane.\" \/>\n<meta property=\"og:url\" content=\"https:\/\/ospoljcane.si\/nova\/jedilnik-in-prehrana\/\" \/>\n<meta property=\"og:site_name\" content=\"Osnovna \u0161ola Kajetana Kovi\u010da Polj\u010dane\" \/>\n<meta property=\"article:modified_time\" content=\"2025-10-23T06:37:19+00:00\" \/>\n<meta name=\"twitter:card\" content=\"summary_large_image\" \/>\n<meta name=\"twitter:label1\" content=\"Est. reading time\" \/>\n\t<meta name=\"twitter:data1\" content=\"3 minute\" \/>\n<script type=\"application\/ld+json\" class=\"yoast-schema-graph\">{\"@context\":\"https:\\\/\\\/schema.org\",\"@graph\":[{\"@type\":\"WebPage\",\"@id\":\"https:\\\/\\\/ospoljcane.si\\\/nova\\\/jedilnik-in-prehrana\\\/\",\"url\":\"https:\\\/\\\/ospoljcane.si\\\/nova\\\/jedilnik-in-prehrana\\\/\",\"name\":\"O prehrani - Osnovna \u0161ola Kajetana Kovi\u010da Polj\u010dane\",\"isPartOf\":{\"@id\":\"https:\\\/\\\/ospoljcane.si\\\/nova\\\/#website\"},\"datePublished\":\"2020-12-27T17:42:35+00:00\",\"dateModified\":\"2025-10-23T06:37:19+00:00\",\"description\":\"Izvedite vse podrobnosti o prehrani na Osnovni \u0161oli Kajetana Kovi\u010da Polj\u010dane.\",\"breadcrumb\":{\"@id\":\"https:\\\/\\\/ospoljcane.si\\\/nova\\\/jedilnik-in-prehrana\\\/#breadcrumb\"},\"inLanguage\":\"sl-SI\",\"potentialAction\":[{\"@type\":\"ReadAction\",\"target\":[\"https:\\\/\\\/ospoljcane.si\\\/nova\\\/jedilnik-in-prehrana\\\/\"]}]},{\"@type\":\"BreadcrumbList\",\"@id\":\"https:\\\/\\\/ospoljcane.si\\\/nova\\\/jedilnik-in-prehrana\\\/#breadcrumb\",\"itemListElement\":[{\"@type\":\"ListItem\",\"position\":1,\"name\":\"Domov\",\"item\":\"https:\\\/\\\/ospoljcane.si\\\/nova\\\/\"},{\"@type\":\"ListItem\",\"position\":2,\"name\":\"O prehrani\"}]},{\"@type\":\"WebSite\",\"@id\":\"https:\\\/\\\/ospoljcane.si\\\/nova\\\/#website\",\"url\":\"https:\\\/\\\/ospoljcane.si\\\/nova\\\/\",\"name\":\"Osnovna \u0161ola Kajetana Kovi\u010da Polj\u010dane\",\"description\":\"\",\"publisher\":{\"@id\":\"https:\\\/\\\/ospoljcane.si\\\/nova\\\/#organization\"},\"potentialAction\":[{\"@type\":\"SearchAction\",\"target\":{\"@type\":\"EntryPoint\",\"urlTemplate\":\"https:\\\/\\\/ospoljcane.si\\\/nova\\\/?s={search_term_string}\"},\"query-input\":{\"@type\":\"PropertyValueSpecification\",\"valueRequired\":true,\"valueName\":\"search_term_string\"}}],\"inLanguage\":\"sl-SI\"},{\"@type\":\"Organization\",\"@id\":\"https:\\\/\\\/ospoljcane.si\\\/nova\\\/#organization\",\"name\":\"Osnovna \u0161ola Kajetana Kovi\u010da Polj\u010dane\",\"url\":\"https:\\\/\\\/ospoljcane.si\\\/nova\\\/\",\"logo\":{\"@type\":\"ImageObject\",\"inLanguage\":\"sl-SI\",\"@id\":\"https:\\\/\\\/ospoljcane.si\\\/nova\\\/#\\\/schema\\\/logo\\\/image\\\/\",\"url\":\"https:\\\/\\\/ospoljcane.si\\\/nova\\\/wp-content\\\/uploads\\\/2020\\\/12\\\/cropped-cropped-Logotip-sole-2016_3G-1-1.png\",\"contentUrl\":\"https:\\\/\\\/ospoljcane.si\\\/nova\\\/wp-content\\\/uploads\\\/2020\\\/12\\\/cropped-cropped-Logotip-sole-2016_3G-1-1.png\",\"width\":512,\"height\":512,\"caption\":\"Osnovna \u0161ola Kajetana Kovi\u010da Polj\u010dane\"},\"image\":{\"@id\":\"https:\\\/\\\/ospoljcane.si\\\/nova\\\/#\\\/schema\\\/logo\\\/image\\\/\"}}]}<\/script>\n<!-- \/ Yoast SEO plugin. -->","yoast_head_json":{"title":"O prehrani - Osnovna \u0161ola Kajetana Kovi\u010da Polj\u010dane","description":"Izvedite vse podrobnosti o prehrani na Osnovni \u0161oli Kajetana Kovi\u010da Polj\u010dane.","robots":{"index":"index","follow":"follow","max-snippet":"max-snippet:-1","max-image-preview":"max-image-preview:large","max-video-preview":"max-video-preview:-1"},"canonical":"https:\/\/ospoljcane.si\/nova\/jedilnik-in-prehrana\/","og_locale":"sl_SI","og_type":"article","og_title":"O prehrani - Osnovna \u0161ola Kajetana Kovi\u010da Polj\u010dane","og_description":"Izvedite vse podrobnosti o prehrani na Osnovni \u0161oli Kajetana Kovi\u010da Polj\u010dane.","og_url":"https:\/\/ospoljcane.si\/nova\/jedilnik-in-prehrana\/","og_site_name":"Osnovna \u0161ola Kajetana Kovi\u010da Polj\u010dane","article_modified_time":"2025-10-23T06:37:19+00:00","twitter_card":"summary_large_image","twitter_misc":{"Est. reading time":"3 minute"},"schema":{"@context":"https:\/\/schema.org","@graph":[{"@type":"WebPage","@id":"https:\/\/ospoljcane.si\/nova\/jedilnik-in-prehrana\/","url":"https:\/\/ospoljcane.si\/nova\/jedilnik-in-prehrana\/","name":"O prehrani - Osnovna \u0161ola Kajetana Kovi\u010da Polj\u010dane","isPartOf":{"@id":"https:\/\/ospoljcane.si\/nova\/#website"},"datePublished":"2020-12-27T17:42:35+00:00","dateModified":"2025-10-23T06:37:19+00:00","description":"Izvedite vse podrobnosti o prehrani na Osnovni \u0161oli Kajetana Kovi\u010da Polj\u010dane.","breadcrumb":{"@id":"https:\/\/ospoljcane.si\/nova\/jedilnik-in-prehrana\/#breadcrumb"},"inLanguage":"sl-SI","potentialAction":[{"@type":"ReadAction","target":["https:\/\/ospoljcane.si\/nova\/jedilnik-in-prehrana\/"]}]},{"@type":"BreadcrumbList","@id":"https:\/\/ospoljcane.si\/nova\/jedilnik-in-prehrana\/#breadcrumb","itemListElement":[{"@type":"ListItem","position":1,"name":"Domov","item":"https:\/\/ospoljcane.si\/nova\/"},{"@type":"ListItem","position":2,"name":"O prehrani"}]},{"@type":"WebSite","@id":"https:\/\/ospoljcane.si\/nova\/#website","url":"https:\/\/ospoljcane.si\/nova\/","name":"Osnovna \u0161ola Kajetana Kovi\u010da Polj\u010dane","description":"","publisher":{"@id":"https:\/\/ospoljcane.si\/nova\/#organization"},"potentialAction":[{"@type":"SearchAction","target":{"@type":"EntryPoint","urlTemplate":"https:\/\/ospoljcane.si\/nova\/?s={search_term_string}"},"query-input":{"@type":"PropertyValueSpecification","valueRequired":true,"valueName":"search_term_string"}}],"inLanguage":"sl-SI"},{"@type":"Organization","@id":"https:\/\/ospoljcane.si\/nova\/#organization","name":"Osnovna \u0161ola Kajetana Kovi\u010da Polj\u010dane","url":"https:\/\/ospoljcane.si\/nova\/","logo":{"@type":"ImageObject","inLanguage":"sl-SI","@id":"https:\/\/ospoljcane.si\/nova\/#\/schema\/logo\/image\/","url":"https:\/\/ospoljcane.si\/nova\/wp-content\/uploads\/2020\/12\/cropped-cropped-Logotip-sole-2016_3G-1-1.png","contentUrl":"https:\/\/ospoljcane.si\/nova\/wp-content\/uploads\/2020\/12\/cropped-cropped-Logotip-sole-2016_3G-1-1.png","width":512,"height":512,"caption":"Osnovna \u0161ola Kajetana Kovi\u010da Polj\u010dane"},"image":{"@id":"https:\/\/ospoljcane.si\/nova\/#\/schema\/logo\/image\/"}}]}},"_links":{"self":[{"href":"https:\/\/ospoljcane.si\/nova\/wp-json\/wp\/v2\/pages\/1154","targetHints":{"allow":["GET"]}}],"collection":[{"href":"https:\/\/ospoljcane.si\/nova\/wp-json\/wp\/v2\/pages"}],"about":[{"href":"https:\/\/ospoljcane.si\/nova\/wp-json\/wp\/v2\/types\/page"}],"author":[{"embeddable":true,"href":"https:\/\/ospoljcane.si\/nova\/wp-json\/wp\/v2\/users\/1"}],"replies":[{"embeddable":true,"href":"https:\/\/ospoljcane.si\/nova\/wp-json\/wp\/v2\/comments?post=1154"}],"version-history":[{"count":55,"href":"https:\/\/ospoljcane.si\/nova\/wp-json\/wp\/v2\/pages\/1154\/revisions"}],"predecessor-version":[{"id":23099,"href":"https:\/\/ospoljcane.si\/nova\/wp-json\/wp\/v2\/pages\/1154\/revisions\/23099"}],"wp:attachment":[{"href":"https:\/\/ospoljcane.si\/nova\/wp-json\/wp\/v2\/media?parent=1154"}],"curies":[{"name":"wp","href":"https:\/\/api.w.org\/{rel}","templated":true}]}}