{"id":11057,"date":"2022-10-24T11:24:44","date_gmt":"2022-10-24T09:24:44","guid":{"rendered":"http:\/\/ospoljcane.si\/nova\/?page_id=11057"},"modified":"2022-10-24T11:27:55","modified_gmt":"2022-10-24T09:27:55","slug":"1-srecanje-v-okviru-projekta-medgeneracijsko-branje","status":"publish","type":"page","link":"https:\/\/ospoljcane.si\/nova\/medgeneracijsko-branje\/1-srecanje-v-okviru-projekta-medgeneracijsko-branje\/","title":{"rendered":"1. sre\u010danje v okviru projekta Medgeneracijsko branje"},"content":{"rendered":"\t\t<div data-elementor-type=\"wp-page\" data-elementor-id=\"11057\" class=\"elementor elementor-11057\" data-elementor-post-type=\"page\">\n\t\t\t\t\t\t<section class=\"elementor-section elementor-top-section elementor-element elementor-element-15cd3f7 elementor-section-boxed elementor-section-height-default elementor-section-height-default\" data-id=\"15cd3f7\" data-element_type=\"section\" data-e-type=\"section\">\n\t\t\t\t\t\t<div class=\"elementor-container elementor-column-gap-default\">\n\t\t\t\t\t<div class=\"elementor-column elementor-col-100 elementor-top-column elementor-element elementor-element-1fb00d3\" data-id=\"1fb00d3\" data-element_type=\"column\" data-e-type=\"column\">\n\t\t\t<div class=\"elementor-widget-wrap elementor-element-populated\">\n\t\t\t\t\t\t<div class=\"elementor-element elementor-element-fc2b5de elementor-widget elementor-widget-text-editor\" data-id=\"fc2b5de\" data-element_type=\"widget\" data-e-type=\"widget\" data-widget_type=\"text-editor.default\">\n\t\t\t\t<div class=\"elementor-widget-container\">\n\t\t\t\t\t\t\t\t\t<p class=\"MsoNormal\" style=\"margin-bottom: 0.0001pt; line-height: normal; vertical-align: baseline;\"><span style=\"font-size: 12.0pt; font-family: 'Times New Roman',serif; mso-fareast-font-family: 'Times New Roman'; mso-fareast-language: SL;\">Dru\u0161tvo Bralna zna\u010dka Slovenije je v sodelovanju z Javno agencijo za knjigo Republike Slovenije osnovala projekt \u00bb<b>Medgeneracijsko povezovanje ob literarnih delih, ki so namenjena najstnikom in odraslim<\/b>\u00ab katerega namen je povezati skupine mladih bralcev iz osnovnih \u0161ol ter odrasle bralce v istem kraju. <\/span><\/p><p class=\"MsoNormal\" style=\"margin-bottom: 0.0001pt; line-height: normal; vertical-align: baseline;\"><b><span style=\"font-size: 12.0pt; font-family: 'Times New Roman',serif; mso-fareast-font-family: 'Times New Roman'; mso-fareast-language: SL;\">Osrednji cilji projekta so:<\/span><\/b><\/p><p class=\"MsoNormal\" style=\"margin: 0cm 0cm 0.0001pt; text-indent: -18pt; line-height: normal; vertical-align: baseline;\"><!-- [if !supportLists]--><span style=\"font-size: 10.0pt; mso-bidi-font-size: 12.0pt; font-family: Symbol; mso-fareast-font-family: Symbol; mso-bidi-font-family: Symbol; mso-fareast-language: SL;\">\u00b7<span style=\"font-variant-numeric: normal; font-variant-east-asian: normal; font-stretch: normal; font-size: 7pt; line-height: normal; font-family: 'Times New Roman';\">\u00a0\u00a0\u00a0\u00a0\u00a0\u00a0\u00a0 <\/span><\/span><!--[endif]--><span style=\"font-size: 12.0pt; font-family: 'Times New Roman',serif; mso-fareast-font-family: 'Times New Roman'; mso-fareast-language: SL;\">spodbujati medgeneracijsko branje literature,<\/span><\/p><p class=\"MsoNormal\" style=\"margin: 0cm 0cm 0.0001pt; text-indent: -18pt; line-height: normal; vertical-align: baseline;\"><!-- [if !supportLists]--><span style=\"font-size: 10.0pt; mso-bidi-font-size: 12.0pt; font-family: Symbol; mso-fareast-font-family: Symbol; mso-bidi-font-family: Symbol; mso-fareast-language: SL;\">\u00b7<span style=\"font-variant-numeric: normal; font-variant-east-asian: normal; font-stretch: normal; font-size: 7pt; line-height: normal; font-family: 'Times New Roman';\">\u00a0\u00a0\u00a0\u00a0\u00a0\u00a0\u00a0 <\/span><\/span><!--[endif]--><span style=\"font-size: 12.0pt; font-family: 'Times New Roman',serif; mso-fareast-font-family: 'Times New Roman'; mso-fareast-language: SL;\">promovirati kakovostno mladinsko literaturo,<\/span><\/p><p class=\"MsoNormal\" style=\"margin: 0cm 0cm 0.0001pt; text-indent: -18pt; line-height: normal; vertical-align: baseline;\"><!-- [if !supportLists]--><span style=\"font-size: 10.0pt; mso-bidi-font-size: 12.0pt; font-family: Symbol; mso-fareast-font-family: Symbol; mso-bidi-font-family: Symbol; mso-fareast-language: SL;\">\u00b7<span style=\"font-variant-numeric: normal; font-variant-east-asian: normal; font-stretch: normal; font-size: 7pt; line-height: normal; font-family: 'Times New Roman';\">\u00a0\u00a0\u00a0\u00a0\u00a0\u00a0\u00a0 <\/span><\/span><!--[endif]--><span style=\"font-size: 12.0pt; font-family: 'Times New Roman',serif; mso-fareast-font-family: 'Times New Roman'; mso-fareast-language: SL;\">senzibilizirati obe starostni skupini bralcev za teme in probleme, ki jih obravnavajo ta literarna dela, jih primerjati s podobnimi besedili, izmenjevati mnenja o literaturi (tudi s pomo\u010djo osebnih izku\u0161enj, obujanj spominov) ter tako stkati medgeneracijsko izmenjavo in povezovanje.<\/span><\/p><p class=\"MsoNormal\" style=\"line-height: normal;\"><span style=\"font-size: 12.0pt; font-family: 'Times New Roman',serif;\">\u00a0<\/span><\/p><p class=\"MsoNormal\" style=\"line-height: normal;\"><span style=\"font-size: 12.0pt; font-family: 'Times New Roman',serif;\">Na na\u0161i \u0161oli se letos drugi\u010d pridru\u017eujemo temu projektu in tokrat sodeluje 6 dru\u017ein.<\/span><\/p><p class=\"MsoNormal\" style=\"line-height: normal;\"><span style=\"font-size: 12.0pt; font-family: 'Times New Roman',serif;\">V \u010detrtek, 20. 10. 2022, je bilo prvo sre\u010danje v okviru zgoraj omenjenega projekta. Prebirali smo pesni\u0161ko zbirko Ferija Lain\u0161\u010dka NE. <\/span><\/p><p class=\"MsoNormal\" style=\"line-height: normal;\"><span style=\"font-size: 12.0pt; font-family: 'Times New Roman',serif;\">U\u010denci in star\u0161i so v septembru prejeli knjigo ter bralni dnevnik, ki so ga skupaj izpolnjevali in je na sre\u010danju slu\u017eil kot osnova za pogovor. Najprej smo se pogovarjali o poeziji, si izmenjali mnenja o drugih pesni\u0161kih zbirkah ter se navdu\u0161evali nad manj znanimi avtorji. Nekateri u\u010denci pa so celo predstavili svoje pesmi. Nato so se star\u0161i in u\u010denci prelevili v pesnike, ustvarili vsak svoj verz, potem s skupnimi mo\u010dmi zlo\u017eili verze v celoto in nastala je sestavljena pesem. Nato so u\u010denci sami dali pobudo, da v 10 minutah napi\u0161ejo svojo pesem, ki so jo potem zelo do\u017eiveto zarepali. <\/span><\/p><p class=\"MsoNormal\" style=\"line-height: normal;\"><span style=\"font-size: 12.0pt; font-family: 'Times New Roman',serif;\">Sre\u010danje je potekalo v zelo spro\u0161\u010denem in prijetnem vzdu\u0161ju. <\/span><span style=\"font-size: 12.0pt; font-family: 'Times New Roman',serif; mso-fareast-font-family: 'Times New Roman'; letter-spacing: .4pt; mso-fareast-language: SL;\">Vsi skupaj smo se strinjali, da je izbor te pesni\u0161ke zbirke za tak\u0161no sre\u010danje ve\u010d kot odli\u010den, saj je knjiga zanimiva tako za najstnike, ki se soo\u010dajo z uporni\u0161tvom, spremembami ter iskanjem svojega prostora pod soncem kot tudi za njihove star\u0161e, da se spomnijo lastnih mladostni\u0161kih te\u017eav in jih umestijo v sedanji \u010das.<\/span><\/p><p>\u00a0<\/p><p class=\"MsoNormal\" style=\"line-height: normal;\"><span style=\"font-size: 12.0pt; font-family: 'Times New Roman',serif;\">Na koncu smo se skupaj odlo\u010dili, da bomo v prihodnje prebirali knjigo Vinka M\u00f6derndorferja Kit na pla\u017ei.<\/span><\/p>\t\t\t\t\t\t\t\t<\/div>\n\t\t\t\t<\/div>\n\t\t\t\t\t<\/div>\n\t\t<\/div>\n\t\t\t\t\t<\/div>\n\t\t<\/section>\n\t\t\t\t<section class=\"elementor-section elementor-top-section elementor-element elementor-element-0f5543d elementor-section-boxed elementor-section-height-default elementor-section-height-default\" data-id=\"0f5543d\" data-element_type=\"section\" data-e-type=\"section\">\n\t\t\t\t\t\t<div class=\"elementor-container elementor-column-gap-default\">\n\t\t\t\t\t<div class=\"elementor-column elementor-col-100 elementor-top-column elementor-element elementor-element-058025e\" data-id=\"058025e\" data-element_type=\"column\" data-e-type=\"column\">\n\t\t\t<div class=\"elementor-widget-wrap elementor-element-populated\">\n\t\t\t\t\t\t<div class=\"elementor-element elementor-element-4592909 elementor-widget elementor-widget-image\" data-id=\"4592909\" data-element_type=\"widget\" data-e-type=\"widget\" data-widget_type=\"image.default\">\n\t\t\t\t<div class=\"elementor-widget-container\">\n\t\t\t\t\t\t\t\t\t\t\t\t\t\t\t<img fetchpriority=\"high\" decoding=\"async\" width=\"225\" height=\"300\" src=\"https:\/\/ospoljcane.si\/nova\/wp-content\/uploads\/2022\/10\/ne-e1666545507915-225x300.jpg\" class=\"attachment-medium size-medium wp-image-11038\" alt=\"\" srcset=\"https:\/\/ospoljcane.si\/nova\/wp-content\/uploads\/2022\/10\/ne-e1666545507915-225x300.jpg 225w, https:\/\/ospoljcane.si\/nova\/wp-content\/uploads\/2022\/10\/ne-e1666545507915.jpg 446w\" sizes=\"(max-width: 225px) 100vw, 225px\" \/>\t\t\t\t\t\t\t\t\t\t\t\t\t\t\t<\/div>\n\t\t\t\t<\/div>\n\t\t\t\t\t<\/div>\n\t\t<\/div>\n\t\t\t\t\t<\/div>\n\t\t<\/section>\n\t\t\t\t<section class=\"elementor-section elementor-top-section elementor-element elementor-element-88fd60b elementor-section-boxed elementor-section-height-default elementor-section-height-default\" data-id=\"88fd60b\" data-element_type=\"section\" data-e-type=\"section\">\n\t\t\t\t\t\t<div class=\"elementor-container elementor-column-gap-default\">\n\t\t\t\t\t<div class=\"elementor-column elementor-col-100 elementor-top-column elementor-element elementor-element-e0870d3\" data-id=\"e0870d3\" data-element_type=\"column\" data-e-type=\"column\">\n\t\t\t<div class=\"elementor-widget-wrap elementor-element-populated\">\n\t\t\t\t\t\t<div class=\"elementor-element elementor-element-074ce0d elementor-widget elementor-widget-text-editor\" data-id=\"074ce0d\" data-element_type=\"widget\" data-e-type=\"widget\" data-widget_type=\"text-editor.default\">\n\t\t\t\t<div class=\"elementor-widget-container\">\n\t\t\t\t\t\t\t\t\t<p class=\"MsoNormal\" align=\"right\" style=\"text-align:right;line-height:normal\"><span style=\"font-family:&quot;Times New Roman&quot;,serif\">Zapisala in fotografirala Polona\nBorn\u0161ek<\/span><span style=\"font-size:12.0pt;font-family:&quot;Times New Roman&quot;,serif\"><o:p><\/o:p><\/span><\/p>\t\t\t\t\t\t\t\t<\/div>\n\t\t\t\t<\/div>\n\t\t\t\t\t<\/div>\n\t\t<\/div>\n\t\t\t\t\t<\/div>\n\t\t<\/section>\n\t\t\t\t<\/div>\n\t\t","protected":false},"excerpt":{"rendered":"<p>Dru\u0161tvo Bralna zna\u010dka Slovenije je v sodelovanju z Javno agencijo za knjigo Republike Slovenije osnovala projekt \u00bbMedgeneracijsko povezovanje ob literarnih delih, ki so namenjena najstnikom &hellip; <\/p>\n","protected":false},"author":6,"featured_media":0,"parent":11051,"menu_order":0,"comment_status":"closed","ping_status":"closed","template":"","meta":{"footnotes":""},"class_list":["post-11057","page","type-page","status-publish","hentry","image-hover-transition-effect","latest_post"],"yoast_head":"<!-- This site is optimized with the Yoast SEO plugin v27.4 - https:\/\/yoast.com\/product\/yoast-seo-wordpress\/ -->\n<title>1. sre\u010danje v okviru projekta Medgeneracijsko branje - Osnovna \u0161ola Kajetana Kovi\u010da Polj\u010dane<\/title>\n<meta name=\"robots\" content=\"index, follow, max-snippet:-1, max-image-preview:large, max-video-preview:-1\" \/>\n<link rel=\"canonical\" href=\"https:\/\/ospoljcane.si\/nova\/medgeneracijsko-branje\/1-srecanje-v-okviru-projekta-medgeneracijsko-branje\/\" \/>\n<meta property=\"og:locale\" content=\"sl_SI\" \/>\n<meta property=\"og:type\" content=\"article\" \/>\n<meta property=\"og:title\" content=\"1. sre\u010danje v okviru projekta Medgeneracijsko branje - Osnovna \u0161ola Kajetana Kovi\u010da Polj\u010dane\" \/>\n<meta property=\"og:description\" content=\"Dru\u0161tvo Bralna zna\u010dka Slovenije je v sodelovanju z Javno agencijo za knjigo Republike Slovenije osnovala projekt \u00bbMedgeneracijsko povezovanje ob literarnih delih, ki so namenjena najstnikom &hellip;\" \/>\n<meta property=\"og:url\" content=\"https:\/\/ospoljcane.si\/nova\/medgeneracijsko-branje\/1-srecanje-v-okviru-projekta-medgeneracijsko-branje\/\" \/>\n<meta property=\"og:site_name\" content=\"Osnovna \u0161ola Kajetana Kovi\u010da Polj\u010dane\" \/>\n<meta property=\"article:modified_time\" content=\"2022-10-24T09:27:55+00:00\" \/>\n<meta property=\"og:image\" content=\"http:\/\/ospoljcane.si\/nova\/wp-content\/uploads\/2022\/10\/ne-e1666545507915-225x300.jpg\" \/>\n<meta name=\"twitter:card\" content=\"summary_large_image\" \/>\n<meta name=\"twitter:label1\" content=\"Est. reading time\" \/>\n\t<meta name=\"twitter:data1\" content=\"2 minuti\" \/>\n<script type=\"application\/ld+json\" class=\"yoast-schema-graph\">{\"@context\":\"https:\\\/\\\/schema.org\",\"@graph\":[{\"@type\":\"WebPage\",\"@id\":\"https:\\\/\\\/ospoljcane.si\\\/nova\\\/medgeneracijsko-branje\\\/1-srecanje-v-okviru-projekta-medgeneracijsko-branje\\\/\",\"url\":\"https:\\\/\\\/ospoljcane.si\\\/nova\\\/medgeneracijsko-branje\\\/1-srecanje-v-okviru-projekta-medgeneracijsko-branje\\\/\",\"name\":\"1. sre\u010danje v okviru projekta Medgeneracijsko branje - Osnovna \u0161ola Kajetana Kovi\u010da Polj\u010dane\",\"isPartOf\":{\"@id\":\"https:\\\/\\\/ospoljcane.si\\\/nova\\\/#website\"},\"primaryImageOfPage\":{\"@id\":\"https:\\\/\\\/ospoljcane.si\\\/nova\\\/medgeneracijsko-branje\\\/1-srecanje-v-okviru-projekta-medgeneracijsko-branje\\\/#primaryimage\"},\"image\":{\"@id\":\"https:\\\/\\\/ospoljcane.si\\\/nova\\\/medgeneracijsko-branje\\\/1-srecanje-v-okviru-projekta-medgeneracijsko-branje\\\/#primaryimage\"},\"thumbnailUrl\":\"http:\\\/\\\/ospoljcane.si\\\/nova\\\/wp-content\\\/uploads\\\/2022\\\/10\\\/ne-e1666545507915-225x300.jpg\",\"datePublished\":\"2022-10-24T09:24:44+00:00\",\"dateModified\":\"2022-10-24T09:27:55+00:00\",\"breadcrumb\":{\"@id\":\"https:\\\/\\\/ospoljcane.si\\\/nova\\\/medgeneracijsko-branje\\\/1-srecanje-v-okviru-projekta-medgeneracijsko-branje\\\/#breadcrumb\"},\"inLanguage\":\"sl-SI\",\"potentialAction\":[{\"@type\":\"ReadAction\",\"target\":[\"https:\\\/\\\/ospoljcane.si\\\/nova\\\/medgeneracijsko-branje\\\/1-srecanje-v-okviru-projekta-medgeneracijsko-branje\\\/\"]}]},{\"@type\":\"ImageObject\",\"inLanguage\":\"sl-SI\",\"@id\":\"https:\\\/\\\/ospoljcane.si\\\/nova\\\/medgeneracijsko-branje\\\/1-srecanje-v-okviru-projekta-medgeneracijsko-branje\\\/#primaryimage\",\"url\":\"https:\\\/\\\/ospoljcane.si\\\/nova\\\/wp-content\\\/uploads\\\/2022\\\/10\\\/ne-e1666545507915.jpg\",\"contentUrl\":\"https:\\\/\\\/ospoljcane.si\\\/nova\\\/wp-content\\\/uploads\\\/2022\\\/10\\\/ne-e1666545507915.jpg\",\"width\":446,\"height\":594},{\"@type\":\"BreadcrumbList\",\"@id\":\"https:\\\/\\\/ospoljcane.si\\\/nova\\\/medgeneracijsko-branje\\\/1-srecanje-v-okviru-projekta-medgeneracijsko-branje\\\/#breadcrumb\",\"itemListElement\":[{\"@type\":\"ListItem\",\"position\":1,\"name\":\"Domov\",\"item\":\"https:\\\/\\\/ospoljcane.si\\\/nova\\\/\"},{\"@type\":\"ListItem\",\"position\":2,\"name\":\"Medgeneracijsko branje\",\"item\":\"https:\\\/\\\/ospoljcane.si\\\/nova\\\/medgeneracijsko-branje\\\/\"},{\"@type\":\"ListItem\",\"position\":3,\"name\":\"1. sre\u010danje v okviru projekta Medgeneracijsko branje\"}]},{\"@type\":\"WebSite\",\"@id\":\"https:\\\/\\\/ospoljcane.si\\\/nova\\\/#website\",\"url\":\"https:\\\/\\\/ospoljcane.si\\\/nova\\\/\",\"name\":\"Osnovna \u0161ola Kajetana Kovi\u010da Polj\u010dane\",\"description\":\"\",\"publisher\":{\"@id\":\"https:\\\/\\\/ospoljcane.si\\\/nova\\\/#organization\"},\"potentialAction\":[{\"@type\":\"SearchAction\",\"target\":{\"@type\":\"EntryPoint\",\"urlTemplate\":\"https:\\\/\\\/ospoljcane.si\\\/nova\\\/?s={search_term_string}\"},\"query-input\":{\"@type\":\"PropertyValueSpecification\",\"valueRequired\":true,\"valueName\":\"search_term_string\"}}],\"inLanguage\":\"sl-SI\"},{\"@type\":\"Organization\",\"@id\":\"https:\\\/\\\/ospoljcane.si\\\/nova\\\/#organization\",\"name\":\"Osnovna \u0161ola Kajetana Kovi\u010da Polj\u010dane\",\"url\":\"https:\\\/\\\/ospoljcane.si\\\/nova\\\/\",\"logo\":{\"@type\":\"ImageObject\",\"inLanguage\":\"sl-SI\",\"@id\":\"https:\\\/\\\/ospoljcane.si\\\/nova\\\/#\\\/schema\\\/logo\\\/image\\\/\",\"url\":\"https:\\\/\\\/ospoljcane.si\\\/nova\\\/wp-content\\\/uploads\\\/2020\\\/12\\\/cropped-cropped-Logotip-sole-2016_3G-1-1.png\",\"contentUrl\":\"https:\\\/\\\/ospoljcane.si\\\/nova\\\/wp-content\\\/uploads\\\/2020\\\/12\\\/cropped-cropped-Logotip-sole-2016_3G-1-1.png\",\"width\":512,\"height\":512,\"caption\":\"Osnovna \u0161ola Kajetana Kovi\u010da Polj\u010dane\"},\"image\":{\"@id\":\"https:\\\/\\\/ospoljcane.si\\\/nova\\\/#\\\/schema\\\/logo\\\/image\\\/\"}}]}<\/script>\n<!-- \/ Yoast SEO plugin. -->","yoast_head_json":{"title":"1. sre\u010danje v okviru projekta Medgeneracijsko branje - Osnovna \u0161ola Kajetana Kovi\u010da Polj\u010dane","robots":{"index":"index","follow":"follow","max-snippet":"max-snippet:-1","max-image-preview":"max-image-preview:large","max-video-preview":"max-video-preview:-1"},"canonical":"https:\/\/ospoljcane.si\/nova\/medgeneracijsko-branje\/1-srecanje-v-okviru-projekta-medgeneracijsko-branje\/","og_locale":"sl_SI","og_type":"article","og_title":"1. sre\u010danje v okviru projekta Medgeneracijsko branje - Osnovna \u0161ola Kajetana Kovi\u010da Polj\u010dane","og_description":"Dru\u0161tvo Bralna zna\u010dka Slovenije je v sodelovanju z Javno agencijo za knjigo Republike Slovenije osnovala projekt \u00bbMedgeneracijsko povezovanje ob literarnih delih, ki so namenjena najstnikom &hellip;","og_url":"https:\/\/ospoljcane.si\/nova\/medgeneracijsko-branje\/1-srecanje-v-okviru-projekta-medgeneracijsko-branje\/","og_site_name":"Osnovna \u0161ola Kajetana Kovi\u010da Polj\u010dane","article_modified_time":"2022-10-24T09:27:55+00:00","og_image":[{"url":"http:\/\/ospoljcane.si\/nova\/wp-content\/uploads\/2022\/10\/ne-e1666545507915-225x300.jpg","type":"","width":"","height":""}],"twitter_card":"summary_large_image","twitter_misc":{"Est. reading time":"2 minuti"},"schema":{"@context":"https:\/\/schema.org","@graph":[{"@type":"WebPage","@id":"https:\/\/ospoljcane.si\/nova\/medgeneracijsko-branje\/1-srecanje-v-okviru-projekta-medgeneracijsko-branje\/","url":"https:\/\/ospoljcane.si\/nova\/medgeneracijsko-branje\/1-srecanje-v-okviru-projekta-medgeneracijsko-branje\/","name":"1. sre\u010danje v okviru projekta Medgeneracijsko branje - Osnovna \u0161ola Kajetana Kovi\u010da Polj\u010dane","isPartOf":{"@id":"https:\/\/ospoljcane.si\/nova\/#website"},"primaryImageOfPage":{"@id":"https:\/\/ospoljcane.si\/nova\/medgeneracijsko-branje\/1-srecanje-v-okviru-projekta-medgeneracijsko-branje\/#primaryimage"},"image":{"@id":"https:\/\/ospoljcane.si\/nova\/medgeneracijsko-branje\/1-srecanje-v-okviru-projekta-medgeneracijsko-branje\/#primaryimage"},"thumbnailUrl":"http:\/\/ospoljcane.si\/nova\/wp-content\/uploads\/2022\/10\/ne-e1666545507915-225x300.jpg","datePublished":"2022-10-24T09:24:44+00:00","dateModified":"2022-10-24T09:27:55+00:00","breadcrumb":{"@id":"https:\/\/ospoljcane.si\/nova\/medgeneracijsko-branje\/1-srecanje-v-okviru-projekta-medgeneracijsko-branje\/#breadcrumb"},"inLanguage":"sl-SI","potentialAction":[{"@type":"ReadAction","target":["https:\/\/ospoljcane.si\/nova\/medgeneracijsko-branje\/1-srecanje-v-okviru-projekta-medgeneracijsko-branje\/"]}]},{"@type":"ImageObject","inLanguage":"sl-SI","@id":"https:\/\/ospoljcane.si\/nova\/medgeneracijsko-branje\/1-srecanje-v-okviru-projekta-medgeneracijsko-branje\/#primaryimage","url":"https:\/\/ospoljcane.si\/nova\/wp-content\/uploads\/2022\/10\/ne-e1666545507915.jpg","contentUrl":"https:\/\/ospoljcane.si\/nova\/wp-content\/uploads\/2022\/10\/ne-e1666545507915.jpg","width":446,"height":594},{"@type":"BreadcrumbList","@id":"https:\/\/ospoljcane.si\/nova\/medgeneracijsko-branje\/1-srecanje-v-okviru-projekta-medgeneracijsko-branje\/#breadcrumb","itemListElement":[{"@type":"ListItem","position":1,"name":"Domov","item":"https:\/\/ospoljcane.si\/nova\/"},{"@type":"ListItem","position":2,"name":"Medgeneracijsko branje","item":"https:\/\/ospoljcane.si\/nova\/medgeneracijsko-branje\/"},{"@type":"ListItem","position":3,"name":"1. sre\u010danje v okviru projekta Medgeneracijsko branje"}]},{"@type":"WebSite","@id":"https:\/\/ospoljcane.si\/nova\/#website","url":"https:\/\/ospoljcane.si\/nova\/","name":"Osnovna \u0161ola Kajetana Kovi\u010da Polj\u010dane","description":"","publisher":{"@id":"https:\/\/ospoljcane.si\/nova\/#organization"},"potentialAction":[{"@type":"SearchAction","target":{"@type":"EntryPoint","urlTemplate":"https:\/\/ospoljcane.si\/nova\/?s={search_term_string}"},"query-input":{"@type":"PropertyValueSpecification","valueRequired":true,"valueName":"search_term_string"}}],"inLanguage":"sl-SI"},{"@type":"Organization","@id":"https:\/\/ospoljcane.si\/nova\/#organization","name":"Osnovna \u0161ola Kajetana Kovi\u010da Polj\u010dane","url":"https:\/\/ospoljcane.si\/nova\/","logo":{"@type":"ImageObject","inLanguage":"sl-SI","@id":"https:\/\/ospoljcane.si\/nova\/#\/schema\/logo\/image\/","url":"https:\/\/ospoljcane.si\/nova\/wp-content\/uploads\/2020\/12\/cropped-cropped-Logotip-sole-2016_3G-1-1.png","contentUrl":"https:\/\/ospoljcane.si\/nova\/wp-content\/uploads\/2020\/12\/cropped-cropped-Logotip-sole-2016_3G-1-1.png","width":512,"height":512,"caption":"Osnovna \u0161ola Kajetana Kovi\u010da Polj\u010dane"},"image":{"@id":"https:\/\/ospoljcane.si\/nova\/#\/schema\/logo\/image\/"}}]}},"_links":{"self":[{"href":"https:\/\/ospoljcane.si\/nova\/wp-json\/wp\/v2\/pages\/11057","targetHints":{"allow":["GET"]}}],"collection":[{"href":"https:\/\/ospoljcane.si\/nova\/wp-json\/wp\/v2\/pages"}],"about":[{"href":"https:\/\/ospoljcane.si\/nova\/wp-json\/wp\/v2\/types\/page"}],"author":[{"embeddable":true,"href":"https:\/\/ospoljcane.si\/nova\/wp-json\/wp\/v2\/users\/6"}],"replies":[{"embeddable":true,"href":"https:\/\/ospoljcane.si\/nova\/wp-json\/wp\/v2\/comments?post=11057"}],"version-history":[{"count":4,"href":"https:\/\/ospoljcane.si\/nova\/wp-json\/wp\/v2\/pages\/11057\/revisions"}],"predecessor-version":[{"id":11061,"href":"https:\/\/ospoljcane.si\/nova\/wp-json\/wp\/v2\/pages\/11057\/revisions\/11061"}],"up":[{"embeddable":true,"href":"https:\/\/ospoljcane.si\/nova\/wp-json\/wp\/v2\/pages\/11051"}],"wp:attachment":[{"href":"https:\/\/ospoljcane.si\/nova\/wp-json\/wp\/v2\/media?parent=11057"}],"curies":[{"name":"wp","href":"https:\/\/api.w.org\/{rel}","templated":true}]}}